{"id":9445,"date":"2025-08-07T17:05:42","date_gmt":"2025-08-07T16:05:42","guid":{"rendered":"https:\/\/www.la-academia-tango.net\/cms\/?page_id=9445"},"modified":"2026-04-14T10:34:01","modified_gmt":"2026-04-14T09:34:01","slug":"eric-jorissen-zu-gast","status":"publish","type":"page","link":"https:\/\/www.la-academia-tango.net\/cms\/eric-jorissen-zu-gast\/","title":{"rendered":"Eric Jorissen zu Gast"},"content":{"rendered":"<p>&nbsp;<\/p>\n<p style=\"text-align: center;\"><a href=\"https:\/\/www.la-academia-tango.net\/cms\/eric-jorisson\/\"><span style=\"font-size: 14pt;\"><strong><span style=\"color: #ff0000;\"><span style=\"font-size: 30px;\">\u00bb Eric J\u00f8rissen<\/span><\/span><\/strong><\/span><\/a><a href=\"https:\/\/www.la-academia-tango.net\/cms\/loco-motivo-deutsch\/\"><span style=\"font-size: 14pt;\"><strong><span style=\"color: #ff0000;\"><span style=\"font-size: 30px;\"><br \/>\n<\/span><\/span><\/strong><\/span><\/a><\/p>\n<p style=\"text-align: center;\"><span style=\"font-size: 18px;\">Was f\u00fcr eine Freude!<br \/>\nNach vielen Jahren ist es endlich wieder soweit \u2013 Eric, der charismatische Gr\u00fcnder des legend\u00e4ren El Corte in Nijmegen und einer der renommiertesten Tangolehrer Europas, kommt zu uns! <\/span><\/p>\n<p style=\"text-align: center;\"><span style=\"font-size: 18px;\">Wer Eric noch nicht kennt&#8230; er ist bekannt f\u00fcr\u00a0 geschmeidiges, elegantes und vielseitiges Tanzen in enger Umarmung, Tanzen auf kleinem Raum, Eleganz und Klarheit in der Bewegung, musikalisches Tanzen mit verspielten Details. Sein Unterricht ist witzig und kurzweilig. Die Unterrichtssprache ist Deutsch. Auf vielfachen Wunsch\u00a0 wird diesmal eine Canyengue- Einheit auf jeden Fall dabei sein.<\/span><\/p>\n<p style=\"text-align: center;\"><span style=\"font-size: 18px;\">Wenn dich diese Themen interessieren, bist du hier genau richtig. Melde dich an.<\/span><\/p>\n<p>&nbsp;<\/p>\n<p style=\"text-align: center;\"><strong><span style=\"font-size: 18px; color: #ff0000;\">Workshop &#x2665; \u00a0Seminar &#x2665; Milongas\u00a0<\/span><\/strong><\/p>\n<p style=\"text-align: center;\"><span style=\"font-size: 18px;\">Samstag, 18. | Sonntag, 19.|\u00a0 Montag, 20. <span style=\"font-size: 18px;\">April<\/span><br \/>\n<span style=\"font-size: 18px;\">in La academia Dresden<\/span><\/span><\/p>\n<p>&nbsp;<\/p>\n<p style=\"text-align: center;\"><span style=\"font-size: 18px; color: #ffffff;\"><span style=\"font-size: 14px;\">|<\/span><\/span><\/p>\n<p style=\"text-align: center;\"><span style=\"font-size: 18px; color: #ffffff;\"><span style=\"font-size: 14px;\">|<\/span><\/span><\/p>\n<pre style=\"text-align: center;\"><span style=\"font-family: 'comic sans ms', sans-serif; font-size: 27px; color: #ff0000;\">Zeitplan<\/span><\/pre>\n<p style=\"text-align: center;\"><span style=\"font-size: 14pt; color: #ffffff;\">|<\/span><\/p>\n<p style=\"text-align: center;\"><strong><span style=\"font-size: 20px;\">\u00a0Samstag <\/span><\/strong><\/p>\n<p style=\"text-align: center;\">19 -20 Uhr Workshop<\/p>\n<p style=\"text-align: center;\">20.30 Uhr Milonga<\/p>\n<p style=\"text-align: center;\">Bringt gern\u00a0 eine kulinarische Leckerei f\u00fcr ein Mitbring-Buffet mit<\/p>\n<p>&nbsp;<\/p>\n<p style=\"text-align: center;\"><strong><span style=\"font-size: 20px;\">\u00a0Sonntag<\/span><\/strong><\/p>\n<p style=\"text-align: center;\">13.00 &#8211; 16.30 Uhr Seminar mit einer Pause und die letzte halbe Stunde ist Praktika<\/p>\n<p style=\"text-align: center;\">17 &#8211; 20 Uhr TangoPralin\u00e9<\/p>\n<p style=\"text-align: center;\">Bringt gern f\u00fcr die Pause und TangoPralin\u00e9 eine kulinarische Leckerei f\u00fcr ein Mitbring-Buffet mit<\/p>\n<p>&nbsp;<\/p>\n<p style=\"text-align: center;\"><strong><span style=\"font-size: 20px;\">Montag<\/span><\/strong><\/p>\n<p style=\"text-align: center;\">19 &#8211; 20.30 Uhr Workshop<\/p>\n<p style=\"text-align: center;\">bis 21 Uhr \u00dcben<\/p>\n<p style=\"text-align: center;\">Bringt gern\u00a0 eine kulinarische Leckerei f\u00fcr ein Mitbring-Buffet mit<\/p>\n<p style=\"text-align: center;\"><span style=\"font-size: 18px; color: #ffffff;\"><span style=\"font-size: 14px;\">|<\/span><\/span><\/p>\n<p style=\"text-align: center;\"><span style=\"font-size: 18px; color: #ffffff;\"><span style=\"font-size: 14px;\">|<\/span><\/span><\/p>\n<pre style=\"text-align: center;\"><span style=\"font-family: 'comic sans ms', sans-serif; font-size: 27px; color: #ff0000;\">Zu den Kosten<\/span><\/pre>\n<p style=\"text-align: center;\"><span style=\"font-size: 14pt; color: #ffffff;\">|<\/span><\/p>\n<p style=\"text-align: center;\"><span style=\"font-size: 16px;\"><strong>Paketpreis:<\/strong> Samstag Workshop + Milonga | Sonntag Seminar mit Praktika | Montag Workshop = 195\u20ac <\/span><\/p>\n<p style=\"text-align: center;\"><span style=\"font-size: 16px;\">Einzelpreise:<\/span><\/p>\n<p style=\"text-align: center;\"><span style=\"font-size: 16px;\">Samstag Workshop 35 \u20ac <\/span><\/p>\n<p style=\"text-align: center;\"><span style=\"font-size: 16px;\">Workshop incl Milonga 40 \u20ac<\/span><\/p>\n<p style=\"text-align: center;\"><span style=\"font-size: 16px;\">Milonga am Samstag 7 \u20ac <\/span><\/p>\n<p style=\"text-align: center;\"><span style=\"font-size: 16px;\">Sonntag Seminar incl Praktika 105 \u20ac<\/span><\/p>\n<p style=\"text-align: center;\">TangoPralin\u00e9 7\u20ac<\/p>\n<p style=\"text-align: center;\"><span style=\"font-size: 16px;\">Montag Workshop &amp; \u00dcbungszeit 52 \u20ac<\/span><\/p>\n<p>&nbsp;<\/p>\n<p>&nbsp;<\/p>\n<p>&nbsp;<\/p>\n<pre style=\"text-align: center;\"><a href=\"https:\/\/www.la-academia-tango.net\/cms\/anmeldung-eric-jorissen\/\" target=\"_blank\" rel=\"noopener\"><span style=\"color: #ffffff;\"><span style=\"color: #ad0536;\"><span style=\"color: #000000;\"><span style=\"font-size: 35px;\"><strong><span style=\"color: #ff0000;\">\u00bb Anmeldung\r\n<\/span><\/strong><\/span><span style=\"color: #333333;\"><span style=\"font-size: 20px;\">mit einem Klick hier oder per Mail an: info[at]la-academia-tango-dresden.de<\/span> <\/span><\/span><\/span><\/span><\/a><\/pre>\n<p>&nbsp;<\/p>\n<p>&nbsp;<\/p>\n<p>&nbsp;<\/p>\n<p style=\"text-align: center;\"><span style=\"font-size: 18px; color: #ffffff;\"><span style=\"font-size: 14px;\">|<\/span><\/span><\/p>\n<pre style=\"text-align: center;\"><span style=\"font-family: 'comic sans ms', sans-serif; font-size: 27px; color: #ff0000;\">\u00dcbernachtungsm\u00f6glichkeiten:<\/span><\/pre>\n<p style=\"text-align: center;\"><span style=\"font-size: 14pt; color: #ffffff;\">|<\/span><\/p>\n<p style=\"text-align: center;\"><span style=\"color: #333333; font-size: 16px;\"><a style=\"color: #333333;\" href=\"https:\/\/www.la-academia-tango.net\/cms\/uebernachtung\/\">\u00bb Liste der Hotels und Fewos\u00a0<\/a><\/span><\/p>\n<p>&nbsp;<\/p>\n<p>&nbsp;<\/p>\n<p>&nbsp;<\/p>\n<p><img loading=\"lazy\" decoding=\"async\" class=\"aligncenter size-large wp-image-9431\" src=\"https:\/\/www.la-academia-tango.net\/cms\/wp-content\/uploads\/Eric-Jorissen-mit-qr-1024x483.jpg\" alt=\"\" width=\"1024\" height=\"483\" \/><\/p>\n<p>&nbsp;<\/p>\n<p style=\"text-align: center;\"><span style=\"color: #ffffff;\">.<\/span><\/p>\n<pre style=\"text-align: center;\"><a style=\"color: #ff0000;\" href=\"http:\/\/www.la-academia-tango.net\/cms\/newsletter-anmeldung\/\" target=\"_blank\" rel=\"noopener noreferrer\">\u00bb Newsletter abonnieren<\/a><\/pre>\n<pre style=\"text-align: center;\"><span style=\"color: #ff0000;\"><a style=\"color: #ff0000;\" href=\"https:\/\/www.la-academia-tango.net\/cms\/keinen-newsletter-mehr\/\" target=\"_blank\" rel=\"noopener noreferrer\">\u00bb Newsletter abbestellen - antworte auf die Mail und schreibe \"ich m\u00f6chte keine Infos mehr\" oder klicke hier<\/a>\r\n<\/span><\/pre>\n<p>&nbsp;<\/p>\n<p>&nbsp;<\/p>\n<p>&nbsp;<\/p>\n","protected":false},"excerpt":{"rendered":"<p>&nbsp; \u00bb Eric J\u00f8rissen Was f\u00fcr eine Freude! Nach vielen Jahren ist es endlich wieder soweit \u2013 Eric, der charismatische Gr\u00fcnder des legend\u00e4ren El Corte in Nijmegen und einer der renommiertesten Tangolehrer Europas, kommt zu[&#8230;]<\/p>\n","protected":false},"author":2,"featured_media":0,"parent":0,"menu_order":0,"comment_status":"closed","ping_status":"closed","template":"","meta":{"footnotes":""},"class_list":["post-9445","page","type-page","status-publish","hentry"],"_links":{"self":[{"href":"https:\/\/www.la-academia-tango.net\/cms\/wp-json\/wp\/v2\/pages\/9445","targetHints":{"allow":["GET"]}}],"collection":[{"href":"https:\/\/www.la-academia-tango.net\/cms\/wp-json\/wp\/v2\/pages"}],"about":[{"href":"https:\/\/www.la-academia-tango.net\/cms\/wp-json\/wp\/v2\/types\/page"}],"author":[{"embeddable":true,"href":"https:\/\/www.la-academia-tango.net\/cms\/wp-json\/wp\/v2\/users\/2"}],"replies":[{"embeddable":true,"href":"https:\/\/www.la-academia-tango.net\/cms\/wp-json\/wp\/v2\/comments?post=9445"}],"version-history":[{"count":16,"href":"https:\/\/www.la-academia-tango.net\/cms\/wp-json\/wp\/v2\/pages\/9445\/revisions"}],"predecessor-version":[{"id":9886,"href":"https:\/\/www.la-academia-tango.net\/cms\/wp-json\/wp\/v2\/pages\/9445\/revisions\/9886"}],"wp:attachment":[{"href":"https:\/\/www.la-academia-tango.net\/cms\/wp-json\/wp\/v2\/media?parent=9445"}],"curies":[{"name":"wp","href":"https:\/\/api.w.org\/{rel}","templated":true}]}}

<p>&nbsp;</p>
<p style="text-align: center;"><a href="https://www.la-academia-tango.net/cms/eric-jorisson/"><span style="font-size: 14pt;"><strong><span style="color: #ff0000;"><span style="font-size: 30px;">» Eric Jørissen</span></span></strong></span></a><a href="https://www.la-academia-tango.net/cms/loco-motivo-deutsch/"><span style="font-size: 14pt;"><strong><span style="color: #ff0000;"><span style="font-size: 30px;"><br />
</span></span></strong></span></a></p>
<p style="text-align: center;"><span style="font-size: 18px;">Was für eine Freude!<br />
Nach vielen Jahren ist es endlich wieder soweit – Eric, der charismatische Gründer des legendären El Corte in Nijmegen und einer der renommiertesten Tangolehrer Europas, kommt zu uns! </span></p>
<p style="text-align: center;"><span style="font-size: 18px;">Wer Eric noch nicht kennt&#8230; er ist bekannt für  geschmeidiges, elegantes und vielseitiges Tanzen in enger Umarmung, Tanzen auf kleinem Raum, Eleganz und Klarheit in der Bewegung, musikalisches Tanzen mit verspielten Details. Sein Unterricht ist witzig und kurzweilig. Die Unterrichtssprache ist Deutsch. Auf vielfachen Wunsch  wird diesmal eine Canyengue- Einheit auf jeden Fall dabei sein.</span></p>
<p style="text-align: center;"><span style="font-size: 18px;">Wenn dich diese Themen interessieren, bist du hier genau richtig. Melde dich an.</span></p>
<p>&nbsp;</p>
<p style="text-align: center;"><strong><span style="font-size: 18px; color: #ff0000;">Workshop &#x2665;  Seminar &#x2665; Milongas </span></strong></p>
<p style="text-align: center;"><span style="font-size: 18px;">Samstag, 18. | Sonntag, 19.|  Montag, 20. <span style="font-size: 18px;">April</span><br />
<span style="font-size: 18px;">in La academia Dresden</span></span></p>
<p>&nbsp;</p>
<p style="text-align: center;"><span style="font-size: 18px; color: #ffffff;"><span style="font-size: 14px;">|</span></span></p>
<p style="text-align: center;"><span style="font-size: 18px; color: #ffffff;"><span style="font-size: 14px;">|</span></span></p>
<pre style="text-align: center;"><span style="font-family: 'comic sans ms', sans-serif; font-size: 27px; color: #ff0000;">Zeitplan</span></pre>
<p style="text-align: center;"><span style="font-size: 14pt; color: #ffffff;">|</span></p>
<p style="text-align: center;"><strong><span style="font-size: 20px;"> Samstag </span></strong></p>
<p style="text-align: center;">19 -20 Uhr Workshop</p>
<p style="text-align: center;">20.30 Uhr Milonga</p>
<p style="text-align: center;">Bringt gern  eine kulinarische Leckerei für ein Mitbring-Buffet mit</p>
<p>&nbsp;</p>
<p style="text-align: center;"><strong><span style="font-size: 20px;"> Sonntag</span></strong></p>
<p style="text-align: center;">13.00 &#8211; 16.30 Uhr Seminar mit einer Pause und die letzte halbe Stunde ist Praktika</p>
<p style="text-align: center;">17 &#8211; 20 Uhr TangoPraliné</p>
<p style="text-align: center;">Bringt gern für die Pause und TangoPraliné eine kulinarische Leckerei für ein Mitbring-Buffet mit</p>
<p>&nbsp;</p>
<p style="text-align: center;"><strong><span style="font-size: 20px;">Montag</span></strong></p>
<p style="text-align: center;">19 &#8211; 20.30 Uhr Workshop</p>
<p style="text-align: center;">bis 21 Uhr Üben</p>
<p style="text-align: center;">Bringt gern  eine kulinarische Leckerei für ein Mitbring-Buffet mit</p>
<p style="text-align: center;"><span style="font-size: 18px; color: #ffffff;"><span style="font-size: 14px;">|</span></span></p>
<p style="text-align: center;"><span style="font-size: 18px; color: #ffffff;"><span style="font-size: 14px;">|</span></span></p>
<pre style="text-align: center;"><span style="font-family: 'comic sans ms', sans-serif; font-size: 27px; color: #ff0000;">Zu den Kosten</span></pre>
<p style="text-align: center;"><span style="font-size: 14pt; color: #ffffff;">|</span></p>
<p style="text-align: center;"><span style="font-size: 16px;"><strong>Paketpreis:</strong> Samstag Workshop + Milonga | Sonntag Seminar mit Praktika | Montag Workshop = 195€ </span></p>
<p style="text-align: center;"><span style="font-size: 16px;">Einzelpreise:</span></p>
<p style="text-align: center;"><span style="font-size: 16px;">Samstag Workshop 35 € </span></p>
<p style="text-align: center;"><span style="font-size: 16px;">Workshop incl Milonga 40 €</span></p>
<p style="text-align: center;"><span style="font-size: 16px;">Milonga am Samstag 7 € </span></p>
<p style="text-align: center;"><span style="font-size: 16px;">Sonntag Seminar incl Praktika 105 €</span></p>
<p style="text-align: center;">TangoPraliné 7€</p>
<p style="text-align: center;"><span style="font-size: 16px;">Montag Workshop &amp; Übungszeit 52 €</span></p>
<p>&nbsp;</p>
<p>&nbsp;</p>
<p>&nbsp;</p>
<pre style="text-align: center;"><a href="https://www.la-academia-tango.net/cms/anmeldung-eric-jorissen/" target="_blank" rel="noopener"><span style="color: #ffffff;"><span style="color: #ad0536;"><span style="color: #000000;"><span style="font-size: 35px;"><strong><span style="color: #ff0000;">» Anmeldung
</span></strong></span><span style="color: #333333;"><span style="font-size: 20px;">mit einem Klick hier oder per Mail an: info[at]la-academia-tango-dresden.de</span> </span></span></span></span></a></pre>
<p>&nbsp;</p>
<p>&nbsp;</p>
<p>&nbsp;</p>
<p style="text-align: center;"><span style="font-size: 18px; color: #ffffff;"><span style="font-size: 14px;">|</span></span></p>
<pre style="text-align: center;"><span style="font-family: 'comic sans ms', sans-serif; font-size: 27px; color: #ff0000;">Übernachtungsmöglichkeiten:</span></pre>
<p style="text-align: center;"><span style="font-size: 14pt; color: #ffffff;">|</span></p>
<p style="text-align: center;"><span style="color: #333333; font-size: 16px;"><a style="color: #333333;" href="https://www.la-academia-tango.net/cms/uebernachtung/">» Liste der Hotels und Fewos </a></span></p>
<p>&nbsp;</p>
<p>&nbsp;</p>
<p>&nbsp;</p>
<p><img loading="lazy" decoding="async" class="aligncenter size-large wp-image-9431" src="https://www.la-academia-tango.net/cms/wp-content/uploads/Eric-Jorissen-mit-qr-1024x483.jpg" alt="" width="1024" height="483" /></p>
<p>&nbsp;</p>
<p style="text-align: center;"><span style="color: #ffffff;">.</span></p>
<pre style="text-align: center;"><a style="color: #ff0000;" href="http://www.la-academia-tango.net/cms/newsletter-anmeldung/" target="_blank" rel="noopener noreferrer">» Newsletter abonnieren</a></pre>
<pre style="text-align: center;"><span style="color: #ff0000;"><a style="color: #ff0000;" href="https://www.la-academia-tango.net/cms/keinen-newsletter-mehr/" target="_blank" rel="noopener noreferrer">» Newsletter abbestellen - antworte auf die Mail und schreibe "ich möchte keine Infos mehr" oder klicke hier</a>
</span></pre>
<p>&nbsp;</p>
<p>&nbsp;</p>
<p>&nbsp;</p>

<p>&nbsp; » Eric Jørissen Was für eine Freude! Nach vielen Jahren ist es endlich wieder soweit – Eric, der charismatische Gründer des legendären El Corte in Nijmegen und einer der renommiertesten Tangolehrer Europas, kommt zu[&#8230;]</p>
