{"id":9258,"date":"2025-05-02T17:25:41","date_gmt":"2025-05-02T16:25:41","guid":{"rendered":"https:\/\/www.la-academia-tango.net\/cms\/?page_id=9258"},"modified":"2026-03-10T11:21:56","modified_gmt":"2026-03-10T10:21:56","slug":"praktika","status":"publish","type":"page","link":"https:\/\/www.la-academia-tango.net\/cms\/praktika\/","title":{"rendered":"Praktika"},"content":{"rendered":"<p style=\"text-align: center;\"><a href=\"https:\/\/www.la-academia-tango.net\/cms\/praktika\/\"><strong><span style=\"font-size: 18pt; color: #ff0000;\"><span style=\"color: #ff0000;\"><span style=\"caret-color: #000000;\">\u00bb <\/span><\/span>Praktika<\/span><\/strong><\/a><\/p>\n<p style=\"text-align: center;\"><strong><span style=\"font-size: 14pt;\">Donnerstag<\/span><\/strong><br \/>\nn\u00e4chster Termin: 19. Februar<br \/>\n19.30 &#8211; 21.00 Uhr zuvor<\/p>\n<p style=\"text-align: center;\"><strong><span style=\"color: #ff0000;\"><a style=\"color: #ff0000;\" href=\"https:\/\/www.la-academia-tango.net\/cms\/xxx\/\">\u00bb Schnupperstunde<\/a><\/span><\/strong><br \/>\n18.30 &#8211; 19.30 Uhr<\/p>\n<p>&nbsp;<\/p>\n<p style=\"text-align: center;\">Ihr k\u00f6nnt eigenst\u00e4ndig an euren Themen \u00fcben, Hilfe\u00a0 oder eine Inspiration bekommen.<\/p>\n<p style=\"text-align: center;\">Jeder darf teilnehmen, auch wnn ihr nicht bei einem unserer Kurse dabei seid.<\/p>\n<p style=\"text-align: center;\">Schaut aktuell in den Kalender, wann und ob die Praktika stattfindet.<\/p>\n<p style=\"text-align: center;\">In der Schnupperstunde bekommt ihr einen Einblick in die Grundlagen des\u00a0 Tango argentino und in unseren Unterricht<\/p>\n<p>&nbsp;<\/p>\n<p style=\"text-align: center;\"><span style=\"font-size: 12pt; color: #808080;\"><a style=\"color: #808080;\" href=\"https:\/\/www.la-academia-tango.net\/cms\/kalender\/\">\u00bb Termine oben im Kalender<\/a><\/span><\/p>\n<p>&nbsp;<\/p>\n<h6 style=\"text-align: center;\"><span style=\"color: #808080;\"><strong>Kosten pro Person<br \/>\n<\/strong><\/span><span style=\"color: #808080;\">\u2022 Schnupperstunde + Praktika 10 \u20ac \u2022<br \/>\n<\/span><span style=\"color: #808080;\">\u2022 nur Praktika 7\u20ac \u2022<br \/>\n<\/span><span style=\"color: #808080;\">\u2022 Geschenk im Rahmen einer aktuellen 10er-Karte = 1x frei<\/span><br \/>\n<span style=\"color: #808080;\">\u2022 Studenten \u2013 Erm.20% \u2022<\/span><\/h6>\n<p>&nbsp;<\/p>\n<p>&nbsp;<\/p>\n<p>&nbsp;<\/p>\n<p><img loading=\"lazy\" decoding=\"async\" class=\"aligncenter size-large wp-image-9663\" src=\"https:\/\/www.la-academia-tango.net\/cms\/wp-content\/uploads\/Schnupperstunde-2-1-1024x483.jpg\" alt=\"\" width=\"1024\" height=\"483\" srcset=\"https:\/\/www.la-academia-tango.net\/cms\/wp-content\/uploads\/Schnupperstunde-2-1-1024x483.jpg 1024w, https:\/\/www.la-academia-tango.net\/cms\/wp-content\/uploads\/Schnupperstunde-2-1-300x141.jpg 300w, https:\/\/www.la-academia-tango.net\/cms\/wp-content\/uploads\/Schnupperstunde-2-1-768x362.jpg 768w, https:\/\/www.la-academia-tango.net\/cms\/wp-content\/uploads\/Schnupperstunde-2-1-1536x724.jpg 1536w, https:\/\/www.la-academia-tango.net\/cms\/wp-content\/uploads\/Schnupperstunde-2-1-370x174.jpg 370w, https:\/\/www.la-academia-tango.net\/cms\/wp-content\/uploads\/Schnupperstunde-2-1-1040x490.jpg 1040w, https:\/\/www.la-academia-tango.net\/cms\/wp-content\/uploads\/Schnupperstunde-2-1.jpg 2000w\" sizes=\"auto, (max-width: 1024px) 100vw, 1024px\" \/><\/p>\n<p style=\"text-align: center;\"><span style=\"color: #ffffff;\"><br \/>\n.<\/span><\/p>\n<p style=\"text-align: center;\"><span style=\"color: #ffffff;\">.<\/span><\/p>\n<pre style=\"text-align: center;\"><a style=\"color: #ff0000;\" href=\"http:\/\/www.la-academia-tango.net\/cms\/newsletter-anmeldung\/\" target=\"_blank\" rel=\"noopener noreferrer\">\u00bb Newsletter abonnieren<\/a><\/pre>\n<pre style=\"text-align: center;\"><span style=\"color: #ff0000;\"><a style=\"color: #ff0000;\" href=\"https:\/\/www.la-academia-tango.net\/cms\/keinen-newsletter-mehr\/\" target=\"_blank\" rel=\"noopener noreferrer\">\u00bb Newsletter abbestellen - antworte auf die Mail und schreibe \"ich m\u00f6chte keine Infos mehr\" oder klicke hier<\/a>\r\n<\/span><\/pre>\n<p>&nbsp;<\/p>\n","protected":false},"excerpt":{"rendered":"<p>\u00bb Praktika Donnerstag n\u00e4chster Termin: 19. Februar 19.30 &#8211; 21.00 Uhr zuvor \u00bb Schnupperstunde 18.30 &#8211; 19.30 Uhr &nbsp; Ihr k\u00f6nnt eigenst\u00e4ndig an euren Themen \u00fcben, Hilfe\u00a0 oder eine Inspiration bekommen. Jeder darf teilnehmen, auch[&#8230;]<\/p>\n","protected":false},"author":2,"featured_media":0,"parent":0,"menu_order":0,"comment_status":"closed","ping_status":"closed","template":"","meta":{"footnotes":""},"class_list":["post-9258","page","type-page","status-publish","hentry"],"_links":{"self":[{"href":"https:\/\/www.la-academia-tango.net\/cms\/wp-json\/wp\/v2\/pages\/9258","targetHints":{"allow":["GET"]}}],"collection":[{"href":"https:\/\/www.la-academia-tango.net\/cms\/wp-json\/wp\/v2\/pages"}],"about":[{"href":"https:\/\/www.la-academia-tango.net\/cms\/wp-json\/wp\/v2\/types\/page"}],"author":[{"embeddable":true,"href":"https:\/\/www.la-academia-tango.net\/cms\/wp-json\/wp\/v2\/users\/2"}],"replies":[{"embeddable":true,"href":"https:\/\/www.la-academia-tango.net\/cms\/wp-json\/wp\/v2\/comments?post=9258"}],"version-history":[{"count":12,"href":"https:\/\/www.la-academia-tango.net\/cms\/wp-json\/wp\/v2\/pages\/9258\/revisions"}],"predecessor-version":[{"id":9880,"href":"https:\/\/www.la-academia-tango.net\/cms\/wp-json\/wp\/v2\/pages\/9258\/revisions\/9880"}],"wp:attachment":[{"href":"https:\/\/www.la-academia-tango.net\/cms\/wp-json\/wp\/v2\/media?parent=9258"}],"curies":[{"name":"wp","href":"https:\/\/api.w.org\/{rel}","templated":true}]}}