{"id":9216,"date":"2025-05-01T14:14:39","date_gmt":"2025-05-01T13:14:39","guid":{"rendered":"https:\/\/www.la-academia-tango.net\/cms\/?page_id=9216"},"modified":"2025-07-15T16:08:18","modified_gmt":"2025-07-15T15:08:18","slug":"registration-sommer-tango-meeting","status":"publish","type":"page","link":"https:\/\/www.la-academia-tango.net\/cms\/registration-sommer-tango-meeting\/","title":{"rendered":"Registration Sommer Tango Meeting"},"content":{"rendered":"<div>\n<p style=\"color: #ff0000; text-align: center;\"><span style=\"font-size: 14pt;\"><strong>Anmeldung \/ Registration<\/strong><\/span><\/p>\n<p style=\"color: #ff0000; text-align: center;\"><b><\/b><span style=\"font-size: 18.6667px;\"><b>Summer Tango Meeting<br \/>\n28. | 29. | 30. | 31. August<\/b><\/span><\/p>\n<p style=\"color: #ff0000; text-align: center;\"><span style=\"color: #ff0000;\">\u2022<br \/>\n<span style=\"color: #000000;\">Als Paar \u00a0(leader \/ follower) Jeder von euch meldet sich separat im Formular an &#8211; vom Partner gibt es vorab einige Angaben, damit die Zuordnung passt.<br \/>\n<\/span><\/span><span style=\"color: #ff0000;\"><span style=\"font-size: 12pt;\"><em><span style=\"color: #808080;\">Couples (leader \/ follower): each partner submits a separate form (noting the name of the other partner)<\/span><\/em><\/span><br \/>\n\u2022<br \/>\n<span style=\"color: #000000;\">Ohne PartnerIn mit Warteliste bis zur Zuordnung Leader\/ Follower.<br \/>\n<\/span><\/span><em><span style=\"color: #808080;\">Single dancers (without a partner) will be put on a waiting list until matched to a leader \/ follower (you will receive an e-mail from us when there is space for you)<\/span><\/em><br \/>\n<span style=\"color: #ff0000;\">\u2022<\/span><br \/>\n<span style=\"color: #000000;\">Als Doppelrollent\u00e4nzer*In, wenn du tats\u00e4chlich in beiden Rollen tanzen m\u00f6chtest \u00a0und die Lage von \u201eNotwendigkeiten\u201c zur Veranstaltung erkennst &#8211; zun\u00e4chst Warteliste f\u00fcr ein ausgeglichenes Verh\u00e4ltnis<br \/>\n<\/span><em><span style=\"color: #808080;\">If you are a \u00a0double-roll-dancer and are willing to dance in either roles depending on the role balance at the time, please indicate on your registration with Waitinglist\u00a0<\/span><\/em><\/p>\n<p style=\"text-align: center;\"><span style=\"color: #ff0000;\">\u2022<\/span><\/p>\n<p style=\"text-align: center;\">Habt ihr Fragen, ruft an oder schreibt an uns<br \/>\nKontakt\u00a0 Carsta &amp; Alex:<span style=\"color: #ff0000;\"> info [at] la-academia-tango-dresden.de<\/span><\/p>\n<\/div>\n<h2 style=\"color: #ff0000; text-align: center;\"><\/h2>\n<div>\n<div><span style=\"color: #ffffff;\">.<\/span><\/div>\n<\/div>\n<p>&nbsp;<\/p>\n<p>&nbsp;<\/p>\n<p>&nbsp;<\/p>\n<div class=\"blackform\">\n<div class=\"wpcf7 no-js\" id=\"wpcf7-f8944-o1\" lang=\"de-DE\" dir=\"ltr\" data-wpcf7-id=\"8944\">\n<div class=\"screen-reader-response\"><p role=\"status\" aria-live=\"polite\" aria-atomic=\"true\"><\/p> <ul><\/ul><\/div>\n<form action=\"\/cms\/wp-json\/wp\/v2\/pages\/9216#wpcf7-f8944-o1\" method=\"post\" class=\"wpcf7-form init\" aria-label=\"Kontaktformular\" novalidate=\"novalidate\" data-status=\"init\">\n<div style=\"display: none;\">\n<input type=\"hidden\" name=\"_wpcf7\" value=\"8944\" \/>\n<input type=\"hidden\" name=\"_wpcf7_version\" value=\"6.0.5\" \/>\n<input type=\"hidden\" name=\"_wpcf7_locale\" value=\"de_DE\" \/>\n<input type=\"hidden\" name=\"_wpcf7_unit_tag\" value=\"wpcf7-f8944-o1\" \/>\n<input type=\"hidden\" name=\"_wpcf7_container_post\" value=\"0\" \/>\n<input type=\"hidden\" name=\"_wpcf7_posted_data_hash\" value=\"\" \/>\n<\/div>\n<p><label> Deine Registrierung f\u00fcr SummerTango Meeting 28. - 31. August| Your Registry <\/label>\n<\/p>\n<p><span class=\"wpcf7-form-control-wrap\" data-name=\"booking\"><span class=\"wpcf7-form-control wpcf7-checkbox wpcf7-validates-as-required wpcf7-exclusive-checkbox\"><span class=\"wpcf7-list-item first\"><label><input type=\"checkbox\" name=\"booking\" value=\"Buchung mit Partner - Booking With Partner\" \/><span class=\"wpcf7-list-item-label\">Buchung mit Partner - Booking With Partner<\/span><\/label><\/span><span class=\"wpcf7-list-item\"><label><input type=\"checkbox\" name=\"booking\" value=\"Buchung allein mit Warteliste - Single-Booking With Waitinglist\" \/><span class=\"wpcf7-list-item-label\">Buchung allein mit Warteliste - Single-Booking With Waitinglist<\/span><\/label><\/span><span class=\"wpcf7-list-item last\"><label><input type=\"checkbox\" name=\"booking\" value=\"Buchung als Doppelrollent\u00e4nzer(in) - Single-Booking for Double-Role-Dancer - Waitinglist\" \/><span class=\"wpcf7-list-item-label\">Buchung als Doppelrollent\u00e4nzer(in) - Single-Booking for Double-Role-Dancer - Waitinglist<\/span><\/label><\/span><\/span><\/span>\n<\/p>\n<p><label> Dein Vorname - Your Name *<br \/>\n<span class=\"wpcf7-form-control-wrap\" data-name=\"first-name\"><input size=\"40\" maxlength=\"400\" class=\"wpcf7-form-control wpcf7-text wpcf7-validates-as-required\" aria-required=\"true\" aria-invalid=\"false\" value=\"\" type=\"text\" name=\"first-name\" \/><\/span> <\/label>\n<\/p>\n<p><label> Dein Nachname - Your Surname *<br \/>\n<span class=\"wpcf7-form-control-wrap\" data-name=\"sur-name\"><input size=\"40\" maxlength=\"400\" class=\"wpcf7-form-control wpcf7-text wpcf7-validates-as-required\" aria-required=\"true\" aria-invalid=\"false\" value=\"\" type=\"text\" name=\"sur-name\" \/><\/span> <\/label>\n<\/p>\n<p><label> Facebook Username - Facebook-Username<br \/>\n<span class=\"wpcf7-form-control-wrap\" data-name=\"fb-name\"><input size=\"40\" maxlength=\"400\" class=\"wpcf7-form-control wpcf7-text\" aria-invalid=\"false\" value=\"\" type=\"text\" name=\"fb-name\" \/><\/span> <\/label>\n<\/p>\n<div id=\"partneranmeldung\">\n\t<p><label> Name Partner - Name Of Your Partner<br \/>\n<span class=\"wpcf7-form-control-wrap\" data-name=\"name-partner\"><input size=\"40\" maxlength=\"400\" class=\"wpcf7-form-control wpcf7-text\" aria-invalid=\"false\" value=\"\" type=\"text\" name=\"name-partner\" \/><\/span> <\/label>\n\t<\/p>\n\t<p><label> Partner Email - EMail Of Your Partner<br \/>\n<span class=\"wpcf7-form-control-wrap\" data-name=\"Partneremail-101\"><input size=\"40\" maxlength=\"400\" class=\"wpcf7-form-control wpcf7-email wpcf7-text wpcf7-validates-as-email\" aria-invalid=\"false\" value=\"\" type=\"email\" name=\"Partneremail-101\" \/><\/span> <\/label>\n\t<\/p>\n\t<p><label> Facebook Partnername<br \/>\n<span class=\"wpcf7-form-control-wrap\" data-name=\"fb-partnername\"><input size=\"40\" maxlength=\"400\" class=\"wpcf7-form-control wpcf7-text\" aria-invalid=\"false\" value=\"\" type=\"text\" name=\"fb-partnername\" \/><\/span> <\/label>\n\t<\/p>\n<\/div><!-- #Partneranmeldung -->\n<p><label> Deine Email - Your Mail *<br \/>\n<span class=\"wpcf7-form-control-wrap\" data-name=\"your-email\"><input size=\"40\" maxlength=\"400\" class=\"wpcf7-form-control wpcf7-email wpcf7-validates-as-required wpcf7-text wpcf7-validates-as-email\" aria-required=\"true\" aria-invalid=\"false\" value=\"\" type=\"email\" name=\"your-email\" \/><\/span> <\/label>\n<\/p>\n<p><label> Bitte Email best\u00e4tigen - Confirm Your Mail *<br \/>\n<span class=\"wpcf7-form-control-wrap\" data-name=\"confirm-email\"><input size=\"40\" maxlength=\"400\" class=\"wpcf7-form-control wpcf7-email wpcf7-validates-as-required wpcf7-text wpcf7-validates-as-email\" aria-required=\"true\" aria-invalid=\"false\" value=\"\" type=\"email\" name=\"confirm-email\" \/><\/span> <\/label>\n<\/p>\n<p><label> Dein Wohnort \/ City - Country *<br \/>\n<span class=\"wpcf7-form-control-wrap\" data-name=\"residence\"><input size=\"40\" maxlength=\"400\" class=\"wpcf7-form-control wpcf7-text wpcf7-validates-as-required\" aria-required=\"true\" aria-invalid=\"false\" value=\"\" type=\"text\" name=\"residence\" \/><\/span> <\/label>\n<\/p>\n<p><label> Deine bevorzugte Tanzrolle | Your Preferred Role:<\/label>\n<\/p>\n<p><span class=\"wpcf7-form-control-wrap\" data-name=\"role\"><span class=\"wpcf7-form-control wpcf7-checkbox wpcf7-exclusive-checkbox\"><span class=\"wpcf7-list-item first\"><label><input type=\"checkbox\" name=\"role\" value=\"Folgende Rolle - Following Role\" \/><span class=\"wpcf7-list-item-label\">Folgende Rolle - Following Role<\/span><\/label><\/span><span class=\"wpcf7-list-item last\"><label><input type=\"checkbox\" name=\"role\" value=\"F\u00fchrende Rolle - Leading Role\" \/><span class=\"wpcf7-list-item-label\">F\u00fchrende Rolle - Leading Role<\/span><\/label><\/span><\/span><\/span><br \/>\n<span class=\"wpcf7-form-control-wrap\" data-name=\"beiderollen\"><span class=\"wpcf7-form-control wpcf7-checkbox wpcf7-exclusive-checkbox\"><span class=\"wpcf7-list-item first last\"><label><input type=\"checkbox\" name=\"beiderollen\" value=\"Ich tanze beide Rollen gleich und gleichwertig gern - I Love and Dance To Dance Both Roles\" \/><span class=\"wpcf7-list-item-label\">Ich tanze beide Rollen gleich und gleichwertig gern - I Love and Dance To Dance Both Roles<\/span><\/label><\/span><\/span><\/span>\n<\/p>\n<p><label> M\u00f6chtest du das Komplett-Paket Seminar + Tanzpass buchen? - Would you like to book the complete package of a seminar + a dance pass? <\/label><br \/>\n<span class=\"wpcf7-form-control-wrap\" data-name=\"radio-511\"><span class=\"wpcf7-form-control wpcf7-radio\"><span class=\"wpcf7-list-item first\"><label><input type=\"radio\" name=\"radio-511\" value=\"ja \/ Yes - komplett Seminar + Tanzpass \/ complete package of a seminar + dance pass\" \/><span class=\"wpcf7-list-item-label\">ja \/ Yes - komplett Seminar + Tanzpass \/ complete package of a seminar + dance pass<\/span><\/label><\/span><span class=\"wpcf7-list-item\"><label><input type=\"radio\" name=\"radio-511\" value=\"nur Tanzpass \/ only dance pass\" \/><span class=\"wpcf7-list-item-label\">nur Tanzpass \/ only dance pass<\/span><\/label><\/span><span class=\"wpcf7-list-item last\"><label><input type=\"radio\" name=\"radio-511\" value=\"nur einzelne Milongas (schreib in die Mitteilungen welche) \/ only single milongas\" \/><span class=\"wpcf7-list-item-label\">nur einzelne Milongas (schreib in die Mitteilungen welche) \/ only single milongas<\/span><\/label><\/span><\/span><\/span>\n<\/p>\n<p><label> Teilnahme Workshop am Donnerstag? - Participation in WS Thursday? <\/label><br \/>\n<span class=\"wpcf7-form-control-wrap\" data-name=\"checkbox-773\"><span class=\"wpcf7-form-control wpcf7-checkbox wpcf7-validates-as-required WS A Donnerstag\"><span class=\"wpcf7-list-item first\"><label><input type=\"checkbox\" name=\"checkbox-773[]\" value=\"Ja, ich nehme am Donnerstag WS teil \/ Yes, I will participate in the Thursday WS\" \/><span class=\"wpcf7-list-item-label\">Ja, ich nehme am Donnerstag WS teil \/ Yes, I will participate in the Thursday WS<\/span><\/label><\/span><span class=\"wpcf7-list-item last\"><label><input type=\"checkbox\" name=\"checkbox-773[]\" value=\"Nein, kein WS  \/ No, no WS\" \/><span class=\"wpcf7-list-item-label\">Nein, kein WS  \/ No, no WS<\/span><\/label><\/span><\/span><\/span>\n<\/p>\n<p><label> In welcher Tanzrolle nimmst du im Seminar teil \/ which dance role in the seminar? <\/label><br \/>\n<span class=\"wpcf7-form-control-wrap\" data-name=\"checkbox-727\"><span class=\"wpcf7-form-control wpcf7-checkbox wpcf7-validates-as-required wpcf7-exclusive-checkbox rolleim seminar\"><span class=\"wpcf7-list-item first\"><label><input type=\"checkbox\" name=\"checkbox-727\" value=\"kein Seminar \/ no seminar\" \/><span class=\"wpcf7-list-item-label\">kein Seminar \/ no seminar<\/span><\/label><\/span><span class=\"wpcf7-list-item\"><label><input type=\"checkbox\" name=\"checkbox-727\" value=\"f\u00fchrend \/ leading role\" \/><span class=\"wpcf7-list-item-label\">f\u00fchrend \/ leading role<\/span><\/label><\/span><span class=\"wpcf7-list-item\"><label><input type=\"checkbox\" name=\"checkbox-727\" value=\"folgend \/ following role\" \/><span class=\"wpcf7-list-item-label\">folgend \/ following role<\/span><\/label><\/span><span class=\"wpcf7-list-item last\"><label><input type=\"checkbox\" name=\"checkbox-727\" value=\"Doppelrollent\u00e4nzer*In \/  Double roll dancer\" \/><span class=\"wpcf7-list-item-label\">Doppelrollent\u00e4nzer*In \/  Double roll dancer<\/span><\/label><\/span><\/span><\/span>\n<\/p>\n<p><label> Ich habe Interesse an einen Platz im Schlafsaal - f\u00fcr Seminarteilnehmer - I Would Like To Sleep In The Sleepingroom <\/label><br \/>\n<span class=\"wpcf7-form-control-wrap\" data-name=\"checkbox-279\"><span class=\"wpcf7-form-control wpcf7-checkbox wpcf7-validates-as-required wpcf7-exclusive-checkbox dorm\"><span class=\"wpcf7-list-item first\"><label><input type=\"checkbox\" name=\"checkbox-279\" value=\"Ja \/ Yes\" \/><span class=\"wpcf7-list-item-label\">Ja \/ Yes<\/span><\/label><\/span><span class=\"wpcf7-list-item last\"><label><input type=\"checkbox\" name=\"checkbox-279\" value=\"Nein \/ No\" \/><span class=\"wpcf7-list-item-label\">Nein \/ No<\/span><\/label><\/span><\/span><\/span>\n<\/p>\n<p><label> Ich buche einen Stellplatz f\u00fcr mein Zelt \/ Camper im Garten f\u00fcr Seminarteilnehmer - I Would Like To Have A Place For My Tent\/Camper - for Semianr-participants <\/label><br \/>\n<span class=\"wpcf7-form-control-wrap\" data-name=\"checkbox-914\"><span class=\"wpcf7-form-control wpcf7-checkbox wpcf7-validates-as-required zeltplatz\"><span class=\"wpcf7-list-item first\"><label><input type=\"checkbox\" name=\"checkbox-914[]\" value=\"Zeltplatz - Place for a tent\" \/><span class=\"wpcf7-list-item-label\">Zeltplatz - Place for a tent<\/span><\/label><\/span><span class=\"wpcf7-list-item\"><label><input type=\"checkbox\" name=\"checkbox-914[]\" value=\"Camperstellplatz - Place for a Camper\" \/><span class=\"wpcf7-list-item-label\">Camperstellplatz - Place for a Camper<\/span><\/label><\/span><span class=\"wpcf7-list-item\"><label><input type=\"checkbox\" name=\"checkbox-914[]\" value=\"m Zelt\/Camper des Partners - In Tent\/Camper Of My Partner\" \/><span class=\"wpcf7-list-item-label\">m Zelt\/Camper des Partners - In Tent\/Camper Of My Partner<\/span><\/label><\/span><span class=\"wpcf7-list-item last\"><label><input type=\"checkbox\" name=\"checkbox-914[]\" value=\"Ich k\u00fcmmere mich selbst um die \u00dcbernachtung \/ I will take care of accomodation myself\" \/><span class=\"wpcf7-list-item-label\">Ich k\u00fcmmere mich selbst um die \u00dcbernachtung \/ I will take care of accomodation myself<\/span><\/label><\/span><\/span><\/span>\n<\/p>\n<p><label>Deine Mitteilung f\u00fcr uns<br \/>\n<!-- label> Subject\n    <span class=\"wpcf7-form-control-wrap\" data-name=\"your-subject\"><input size=\"40\" maxlength=\"400\" class=\"wpcf7-form-control wpcf7-text\" aria-invalid=\"false\" value=\"\" type=\"text\" name=\"your-subject\" \/><\/span> <\/label --><br \/>\n<label>Mitteilungen \/ Your Message<\/label><br \/>\n<span class=\"wpcf7-form-control-wrap\" data-name=\"bemerkungen\"><textarea cols=\"40\" rows=\"10\" maxlength=\"2000\" class=\"wpcf7-form-control wpcf7-textarea\" aria-invalid=\"false\" name=\"bemerkungen\"><\/textarea><\/span><br \/>\n<label> <span class=\"wpcf7-form-control-wrap\" data-name=\"agbs\"><span class=\"wpcf7-form-control wpcf7-acceptance\"><span class=\"wpcf7-list-item\"><input type=\"checkbox\" name=\"agbs\" value=\"1\" aria-invalid=\"false\" \/><\/span><\/span><\/span> Ich bin mit den Teilnamebedingungen der Veranstaltung einverstanden - I Agree With The Terms Of The Event <\/label><br \/>\n<label class=\"quiz\">Sorry f\u00fcr die letzte Frage, es gab zu viele Spam-Nachrichten \/ Sorry for the last question. There were too many spam messages....<br \/>\nBitte beantworte noch diese Frage \/ Please answer additional this question:<br \/>\nRechne - Wieviel ist f\u00fcnf plus vier? \/ Maths - What is five plus four?<br \/>\n<span class=\"wpcf7-form-control-wrap\" data-name=\"Rechnen3\"><label><span class=\"wpcf7-quiz-label\">Antwort als Zahl \/ Answer as number<\/span> <input size=\"40\" class=\"wpcf7-form-control wpcf7-quiz\" autocomplete=\"off\" aria-required=\"true\" aria-invalid=\"false\" type=\"text\" name=\"Rechnen3\" \/><\/label><input type=\"hidden\" name=\"_wpcf7_quiz_answer_Rechnen3\" value=\"7ef7b748c6bfca4c8f1121415597da9c\" \/><\/span><\/label><br \/>\n<input class=\"wpcf7-form-control wpcf7-submit has-spinner\" type=\"submit\" value=\"Anmeldung absenden\" \/><\/label>\n<\/p><div class=\"wpcf7-response-output\" aria-hidden=\"true\"><\/div>\n<\/form>\n<\/div>\n<\/div>\n<p>&nbsp;<\/p>\n<div><a href=\"https:\/\/www.la-academia-tango.net\/cms\/summer-tango-meeting-terms-teilnahmebedingungen\/\" target=\"_blank\" rel=\"noopener\"><span style=\"color: #ff0000; font-size: 18px;\">\u00bb Teilnahmebedingungen \/ terms<\/span><\/a><\/div>\n<div><\/div>\n<div><span style=\"color: #ffffff;\">.<\/span><\/div>\n<div><span style=\"color: #ffffff;\">.<\/span><\/div>\n<div><\/div>\n<div>Bei erfolgreicher Registrierung erh\u00e4lst du automatisch und umgehend eine Kopie deiner Antworten an deine \u00a0E-Mail-Adresse geschickt. Wenn das nicht innerhalb von 3 Stunden passiert, \u00a0hattest du einen Tippfehler in deiner Mailadresse. Bitte wiederhole in diesem Fall den Registrierungsvorgang.<\/div>\n<div>Eine pers\u00f6nliche Antwort bekommst du dann sp\u00e4ter auch noch von uns. Sollte die Anmeldung \u00fcber das Formular nicht klappen, schreibt uns eine Mail mit allen Angaben.<\/div>\n<div><span style=\"color: #ffffff;\">.<\/span><\/div>\n<div style=\"text-align: left;\"><em><span style=\"color: #808080;\">Upon successful registration you will automatically and immediately receive a copy of your answers sent to your e-mail address.<\/span><\/em><br \/>\n<em><span style=\"color: #808080;\">If this does not happen within 3 hours, you had a typo in your email address. Please repeat the registration process in this case.<\/span><\/em><br \/>\n<em><span style=\"color: #808080;\">You will receive a personal answer from us later.<\/span><\/em><\/div>\n<div><\/div>\n<div><span style=\"font-size: 6px; color: #ffffff;\">.<\/span><\/div>\n<div><\/div>\n<div><span style=\"color: #ffffff;\">.<\/span><\/div>\n<div><span style=\"color: #ffffff; font-size: 6px;\">.<\/span><\/div>\n<div><span style=\"color: #ffffff; font-size: 6px;\">.<\/span><\/div>\n<div><span style=\"color: #ffffff; font-size: 6px;\">.<\/span><\/div>\n<div><span style=\"color: #ffffff; font-size: 6px;\">.<\/span><\/div>\n<div><span style=\"color: #ffffff; font-size: 6px;\">.<\/span><\/div>\n<div><span style=\"color: #ffffff; font-size: 6px;\">.<\/span><\/div>\n<div><span style=\"color: #ffffff; font-size: 6px;\">.<\/span><\/div>\n<div><\/div>\n<div><\/div>\n","protected":false},"excerpt":{"rendered":"<p>Anmeldung \/ Registration Summer Tango Meeting 28. | 29. | 30. | 31. August \u2022 Als Paar \u00a0(leader \/ follower) Jeder von euch meldet sich separat im Formular an &#8211; vom Partner gibt es vorab[&#8230;]<\/p>\n","protected":false},"author":2,"featured_media":0,"parent":0,"menu_order":0,"comment_status":"closed","ping_status":"closed","template":"","meta":{"footnotes":""},"class_list":["post-9216","page","type-page","status-publish","hentry"],"_links":{"self":[{"href":"https:\/\/www.la-academia-tango.net\/cms\/wp-json\/wp\/v2\/pages\/9216","targetHints":{"allow":["GET"]}}],"collection":[{"href":"https:\/\/www.la-academia-tango.net\/cms\/wp-json\/wp\/v2\/pages"}],"about":[{"href":"https:\/\/www.la-academia-tango.net\/cms\/wp-json\/wp\/v2\/types\/page"}],"author":[{"embeddable":true,"href":"https:\/\/www.la-academia-tango.net\/cms\/wp-json\/wp\/v2\/users\/2"}],"replies":[{"embeddable":true,"href":"https:\/\/www.la-academia-tango.net\/cms\/wp-json\/wp\/v2\/comments?post=9216"}],"version-history":[{"count":4,"href":"https:\/\/www.la-academia-tango.net\/cms\/wp-json\/wp\/v2\/pages\/9216\/revisions"}],"predecessor-version":[{"id":9404,"href":"https:\/\/www.la-academia-tango.net\/cms\/wp-json\/wp\/v2\/pages\/9216\/revisions\/9404"}],"wp:attachment":[{"href":"https:\/\/www.la-academia-tango.net\/cms\/wp-json\/wp\/v2\/media?parent=9216"}],"curies":[{"name":"wp","href":"https:\/\/api.w.org\/{rel}","templated":true}]}}