{"id":9207,"date":"2025-05-01T13:21:31","date_gmt":"2025-05-01T12:21:31","guid":{"rendered":"https:\/\/www.la-academia-tango.net\/cms\/?page_id=9207"},"modified":"2026-01-19T17:46:51","modified_gmt":"2026-01-19T16:46:51","slug":"summer-tango-meeting","status":"publish","type":"page","link":"https:\/\/www.la-academia-tango.net\/cms\/summer-tango-meeting\/","title":{"rendered":"Summer Tango Meeting mit Sigrid van Tilbeurgh &#038; Maria Filali"},"content":{"rendered":"<h3 style=\"text-align: center;\"><\/h3>\n<p style=\"text-align: center;\"><span style=\"font-size: 14pt;\"><strong><span style=\"color: #ff0000;\"><a style=\"color: #ff0000;\" href=\"https:\/\/www.la-academia-tango.net\/cms\/summer-tango-meeting\/\"><span style=\"font-size: 28px; font-family: georgia, palatino;\">\u00bb Summer Tango Meeting<\/span><\/a><br \/>\n<\/span><\/strong><\/span><\/p>\n<p style=\"text-align: center;\"><span style=\"font-size: 18px;\">in La academia<\/span><\/p>\n<p style=\"text-align: center;\">&amp; <strong><span style=\"color: #ff0000; font-size: 20px;\">Workshops + Seminar<\/span><\/strong> mit<br \/>\n<strong><span style=\"font-size: 20px;\"><span style=\"color: #ff0000;\">DANCE DUO &#8222;ENTRE-DOS&#8220; Maria Filali &amp; Sigrid van Tilbeurgh<\/span><\/span><\/strong>,<\/p>\n<p style=\"text-align: center;\"><span style=\"font-size: 18px;\">Der Termin steht fest: <\/span><span style=\"font-size: 18px;\">\u00a0EINE\u00a0 GANZE WOCHE<\/span><\/p>\n<p style=\"text-align: center;\"><span style=\"font-size: 18px;\">vom 17. bis 23. August 2026<\/span><\/p>\n<p>&nbsp;<\/p>\n<p style=\"text-align: center;\">Montag, 17. August Workshop 18 bis 20.00 Uhr &#8211; anschlie\u00dfend \u00dcbungsPraktika<\/p>\n<p style=\"text-align: center;\">Dienstag bis Donnerstag t\u00e4glich 2 Stunden Seminar jeweils vormittags und abends &#8211; am Abend \u00dcbungsPraktika<\/p>\n<p style=\"text-align: center;\">Freitag Abend einen Workshop, anschlie\u00dfend Milonga und Show<\/p>\n<p style=\"text-align: center;\">Samstag &amp; Sonntag jeweils ein Seminar vormittags, ein Seminar nachmittags &#8211; Samstag am Abend Milonga, Sonntag TangoPralin\u00e9<\/p>\n<p style=\"text-align: center;\">F\u00fcr alle Teilnehmenden gibt es in dieser Zeit eine Praktika zum Fragen stellen.<\/p>\n<p style=\"text-align: center;\">Einzelstunden k\u00f6nnt ihr vorab bei mir buchen oder dann vor Ort<\/p>\n<p style=\"text-align: center;\">In den Pausen\u00a0 ist Zeit zum \u00dcben und Chillen. Seminarteilnehmende k\u00f6nnen w\u00e4hrend der Seminartage im Garten zelten oder einen Stellplatz f\u00fcr einen Camper bekommen.<\/p>\n<p>&nbsp;<\/p>\n<p style=\"text-align: center;\"><strong>Ihr k\u00f6nnt euch f\u00fcr die Workshops &amp; Seminare anmelden als :<\/strong><\/p>\n<p style=\"text-align: center;\">-&gt; Paar in eurer bevorzugten Rolle<br \/>\n-&gt; Doppelrollentanzende<br \/>\n-&gt; es wird immer gen\u00fcgend Zeit zum Tauschen der Rolle oder vertiefen in der bevorzugten Rolle geben<br \/>\n-&gt; die Teilnehmerzahl muss gerade sein, deshalb werde ich euch bei Alleinanmeldung als Doppelrollentanzende mit euren Kontaktdaten verbandeln und ihr entscheidet dann gemeinsam \u00fcber eure Anmeldung<\/p>\n<p>&nbsp;<\/p>\n<pre style=\"text-align: center;\"><a href=\"https:\/\/www.la-academia-tango.net\/cms\/anmeldung-sigrid-maria\/\" target=\"_blank\" rel=\"noopener\"><span style=\"color: #ffffff;\"><span style=\"color: #ad0536;\"><span style=\"color: #000000;\"><span style=\"font-size: 35px;\"><strong><span style=\"color: #ff0000;\">\u00bb Anmeldung \/ Registration\r\n<\/span><\/strong><\/span><span style=\"color: #333333;\"><span style=\"font-size: 20px;\">mit einem Klick hier oder per Mail an: info[at]la-academia-tango-dresden.de<\/span> <\/span><\/span><\/span><\/span><\/a><\/pre>\n<p>&nbsp;<\/p>\n<p>&nbsp;<\/p>\n<p><span style=\"font-size: 15px;\"><strong><em><span style=\"color: #808080;\">Schedule &amp; Format<\/span><\/em><\/strong><\/span><\/p>\n<p><em><span style=\"color: #808080; font-size: 14px;\">Monday, August 17 &#8211; <\/span><\/em><em><span style=\"color: #808080; font-size: 14px;\">Workshop from 6:00\u20138:00 pm, followed by a guided practice (pr\u00e1ctica).<\/span><\/em><\/p>\n<p><em><span style=\"color: #808080; font-size: 14px;\">Tuesday to Thursday dayly\u00a0 t<\/span><\/em><em><span style=\"color: #808080; font-size: 14px;\">wo hours of seminars each day, held in the morning and in the evening. &#8211;\u00a0 <\/span><\/em><em><span style=\"color: #808080; font-size: 14px;\">In the evenings, there will be guided pr\u00e1cticas.<\/span><\/em><\/p>\n<p><em><span style=\"color: #808080; font-size: 14px;\">Friday evening &#8211; <\/span><\/em><em><span style=\"color: #808080; font-size: 14px;\">Workshop, followed by a Milonga and a show.<\/span><\/em><\/p>\n<p><em><span style=\"color: #808080; font-size: 14px;\">Saturday &amp; Sunday<\/span><\/em><br \/>\n<em><span style=\"color: #808080; font-size: 14px;\">\u2022 One seminar in the morning<\/span><\/em><br \/>\n<em><span style=\"color: #808080; font-size: 14px;\">\u2022 One seminar in the afternoon<\/span><\/em><br \/>\n<em><span style=\"color: #808080; font-size: 14px;\">\u2022 Saturday evening: Milonga<\/span><\/em><br \/>\n<em><span style=\"color: #808080; font-size: 14px;\">\u2022 Sunday: Tango Pralin\u00e9<\/span><\/em><\/p>\n<p><em><span style=\"color: #808080; font-size: 14px;\">Throughout the week, pr\u00e1ctica time for questions and individual clarification is available to all participants.<\/span><\/em><\/p>\n<p><em><span style=\"color: #808080; font-size: 14px;\">Private lessons can be booked in advance or on site, subject to availability.<\/span><\/em><\/p>\n<p><em><span style=\"color: #808080; font-size: 14px;\">During the breaks, there is time to practice, relax, and enjoy the atmosphere.<\/span><\/em><br \/>\n<em><span style=\"color: #808080; font-size: 14px;\">Seminar participants are welcome to camp in the garden during the seminar days or use a parking space for a camper van.\u00a0Registration Options<\/span><\/em><\/p>\n<p><em><span style=\"font-size: 14px; color: #808080;\">You can register for the workshops and seminars as:<\/span><\/em><\/p>\n<p><em><span style=\"font-size: 14px; color: #808080;\">\u2022 A couple in your preferred role<\/span><\/em><br \/>\n<em><span style=\"font-size: 14px; color: #808080;\">\u2022 Dual-role dancers<\/span><\/em><br \/>\n<em><span style=\"font-size: 14px; color: #808080;\">\u2022 There will always be ample time to switch roles or to deepen work in your preferred role<\/span><\/em><br \/>\n<em><span style=\"font-size: 14px; color: #808080;\">\u2022 The number of participants must be even. If you register alone as a dual-role dancer, you will be connected with another participant (contact details will be shared). You then decide together whether to confirm your registration.<\/span><\/em><\/p>\n<p>&nbsp;<\/p>\n<p>&nbsp;<\/p>\n<p>&nbsp;<\/p>\n<pre style=\"text-align: center;\"><a href=\"https:\/\/www.la-academia-tango.net\/cms\/anmeldung-sigrid-maria\/\" target=\"_blank\" rel=\"noopener\"><span style=\"color: #ffffff;\"><span style=\"color: #ad0536;\"><span style=\"color: #000000;\"><span style=\"font-size: 35px;\"><strong><span style=\"color: #ff0000;\">\u00bb Registration<\/span><\/strong><\/span><\/span><\/span><\/span><\/a><\/pre>\n<p>&nbsp;<\/p>\n<p>&nbsp;<\/p>\n<p>&nbsp;<\/p>\n<p style=\"text-align: center;\"><img loading=\"lazy\" decoding=\"async\" class=\"aligncenter size-large wp-image-9488\" src=\"https:\/\/www.la-academia-tango.net\/cms\/wp-content\/uploads\/Flyer-Sigrid-Maria-11-1024x483.jpg\" alt=\"\" width=\"1024\" height=\"483\" srcset=\"https:\/\/www.la-academia-tango.net\/cms\/wp-content\/uploads\/Flyer-Sigrid-Maria-11-1024x483.jpg 1024w, https:\/\/www.la-academia-tango.net\/cms\/wp-content\/uploads\/Flyer-Sigrid-Maria-11-300x141.jpg 300w, https:\/\/www.la-academia-tango.net\/cms\/wp-content\/uploads\/Flyer-Sigrid-Maria-11-768x362.jpg 768w, https:\/\/www.la-academia-tango.net\/cms\/wp-content\/uploads\/Flyer-Sigrid-Maria-11-1536x724.jpg 1536w, https:\/\/www.la-academia-tango.net\/cms\/wp-content\/uploads\/Flyer-Sigrid-Maria-11-370x174.jpg 370w, https:\/\/www.la-academia-tango.net\/cms\/wp-content\/uploads\/Flyer-Sigrid-Maria-11-1040x490.jpg 1040w, https:\/\/www.la-academia-tango.net\/cms\/wp-content\/uploads\/Flyer-Sigrid-Maria-11.jpg 2000w\" sizes=\"auto, (max-width: 1024px) 100vw, 1024px\" \/><\/p>\n<p>&nbsp;<\/p>\n<p>&nbsp;<\/p>\n<p>&nbsp;<\/p>\n<p>&nbsp;<\/p>\n<p>&nbsp;<\/p>\n<p>&nbsp;<\/p>\n<p>&nbsp;<\/p>\n<pre style=\"text-align: center;\"><a style=\"color: #ff0000;\" href=\"http:\/\/www.la-academia-tango.net\/cms\/newsletter-anmeldung\/\" target=\"_blank\" rel=\"noopener noreferrer\">\u00bb Newsletter abonnieren<\/a><\/pre>\n<pre style=\"text-align: center;\"><span style=\"color: #ff0000;\"><a style=\"color: #ff0000;\" href=\"https:\/\/www.la-academia-tango.net\/cms\/keinen-newsletter-mehr\/\" target=\"_blank\" rel=\"noopener noreferrer\">\u00bb Newsletter abbestellen - antworte auf die Mail und schreibe \"ich m\u00f6chte keine Infos mehr\" oder klicke hier<\/a>\r\n<\/span><\/pre>\n<p>&nbsp;<\/p>\n<p>&nbsp;<\/p>\n","protected":false},"excerpt":{"rendered":"<p>\u00bb Summer Tango Meeting in La academia &amp; Workshops + Seminar mit DANCE DUO &#8222;ENTRE-DOS&#8220; Maria Filali &amp; Sigrid van Tilbeurgh, Der Termin steht fest: \u00a0EINE\u00a0 GANZE WOCHE vom 17. bis 23. August 2026 &nbsp;[&#8230;]<\/p>\n","protected":false},"author":2,"featured_media":0,"parent":0,"menu_order":0,"comment_status":"closed","ping_status":"closed","template":"","meta":{"footnotes":""},"class_list":["post-9207","page","type-page","status-publish","hentry"],"_links":{"self":[{"href":"https:\/\/www.la-academia-tango.net\/cms\/wp-json\/wp\/v2\/pages\/9207","targetHints":{"allow":["GET"]}}],"collection":[{"href":"https:\/\/www.la-academia-tango.net\/cms\/wp-json\/wp\/v2\/pages"}],"about":[{"href":"https:\/\/www.la-academia-tango.net\/cms\/wp-json\/wp\/v2\/types\/page"}],"author":[{"embeddable":true,"href":"https:\/\/www.la-academia-tango.net\/cms\/wp-json\/wp\/v2\/users\/2"}],"replies":[{"embeddable":true,"href":"https:\/\/www.la-academia-tango.net\/cms\/wp-json\/wp\/v2\/comments?post=9207"}],"version-history":[{"count":28,"href":"https:\/\/www.la-academia-tango.net\/cms\/wp-json\/wp\/v2\/pages\/9207\/revisions"}],"predecessor-version":[{"id":9765,"href":"https:\/\/www.la-academia-tango.net\/cms\/wp-json\/wp\/v2\/pages\/9207\/revisions\/9765"}],"wp:attachment":[{"href":"https:\/\/www.la-academia-tango.net\/cms\/wp-json\/wp\/v2\/media?parent=9207"}],"curies":[{"name":"wp","href":"https:\/\/api.w.org\/{rel}","templated":true}]}}