{"id":9144,"date":"2025-02-26T20:15:15","date_gmt":"2025-02-26T19:15:15","guid":{"rendered":"https:\/\/www.la-academia-tango.net\/cms\/?page_id=9144"},"modified":"2025-02-26T21:13:39","modified_gmt":"2025-02-26T20:13:39","slug":"kontakt-schmieden-tango","status":"publish","type":"page","link":"https:\/\/www.la-academia-tango.net\/cms\/kontakt-schmieden-tango\/","title":{"rendered":"Kontakt Schmieden &#038; Tango"},"content":{"rendered":"<p><span style=\"color: #ff0000; font-size: 19px;\"><strong>Gl\u00fcck, Feuer &amp; Leidenschaft erleben! <\/strong><\/span><span style=\"color: #ff0000;\"><strong>Melden Sie sich f\u00fcr unseren Newsletter an!\u00a0<\/strong><\/span><\/p>\n<p>Lassen Sie sich von besonderen Erlebnissen inspirieren!<\/p>\n<p>Tragen Sie sich in unseren Newsletter ein und erhalten Sie exklusive Angebote und spannende Neuigkeiten zu folgenden Themen:<\/p>\n<p>\u2022 Au\u00dfergew\u00f6hnliche Erlebnisse f\u00fcr Hochzeiten \u2013 Unvergessliche Momente an Ihrem Veranstaltungsort<br \/>\n\u2022 Schmiedekurse f\u00fcr Kleingruppen &amp; Firmenevents \u2013 Kreativit\u00e4t und Teamgeist auf ganz neue Weise<br \/>\n\u2022 Schmieden &amp; Tango \u2013 Die perfekte Kombination f\u00fcr Kleingruppen und Teams<br \/>\n\u2022 Tangoeinf\u00fchrungskurs zur Hochzeit \u2013 Ein romantisches Highlight f\u00fcr Brautpaar und Hochzeitsg\u00e4ste<\/p>\n<p>Verpassen Sie keine Neuigkeiten und lassen Sie sich von einzigartigen Erlebnissen \u00fcberraschen!<\/p>\n<p>F\u00fcr eine Anfrage oder Beratungstermin k\u00f6nnen Sie uns auch direkt eine Nachricht schicken, oder im Formular Ihre Frage schicken:<\/p>\n<p><span style=\"font-size: 14px; color: #333333;\"><strong>\u00a0Carsta &amp; Alexander Mock<\/strong><br \/>\n<\/span><span style=\"font-size: 14px; color: #333333;\">&#x2709;\u00a0 \u00a0 \u00a0 \u00a0erlebnis.eisen [at] gmail.com<br \/>\n&#x2709;\u00a0 \u00a0\u00a0 \u00a0 info\u00a0 [at]\u00a0 \u00a0la-academia-tango-dresden.de\u00a0 \u00a0 \u00a0 \u00a0 \u00a0 \u00a0 \u00a0 <\/span><\/p>\n<p><span style=\"font-size: 14px; color: #333333;\">\u00a0 \u00a0<span style=\"color: #808080;\">&#x1f4de;\u00a0 \u00a0 \u00a0+49 172 363 57 42\u00a0 \u00a0(auch per WhatsApp)<\/span><\/span><\/p>\n<div>\n<div><\/div>\n<\/div>\n<p>&nbsp;<\/p>\n<p>&nbsp;<\/p>\n<p>&nbsp;<\/p>\n\n<div class=\"wpcf7 no-js\" id=\"wpcf7-f9145-o1\" lang=\"de-DE\" dir=\"ltr\" data-wpcf7-id=\"9145\">\n<div class=\"screen-reader-response\"><p role=\"status\" aria-live=\"polite\" aria-atomic=\"true\"><\/p> <ul><\/ul><\/div>\n<form action=\"\/cms\/wp-json\/wp\/v2\/pages\/9144#wpcf7-f9145-o1\" method=\"post\" class=\"wpcf7-form init\" aria-label=\"Kontaktformular\" novalidate=\"novalidate\" data-status=\"init\">\n<div style=\"display: none;\">\n<input type=\"hidden\" name=\"_wpcf7\" value=\"9145\" \/>\n<input type=\"hidden\" name=\"_wpcf7_version\" value=\"6.0.5\" \/>\n<input type=\"hidden\" name=\"_wpcf7_locale\" value=\"de_DE\" \/>\n<input type=\"hidden\" name=\"_wpcf7_unit_tag\" value=\"wpcf7-f9145-o1\" \/>\n<input type=\"hidden\" name=\"_wpcf7_container_post\" value=\"0\" \/>\n<input type=\"hidden\" name=\"_wpcf7_posted_data_hash\" value=\"\" \/>\n<\/div>\n<p><label> Dein Name \/ your name (Pflichtfeld)<br \/>\n<span class=\"wpcf7-form-control-wrap\" data-name=\"your-name\"><input size=\"40\" maxlength=\"400\" class=\"wpcf7-form-control wpcf7-text wpcf7-validates-as-required\" aria-required=\"true\" aria-invalid=\"false\" value=\"\" type=\"text\" name=\"your-name\" \/><\/span> <\/label>\n<\/p>\n<p><label> Deine E-Mail-Adresse \/ your email (Pflichtfeld)<br \/>\n<span class=\"wpcf7-form-control-wrap\" data-name=\"your-email\"><input size=\"40\" maxlength=\"400\" class=\"wpcf7-form-control wpcf7-email wpcf7-validates-as-required wpcf7-text wpcf7-validates-as-email\" aria-required=\"true\" aria-invalid=\"false\" value=\"\" type=\"email\" name=\"your-email\" \/><\/span> <\/label>\n<\/p>\n<p><label> Betreff: Schmieden und Tango Newsletter abonnieren \/ subscribe<br \/>\n<label> Deine Nachricht: Teile uns gern mit, f\u00fcr welche Kurse Interesse besteht oder was du sonst gern mitteilen m\u00f6chtest<br \/>\n<span class=\"wpcf7-form-control-wrap\" data-name=\"your-message\"><textarea cols=\"40\" rows=\"10\" maxlength=\"2000\" class=\"wpcf7-form-control wpcf7-textarea\" aria-invalid=\"false\" name=\"your-message\"><\/textarea><\/span> <\/label><br \/>\n<label class=\"quiz\">Um Spam-EMails zu minimieren...<br \/>\nBitte beantworte noch diese Frage. Antworte mit einer Zahl<br \/>\n<span class=\"wpcf7-form-control-wrap\" data-name=\"quiz-836\"><label><span class=\"wpcf7-quiz-label\">Rechne F\u00fcnf plus vier?<\/span> <input size=\"40\" class=\"wpcf7-form-control wpcf7-quiz\" autocomplete=\"off\" aria-required=\"true\" aria-invalid=\"false\" type=\"text\" name=\"quiz-836\" \/><\/label><input type=\"hidden\" name=\"_wpcf7_quiz_answer_quiz-836\" value=\"7ef7b748c6bfca4c8f1121415597da9c\" \/><\/span><\/label><br \/>\n<input class=\"wpcf7-form-control wpcf7-submit has-spinner\" type=\"submit\" value=\"Senden\" \/><\/label>\n<\/p><div class=\"wpcf7-response-output\" aria-hidden=\"true\"><\/div>\n<\/form>\n<\/div>\n\n<p>&nbsp;<\/p>\n","protected":false},"excerpt":{"rendered":"<p>Gl\u00fcck, Feuer &amp; Leidenschaft erleben! Melden Sie sich f\u00fcr unseren Newsletter an!\u00a0 Lassen Sie sich von besonderen Erlebnissen inspirieren! Tragen Sie sich in unseren Newsletter ein und erhalten Sie exklusive Angebote und spannende Neuigkeiten zu[&#8230;]<\/p>\n","protected":false},"author":2,"featured_media":0,"parent":0,"menu_order":0,"comment_status":"closed","ping_status":"closed","template":"","meta":{"footnotes":""},"class_list":["post-9144","page","type-page","status-publish","hentry"],"_links":{"self":[{"href":"https:\/\/www.la-academia-tango.net\/cms\/wp-json\/wp\/v2\/pages\/9144","targetHints":{"allow":["GET"]}}],"collection":[{"href":"https:\/\/www.la-academia-tango.net\/cms\/wp-json\/wp\/v2\/pages"}],"about":[{"href":"https:\/\/www.la-academia-tango.net\/cms\/wp-json\/wp\/v2\/types\/page"}],"author":[{"embeddable":true,"href":"https:\/\/www.la-academia-tango.net\/cms\/wp-json\/wp\/v2\/users\/2"}],"replies":[{"embeddable":true,"href":"https:\/\/www.la-academia-tango.net\/cms\/wp-json\/wp\/v2\/comments?post=9144"}],"version-history":[{"count":8,"href":"https:\/\/www.la-academia-tango.net\/cms\/wp-json\/wp\/v2\/pages\/9144\/revisions"}],"predecessor-version":[{"id":9154,"href":"https:\/\/www.la-academia-tango.net\/cms\/wp-json\/wp\/v2\/pages\/9144\/revisions\/9154"}],"wp:attachment":[{"href":"https:\/\/www.la-academia-tango.net\/cms\/wp-json\/wp\/v2\/media?parent=9144"}],"curies":[{"name":"wp","href":"https:\/\/api.w.org\/{rel}","templated":true}]}}