{"id":9128,"date":"2025-02-24T15:19:35","date_gmt":"2025-02-24T14:19:35","guid":{"rendered":"https:\/\/www.la-academia-tango.net\/cms\/?page_id=9128"},"modified":"2025-11-11T16:17:39","modified_gmt":"2025-11-11T15:17:39","slug":"erlebnis-schmiede","status":"publish","type":"page","link":"https:\/\/www.la-academia-tango.net\/cms\/erlebnis-schmiede\/","title":{"rendered":"Erlebnis Schmiede"},"content":{"rendered":"<p><span style=\"color: #ff0000; font-size: 20px;\"><strong>Gl\u00fcck, Feuer &amp; Leidenschaft erleben!<\/strong><\/span><\/p>\n<p><strong>Wir bieten an:<\/strong><\/p>\n<ul>\n<li>au\u00dfergew\u00f6hnliche Erlebnisse f\u00fcr Hochzeiten am Veranstaltungsort.<\/li>\n<li>Schmiedekurse f\u00fcr Kleingruppen, Firmenevents,<\/li>\n<li>ein ganzes Wochenende mit der einzigartigen Verbindung von Schmieden &amp; Tango f\u00fcr Kleingruppen<\/li>\n<li>Tango-Einf\u00fchrungskurs zur Hochzeit f\u00fcr Brautpaar und Hochzeitsg\u00e4ste<\/li>\n<\/ul>\n<p>&nbsp;<\/p>\n<p><span style=\"font-size: 20px;\"><strong><span style=\"color: #ff0000;\">Zur Hochzeit<br \/>\n<\/span><\/strong><\/span><span style=\"font-size: 20px; color: #333333;\"><strong>\u00bb Schmiedet euer Gl\u00fcck<br \/>\n<\/strong><\/span><strong>Ein unvergessliches Erlebnis f\u00fcr den sch\u00f6nsten Tag!<\/strong><\/p>\n<p>Gestalten Sie Ihre Hochzeit noch einzigartiger!<br \/>\nUnter meiner fachkundigen Anleitung schmieden Sie gemeinsam als Braut und Br\u00e4utigam Ihr eigenes Gl\u00fcckshufeisen \u2013<br \/>\nein Symbol f\u00fcr Liebe, Gl\u00fcck und Best\u00e4ndigkeit.<br \/>\nSp\u00fcren Sie die Kraft des gl\u00fchenden Eisens, w\u00e4hrend Sie es am Amboss formen, und lassen Sie sich vom Knistern des Schmiedefeuers und dem Fauchen des historischen Blasebalgs verzaubern.<\/p>\n<p>Freuen Sie sich auf ein au\u00dfergew\u00f6hnliches Erlebnis und ein ganz pers\u00f6nliches Andenken an Ihren gro\u00dfen Tag.<\/p>\n<p>Daf\u00fcr komme ich an Ihren Veranstaltungsort.<\/p>\n<p><a href=\"https:\/\/www.schmiedenundtango.de\/hochzeit\/\" target=\"_blank\" rel=\"noopener nofollow\"><em><span style=\"color: #333333;\">\u00bb Mehr Infos hier<\/span><\/em><\/a><\/p>\n<p>&nbsp;<\/p>\n<p><span style=\"font-size: 20px; color: #333333;\"><strong><span style=\"color: #ff0000;\">Zur Hochzeit<\/span><br \/>\nPers\u00f6nlich &#8211; Unvergesslich &#8211; Sinnlich<br \/>\n<\/strong><\/span><strong>Tango zur Hochzeit \u2013 Ein unvergessliches Erlebnis f\u00fcr Brautpaar und G\u00e4ste! <\/strong><\/p>\n<p>F\u00fcr Ihren Hochzeitstanz studieren wir gern vorab einen Tango-Vals ein, um den Tanz zur Feier zu er\u00f6ffnen.<br \/>\nDazu nehmen Sie sich vorab Zeit, um in der Tanzschule zu Ihren privaten individuellen Zeiten den Tanz unter meiner Anleitung einzu\u00fcben.<\/p>\n<p>Auch zur Hochzeitsfeier selbst k\u00f6nnen Sie sich f\u00fcr eine Einf\u00fchrungsstunde f\u00fcr alle G\u00e4ste entscheiden.<\/p>\n<p>Daf\u00fcr kommen wir an Ihren Veranstaltungsort.<\/p>\n<p><a href=\"https:\/\/www.schmiedenundtango.de\/hochzeit\/\" target=\"_blank\" rel=\"noopener nofollow\"><em><span style=\"color: #333333;\">\u00bb Mehr Infos finden Sie hier<\/span><\/em><\/a><\/p>\n<p>&nbsp;<\/p>\n<p>&nbsp;<\/p>\n<p><span style=\"font-size: 20px;\"><strong><span style=\"color: #ff0000;\">Schmiedekurse<\/span><\/strong><\/span><\/p>\n<p><strong>Feuer, Funken und pure Handwerkskunst &#8211; Dein Schmiede-Erlebnis!!<\/strong><\/p>\n<p>Tauchen Sie ein in die faszinierende Welt des Schmiedens! In unseren Tageskursen (10\u201317 Uhr, inklusive Mittagspause) erleben Sie gemeinsam in der Gruppe, wie gl\u00fchendes Metall unter Ihren H\u00e4nden Form annimmt. Unter fachkundiger Anleitung erlernen Sie die Grundlagen dieses traditionellen Handwerks und schmieden mit eigener Kraft kleine, einzigartige Gebrauchsgegenst\u00e4nde.<\/p>\n<p>Ein unvergessliches Erlebnis f\u00fcr Freunde, Teams oder alle, die etwas Besonderes erschaffen m\u00f6chten!<\/p>\n<p>Auch als Gutschein erh\u00e4ltlich \u2013 das perfekte Geschenk f\u00fcr Abenteurer und Kreative.<span style=\"color: #808080;\"><em><span style=\"font-size: 14px;\">\u00a0<\/span><\/em><\/span><\/p>\n<p><a href=\"https:\/\/www.schmiedenundtango.de\/\" target=\"_blank\" rel=\"noopener nofollow\"><em><span style=\"color: #333333;\">\u00bb mehr Informationen finden Sie hier<\/span><\/em><\/a><\/p>\n<p>&nbsp;<\/p>\n<p>&nbsp;<\/p>\n<p><span style=\"font-size: 20px;\"><strong><span style=\"color: #ff0000;\">Schmieden und Tango<\/span><\/strong><\/span><\/p>\n<p><strong>Feuer trifft Leidenschaft \u2013 Schmieden &amp; Tango als einzigartiges Teamerlebnis! <\/strong><\/p>\n<p>Erleben Sie au\u00dfergew\u00f6hnliche Tage voller Kontraste und Harmonie!<br \/>\nBeim Schmieden formen Sie mit kraftvollen Schl\u00e4gen gl\u00fchendes Eisen, beim Tango lassen Sie sich von der Musik und der Dynamik des Tanzes mitrei\u00dfen. Zwei scheinbar gegens\u00e4tzliche Welten, die doch eines gemeinsam haben \u2013 Rhythmus, Kreativit\u00e4t und das perfekte Zusammenspiel.<\/p>\n<p>Dieser besondere Kurs ist ideal f\u00fcr Paare, Kleingruppen oder Teams, die gemeinsam etwas Einzigartiges erleben m\u00f6chten.<\/p>\n<p>St\u00e4rken Sie das Miteinander auf eine neue, kreative Weise!<\/p>\n<p><em><a href=\"https:\/\/www.schmiedenundtango.de\/\" target=\"_blank\" rel=\"noopener nofollow\"><span style=\"color: #333333;\">\u00bb mehr Informationen finden Sie hier<\/span><\/a><\/em><\/p>\n<p>&nbsp;<\/p>\n<p>&nbsp;<\/p>\n<p>&nbsp;<\/p>\n<p>&nbsp;<\/p>\n<pre><a href=\"https:\/\/www.schmiedenundtango.de\/newsletter-bestellen\/\" target=\"_blank\" rel=\"noopener nofollow\"><span style=\"font-size: 20px;\"><em><span style=\"color: #333333;\">\u00bb Verpassen Sie keine Neuigkeiten und aktuellen Angebote\u00a0 - Bestellen Sie unseren Newsletter<\/span><\/em><\/span><\/a><\/pre>\n<p>&nbsp;<\/p>\n<p>&nbsp;<\/p>\n<p><a href=\"https:\/\/www.la-academia-tango.net\/cms\/erlebnis-schmiede\/\"><img loading=\"lazy\" decoding=\"async\" class=\"prozent aligncenter wp-image-9157 size-large\" src=\"https:\/\/www.la-academia-tango.net\/cms\/wp-content\/uploads\/Schmiedet-euer-Glueck-5-1024x485.jpg\" alt=\"\" width=\"1024\" height=\"485\" \/><\/a><\/p>\n<p>&nbsp;<\/p>\n<p><span style=\"font-size: 6px; color: #808080;\">https:\/\/tinyurl.com\/29ruu6d9<\/span><\/p>\n<p>&nbsp;<\/p>\n<p>&nbsp;<\/p>\n","protected":false},"excerpt":{"rendered":"<p>Gl\u00fcck, Feuer &amp; Leidenschaft erleben! Wir bieten an: au\u00dfergew\u00f6hnliche Erlebnisse f\u00fcr Hochzeiten am Veranstaltungsort. Schmiedekurse f\u00fcr Kleingruppen, Firmenevents, ein ganzes Wochenende mit der einzigartigen Verbindung von Schmieden &amp; Tango f\u00fcr Kleingruppen Tango-Einf\u00fchrungskurs zur Hochzeit f\u00fcr[&#8230;]<\/p>\n","protected":false},"author":2,"featured_media":0,"parent":0,"menu_order":0,"comment_status":"closed","ping_status":"closed","template":"","meta":{"footnotes":""},"class_list":["post-9128","page","type-page","status-publish","hentry"],"_links":{"self":[{"href":"https:\/\/www.la-academia-tango.net\/cms\/wp-json\/wp\/v2\/pages\/9128","targetHints":{"allow":["GET"]}}],"collection":[{"href":"https:\/\/www.la-academia-tango.net\/cms\/wp-json\/wp\/v2\/pages"}],"about":[{"href":"https:\/\/www.la-academia-tango.net\/cms\/wp-json\/wp\/v2\/types\/page"}],"author":[{"embeddable":true,"href":"https:\/\/www.la-academia-tango.net\/cms\/wp-json\/wp\/v2\/users\/2"}],"replies":[{"embeddable":true,"href":"https:\/\/www.la-academia-tango.net\/cms\/wp-json\/wp\/v2\/comments?post=9128"}],"version-history":[{"count":27,"href":"https:\/\/www.la-academia-tango.net\/cms\/wp-json\/wp\/v2\/pages\/9128\/revisions"}],"predecessor-version":[{"id":9557,"href":"https:\/\/www.la-academia-tango.net\/cms\/wp-json\/wp\/v2\/pages\/9128\/revisions\/9557"}],"wp:attachment":[{"href":"https:\/\/www.la-academia-tango.net\/cms\/wp-json\/wp\/v2\/media?parent=9128"}],"curies":[{"name":"wp","href":"https:\/\/api.w.org\/{rel}","templated":true}]}}