{"id":8716,"date":"2024-11-12T14:45:56","date_gmt":"2024-11-12T13:45:56","guid":{"rendered":"https:\/\/www.la-academia-tango.net\/cms\/?page_id=8716"},"modified":"2025-11-12T12:58:03","modified_gmt":"2025-11-12T11:58:03","slug":"flavia-eric","status":"publish","type":"page","link":"https:\/\/www.la-academia-tango.net\/cms\/flavia-eric\/","title":{"rendered":"Flavia Kohut &#038; Eric Dinzel"},"content":{"rendered":"<p>&nbsp;<\/p>\n<p>&nbsp;<\/p>\n<p style=\"text-align: center;\"><span style=\"font-size: 28px;\"><a href=\"https:\/\/www.la-academia-tango.net\/cms\/flavia-eric\/\"><strong><span style=\"color: #ff0000;\"><span style=\"color: #ff0000;\"><span style=\"caret-color: #000000;\">\u00bb Flavia Kohut &amp; Eric Dinzel laden ein<\/span><\/span><\/span><\/strong><\/a><\/span><\/p>\n<p>&nbsp;<\/p>\n<p style=\"text-align: center;\"><span style=\"color: #ff0000; font-size: 24pt;\">6. | 7. | 8. Februar<\/span><\/p>\n<p>&nbsp;<\/p>\n<p style=\"text-align: left;\">Wir freuen, dass\u00a0 Eric Dinzel und Flavia Kohut zum zweiten Mal zu uns kommen und in ihrem spritzigen, konzentrierten Workshop \/ Seminar ihr Tanzen mit uns teilen. Nat\u00fcrlich d\u00fcrft ihr euch auch wieder auf einen Showtanz freuen.<\/p>\n<p style=\"text-align: left;\">Eric leitet und unterricht das Dinzel Studio und das CETBA in Buenos Aires, der Tango-Universit\u00e4t in Buenos Aires. Bereits 2011 und 2013 unterrichtete er beim Tango World Festival und ist an verschiedenen Tangozentren in Europa gefragt. \u00dcbrigens&#8230;Die CETBA bietet die einzige offizielle Ausbildung f\u00fcr Tangoleherer an, die durch das argentinische Bildungsministerium anerkannt ist.<\/p>\n<p style=\"text-align: left;\">Flavia hat eine Ausbildung in klassischem Tanz und verf\u00fcgt \u00fcber Kenntnisse im Bereich des modernen Tanzes und des Jazztanzes. Ihre Tangokarriere begann, als sie 2012 am Improvisationsseminar von Rodolfo und Eric Dinzel teilnahm. Heute arbeitet sie mit Eric sowohl in der Lehre als auch als seine Tanz Partnerin zusammen<\/p>\n<p>&nbsp;<\/p>\n<p style=\"text-align: left;\"><a href=\"https:\/\/buenosaires.gob.ar\/noticias\/escuela-de-dia-milonga-de-noche-es-el-hijo-de-una-pareja-iconica-del-tango-y-ahora-ensena\" target=\"_blank\" rel=\"noopener nofollow\">\u00bbHier<\/a> k\u00f6nnt ihr mehr lesen und h\u00f6ren<\/p>\n<p style=\"text-align: center;\"><span style=\"color: #ffffff;\">.<\/span><\/p>\n<p style=\"text-align: center;\"><span style=\"color: #000000;\"><strong>Freitag<\/strong><\/span><\/p>\n<p style=\"text-align: center;\"><span style=\"color: #000000;\">Workshop Flavia &amp; Eric\u00a0 \u00a019.00 Uhr<br \/>\n.<\/span><\/p>\n<p style=\"text-align: center;\"><strong><span style=\"color: #ff0000;\">\u2022 21.00 Uhr\u00a0 Milonga mit Show von Flavia &amp; Eric<\/span><\/strong><\/p>\n<p>&nbsp;<\/p>\n<p>&nbsp;<\/p>\n<p style=\"text-align: center;\"><span style=\"color: #000000;\"><strong>Samstag <\/strong><\/span><\/p>\n<p style=\"text-align: center;\"><span style=\"color: #000000;\">Seminar Teil A\u00a0 <strong>\u2022<\/strong>\u00a0<\/span><span style=\"color: #000000;\">11.00 Uhr <strong>\u2022 <\/strong>3 Stunden + Pausen<br \/>\n<\/span><span style=\"color: #000000;\">. <\/span><\/p>\n<p style=\"text-align: center;\"><span style=\"color: #000000;\">Workshop 15.00 <strong>\u2022 <\/strong>1,5 Stunden<br \/>\n. <\/span><\/p>\n<p style=\"text-align: center;\"><strong>Tanzen<\/strong> am Samstag Abend in einer regionalen Milonga wer mag<\/p>\n<p>&nbsp;<\/p>\n<p>&nbsp;<\/p>\n<p style=\"text-align: center;\"><span style=\"color: #000000;\"><strong>Sonntag<\/strong><\/span><\/p>\n<p style=\"text-align: center;\"><span style=\"color: #000000;\">Seminar Teil B\u00a0 <strong>\u2022<\/strong>\u00a0<\/span><span style=\"color: #000000;\">11.00 Uhr <strong>\u2022 <\/strong>3 Stunden + Pausen<br \/>\n<\/span><span style=\"color: #000000;\">. <\/span><\/p>\n<p style=\"text-align: center;\"><span style=\"color: #000000;\">Workshop 15.00 <strong>\u2022 <\/strong>1,5 Stunden<br \/>\n.&#8220;\u00a0 <\/span><\/p>\n<p>&nbsp;<\/p>\n<p style=\"text-align: center;\"><span style=\"color: #ff0000;\"><strong>\u2022 \u2022 \u2022 \u2022 \u2022 \u2022 \u2022 \u2022 \u2022 \u2022<\/strong><\/span><\/p>\n<p>&nbsp;<\/p>\n<p>&nbsp;<\/p>\n<p style=\"text-align: center;\"><span style=\"color: #000000;\">Es w\u00e4re sch\u00f6n, wenn ihr eine Kleinigkeit f\u00fcr das Pausen-Mitbringbuffet mitbringt<\/span><\/p>\n<p style=\"text-align: center;\"><span style=\"color: #000000;\">Anmeldung f\u00fcr Workshops und\u00a0 Seminar\u00a0 \u00a0als als Paar\u00a0<\/span><br \/>\n<span style=\"color: #ff0000;\">Zur Milonga am Freitag k\u00f6nnt ihr nat\u00fcrlich ohne Anmeldung kommen<\/span><\/p>\n<p>&nbsp;<\/p>\n<p>&nbsp;<\/p>\n<p style=\"text-align: center;\"><span style=\"color: #ff0000;\"><strong>\u2022 \u2022 \u2022 \u2022 \u2022 \u2022 \u2022 \u2022 \u2022 \u2022<\/strong><\/span><\/p>\n<p>&nbsp;<\/p>\n<p>&nbsp;<\/p>\n<p>&nbsp;<\/p>\n<p>&nbsp;<\/p>\n<p style=\"text-align: center;\"><span style=\"font-size: 10pt;\">Preise pro Person:<br \/>\n<\/span><span style=\"font-size: 10pt;\">Gesamtpaket<br \/>\nGesamtpaket f\u00fcr Seminare Sa + So | Workshops Fr + Sa + So | Milonga am Fr mit Show:<br \/>\nFr\u00fchbucher bis 30.11. &#8211; 195\u20ac\u00a0 bis 15.Dezember 205\u20ac\u00a0 &#8211; Normalpreis\u00a0 220\u20ac<\/span><\/p>\n<p style=\"text-align: center;\"><span style=\"font-size: 10pt;\">Einzelbuchungen:<br \/>\nFreitag:\u00a0 WS + Milonga 38<\/span><span style=\"font-size: 10pt;\">\u20ac\u00a0 | Freitag nur Milonga mit Show 10\u20ac<br \/>\n<\/span><span style=\"font-size: 10pt;\">Sa + So nur Seminar 140\u20ac | Seminar nur Sa oder So 80\u20ac<br \/>\nWorkshop 38\u20ac<\/span><\/p>\n<p style=\"text-align: center;\"><span style=\"color: #ff0000; font-size: 14pt;\">Zur Milonga k\u00f6nnt ihr auch ohne Anmeldung kommen.<\/span><\/p>\n<p style=\"text-align: center;\"><span style=\"color: #000000;\"><span style=\"color: #ffffff;\">. <\/span><\/span><\/p>\n<p style=\"text-align: center;\"><span style=\"color: #000000;\"><span style=\"color: #ffffff;\">. <\/span><\/span><\/p>\n<p style=\"text-align: center;\"><span style=\"color: #ffffff;\">.<\/span><\/p>\n<p style=\"text-align: center;\"><span style=\"color: #ff0000;\"><strong>\u2022 \u2022 \u2022 \u2022 \u2022 \u2022 \u2022 \u2022 \u2022 \u2022<\/strong><\/span><\/p>\n<p>&nbsp;<\/p>\n<p>&nbsp;<\/p>\n<p style=\"text-align: center;\"><span style=\"color: #ffffff;\">.<\/span><\/p>\n<p style=\"text-align: center;\"><span style=\"color: #ffffff;\">.<span style=\"color: #ad0536;\"><span style=\"color: #000000;\"><strong>\u00a0Anmeldung \/ Anfrage<\/strong><br \/>\nper Mail an info[at]la-academia-tango-dresden.de\u00a0oder per Telefon<\/span><span style=\"color: #008080;\"> <a style=\"color: #008080;\" href=\"http:\/\/www.la-academia-tango.net\/cms\/kontakt\/\">\u00bb Kontakt<\/a><\/span><\/span><\/span><\/p>\n<p>&nbsp;<\/p>\n<p>&nbsp;<\/p>\n<p>&nbsp;<\/p>\n<p style=\"text-align: center;\"><span style=\"color: #ffffff;\">.<\/span><\/p>\n<p style=\"text-align: center;\"><span style=\"color: #ff0000;\"><strong>\u2022 \u2022 \u2022 \u2022 \u2022 \u2022 \u2022 \u2022 \u2022 \u2022<\/strong><\/span><\/p>\n<p style=\"text-align: center;\"><span style=\"color: #ffffff;\">.<\/span><\/p>\n<p>&nbsp;<\/p>\n<p>&nbsp;<\/p>\n<p>&nbsp;<\/p>\n<p>&nbsp;<\/p>\n<p>&nbsp;<\/p>\n<p>&nbsp;<\/p>\n<p style=\"text-align: center;\"><span style=\"color: #ffffff;\">.<\/span><\/p>\n<p style=\"text-align: center;\"><a href=\"https:\/\/www.la-academia-tango.net\/cms\/kalender\/\"><span style=\"color: #ff0000;\">\u00bb hier im Kalender findet ihr weitere Aktivit\u00e4ten von und mit La academia<\/span><\/a><\/p>\n<p>&nbsp;<\/p>\n<p>&nbsp;<\/p>\n<h3 style=\"text-align: center;\"><\/h3>\n<p style=\"text-align: center;\"><span style=\"color: #000000;\"><span style=\"font-size: 20px;\"><a href=\"https:\/\/www.la-academia-tango.net\/cms\/gutschein\/\"><span style=\"color: #ff0000;\">\u00bb Gutscheine<\/span><\/a><\/span><br \/>\nOb zu Weihnachten oder zum Geburtstag f\u00fcr einen Kurs, ein Event oder oder oder&#8230;.gern fertigen wir individuelle Gutscheine an.<\/span><\/p>\n<h3 style=\"text-align: center;\"><span style=\"color: #ff0000;\"><span style=\"color: #000000;\"><strong><span style=\"font-size: 10pt; color: #ffffff;\">.<\/span><\/strong><\/span><\/span><\/h3>\n<div class=\"line-red\" style=\"text-align: center;\"><\/div>\n<div><\/div>\n<div><\/div>\n<div><\/div>\n<div style=\"text-align: center;\"><\/div>\n<div><\/div>\n<div><\/div>\n<div><\/div>\n<pre><span style=\"color: #ff0000;\"><a style=\"color: #ff0000;\" href=\"http:\/\/www.la-academia-tango.net\/cms\/newsletter-anmeldung\/\">\u00bb Wer vorzeitig per Mail \u00fcber Termine, Veranstaltungen... informiert werden m\u00f6chte, klickt bitte \u00a0hier<\/a><\/span><\/pre>\n<address>\u00a0<\/address>\n<p>&nbsp;<\/p>\n<pre><span style=\"color: #ff0000;\"><a style=\"color: #ff0000;\" href=\"https:\/\/www.la-academia-tango.net\/cms\/keinen-newsletter-mehr\/\">\u00bb Hier kannst du den Newsletter abbestellen<\/a><\/span><\/pre>\n<p style=\"text-align: center;\"><span style=\"color: #ffffff;\">.<\/span><span style=\"color: #ffffff;\">.<\/span><\/p>\n<p>&nbsp;<\/p>\n","protected":false},"excerpt":{"rendered":"<p>&nbsp; &nbsp; \u00bb Flavia Kohut &amp; Eric Dinzel laden ein &nbsp; 6. | 7. | 8. Februar &nbsp; Wir freuen, dass\u00a0 Eric Dinzel und Flavia Kohut zum zweiten Mal zu uns kommen und in ihrem[&#8230;]<\/p>\n","protected":false},"author":2,"featured_media":0,"parent":0,"menu_order":0,"comment_status":"closed","ping_status":"closed","template":"","meta":{"footnotes":""},"class_list":["post-8716","page","type-page","status-publish","hentry"],"_links":{"self":[{"href":"https:\/\/www.la-academia-tango.net\/cms\/wp-json\/wp\/v2\/pages\/8716","targetHints":{"allow":["GET"]}}],"collection":[{"href":"https:\/\/www.la-academia-tango.net\/cms\/wp-json\/wp\/v2\/pages"}],"about":[{"href":"https:\/\/www.la-academia-tango.net\/cms\/wp-json\/wp\/v2\/types\/page"}],"author":[{"embeddable":true,"href":"https:\/\/www.la-academia-tango.net\/cms\/wp-json\/wp\/v2\/users\/2"}],"replies":[{"embeddable":true,"href":"https:\/\/www.la-academia-tango.net\/cms\/wp-json\/wp\/v2\/comments?post=8716"}],"version-history":[{"count":12,"href":"https:\/\/www.la-academia-tango.net\/cms\/wp-json\/wp\/v2\/pages\/8716\/revisions"}],"predecessor-version":[{"id":8719,"href":"https:\/\/www.la-academia-tango.net\/cms\/wp-json\/wp\/v2\/pages\/8716\/revisions\/8719"}],"wp:attachment":[{"href":"https:\/\/www.la-academia-tango.net\/cms\/wp-json\/wp\/v2\/media?parent=8716"}],"curies":[{"name":"wp","href":"https:\/\/api.w.org\/{rel}","templated":true}]}}

<p>&nbsp;</p>
<p>&nbsp;</p>
<p style="text-align: center;"><span style="font-size: 28px;"><a href="https://www.la-academia-tango.net/cms/flavia-eric/"><strong><span style="color: #ff0000;"><span style="color: #ff0000;"><span style="caret-color: #000000;">» Flavia Kohut &amp; Eric Dinzel laden ein</span></span></span></strong></a></span></p>
<p>&nbsp;</p>
<p style="text-align: center;"><span style="color: #ff0000; font-size: 24pt;">6. | 7. | 8. Februar</span></p>
<p>&nbsp;</p>
<p style="text-align: left;">Wir freuen, dass  Eric Dinzel und Flavia Kohut zum zweiten Mal zu uns kommen und in ihrem spritzigen, konzentrierten Workshop / Seminar ihr Tanzen mit uns teilen. Natürlich dürft ihr euch auch wieder auf einen Showtanz freuen.</p>
<p style="text-align: left;">Eric leitet und unterricht das Dinzel Studio und das CETBA in Buenos Aires, der Tango-Universität in Buenos Aires. Bereits 2011 und 2013 unterrichtete er beim Tango World Festival und ist an verschiedenen Tangozentren in Europa gefragt. Übrigens&#8230;Die CETBA bietet die einzige offizielle Ausbildung für Tangoleherer an, die durch das argentinische Bildungsministerium anerkannt ist.</p>
<p style="text-align: left;">Flavia hat eine Ausbildung in klassischem Tanz und verfügt über Kenntnisse im Bereich des modernen Tanzes und des Jazztanzes. Ihre Tangokarriere begann, als sie 2012 am Improvisationsseminar von Rodolfo und Eric Dinzel teilnahm. Heute arbeitet sie mit Eric sowohl in der Lehre als auch als seine Tanz Partnerin zusammen</p>
<p>&nbsp;</p>
<p style="text-align: left;"><a href="https://buenosaires.gob.ar/noticias/escuela-de-dia-milonga-de-noche-es-el-hijo-de-una-pareja-iconica-del-tango-y-ahora-ensena" target="_blank" rel="noopener nofollow">»Hier</a> könnt ihr mehr lesen und hören</p>
<p style="text-align: center;"><span style="color: #ffffff;">.</span></p>
<p style="text-align: center;"><span style="color: #000000;"><strong>Freitag</strong></span></p>
<p style="text-align: center;"><span style="color: #000000;">Workshop Flavia &amp; Eric   19.00 Uhr<br />
.</span></p>
<p style="text-align: center;"><strong><span style="color: #ff0000;">• 21.00 Uhr  Milonga mit Show von Flavia &amp; Eric</span></strong></p>
<p>&nbsp;</p>
<p>&nbsp;</p>
<p style="text-align: center;"><span style="color: #000000;"><strong>Samstag </strong></span></p>
<p style="text-align: center;"><span style="color: #000000;">Seminar Teil A  <strong>•</strong> </span><span style="color: #000000;">11.00 Uhr <strong>• </strong>3 Stunden + Pausen<br />
</span><span style="color: #000000;">. </span></p>
<p style="text-align: center;"><span style="color: #000000;">Workshop 15.00 <strong>• </strong>1,5 Stunden<br />
. </span></p>
<p style="text-align: center;"><strong>Tanzen</strong> am Samstag Abend in einer regionalen Milonga wer mag</p>
<p>&nbsp;</p>
<p>&nbsp;</p>
<p style="text-align: center;"><span style="color: #000000;"><strong>Sonntag</strong></span></p>
<p style="text-align: center;"><span style="color: #000000;">Seminar Teil B  <strong>•</strong> </span><span style="color: #000000;">11.00 Uhr <strong>• </strong>3 Stunden + Pausen<br />
</span><span style="color: #000000;">. </span></p>
<p style="text-align: center;"><span style="color: #000000;">Workshop 15.00 <strong>• </strong>1,5 Stunden<br />
.&#8220;  </span></p>
<p>&nbsp;</p>
<p style="text-align: center;"><span style="color: #ff0000;"><strong>• • • • • • • • • •</strong></span></p>
<p>&nbsp;</p>
<p>&nbsp;</p>
<p style="text-align: center;"><span style="color: #000000;">Es wäre schön, wenn ihr eine Kleinigkeit für das Pausen-Mitbringbuffet mitbringt</span></p>
<p style="text-align: center;"><span style="color: #000000;">Anmeldung für Workshops und  Seminar   als als Paar </span><br />
<span style="color: #ff0000;">Zur Milonga am Freitag könnt ihr natürlich ohne Anmeldung kommen</span></p>
<p>&nbsp;</p>
<p>&nbsp;</p>
<p style="text-align: center;"><span style="color: #ff0000;"><strong>• • • • • • • • • •</strong></span></p>
<p>&nbsp;</p>
<p>&nbsp;</p>
<p>&nbsp;</p>
<p>&nbsp;</p>
<p style="text-align: center;"><span style="font-size: 10pt;">Preise pro Person:<br />
</span><span style="font-size: 10pt;">Gesamtpaket<br />
Gesamtpaket für Seminare Sa + So | Workshops Fr + Sa + So | Milonga am Fr mit Show:<br />
Frühbucher bis 30.11. &#8211; 195€  bis 15.Dezember 205€  &#8211; Normalpreis  220€</span></p>
<p style="text-align: center;"><span style="font-size: 10pt;">Einzelbuchungen:<br />
Freitag:  WS + Milonga 38</span><span style="font-size: 10pt;">€  | Freitag nur Milonga mit Show 10€<br />
</span><span style="font-size: 10pt;">Sa + So nur Seminar 140€ | Seminar nur Sa oder So 80€<br />
Workshop 38€</span></p>
<p style="text-align: center;"><span style="color: #ff0000; font-size: 14pt;">Zur Milonga könnt ihr auch ohne Anmeldung kommen.</span></p>
<p style="text-align: center;"><span style="color: #000000;"><span style="color: #ffffff;">. </span></span></p>
<p style="text-align: center;"><span style="color: #000000;"><span style="color: #ffffff;">. </span></span></p>
<p style="text-align: center;"><span style="color: #ffffff;">.</span></p>
<p style="text-align: center;"><span style="color: #ff0000;"><strong>• • • • • • • • • •</strong></span></p>
<p>&nbsp;</p>
<p>&nbsp;</p>
<p style="text-align: center;"><span style="color: #ffffff;">.</span></p>
<p style="text-align: center;"><span style="color: #ffffff;">.<span style="color: #ad0536;"><span style="color: #000000;"><strong> Anmeldung / Anfrage</strong><br />
per Mail an info[at]la-academia-tango-dresden.de oder per Telefon</span><span style="color: #008080;"> <a style="color: #008080;" href="http://www.la-academia-tango.net/cms/kontakt/">» Kontakt</a></span></span></span></p>
<p>&nbsp;</p>
<p>&nbsp;</p>
<p>&nbsp;</p>
<p style="text-align: center;"><span style="color: #ffffff;">.</span></p>
<p style="text-align: center;"><span style="color: #ff0000;"><strong>• • • • • • • • • •</strong></span></p>
<p style="text-align: center;"><span style="color: #ffffff;">.</span></p>
<p>&nbsp;</p>
<p>&nbsp;</p>
<p>&nbsp;</p>
<p>&nbsp;</p>
<p>&nbsp;</p>
<p>&nbsp;</p>
<p style="text-align: center;"><span style="color: #ffffff;">.</span></p>
<p style="text-align: center;"><a href="https://www.la-academia-tango.net/cms/kalender/"><span style="color: #ff0000;">» hier im Kalender findet ihr weitere Aktivitäten von und mit La academia</span></a></p>
<p>&nbsp;</p>
<p>&nbsp;</p>
<h3 style="text-align: center;"></h3>
<p style="text-align: center;"><span style="color: #000000;"><span style="font-size: 20px;"><a href="https://www.la-academia-tango.net/cms/gutschein/"><span style="color: #ff0000;">» Gutscheine</span></a></span><br />
Ob zu Weihnachten oder zum Geburtstag für einen Kurs, ein Event oder oder oder&#8230;.gern fertigen wir individuelle Gutscheine an.</span></p>
<h3 style="text-align: center;"><span style="color: #ff0000;"><span style="color: #000000;"><strong><span style="font-size: 10pt; color: #ffffff;">.</span></strong></span></span></h3>
<div class="line-red" style="text-align: center;"></div>
<div></div>
<div></div>
<div></div>
<div style="text-align: center;"></div>
<div></div>
<div></div>
<div></div>
<pre><span style="color: #ff0000;"><a style="color: #ff0000;" href="http://www.la-academia-tango.net/cms/newsletter-anmeldung/">» Wer vorzeitig per Mail über Termine, Veranstaltungen... informiert werden möchte, klickt bitte  hier</a></span></pre>
<address> </address>
<p>&nbsp;</p>
<pre><span style="color: #ff0000;"><a style="color: #ff0000;" href="https://www.la-academia-tango.net/cms/keinen-newsletter-mehr/">» Hier kannst du den Newsletter abbestellen</a></span></pre>
<p style="text-align: center;"><span style="color: #ffffff;">.</span><span style="color: #ffffff;">.</span></p>
<p>&nbsp;</p>
