{"id":8043,"date":"2023-10-21T16:56:01","date_gmt":"2023-10-21T15:56:01","guid":{"rendered":"https:\/\/www.la-academia-tango.net\/cms\/?page_id=8043"},"modified":"2026-02-17T18:11:03","modified_gmt":"2026-02-17T17:11:03","slug":"proitzer-muehle-tango-lab","status":"publish","type":"page","link":"https:\/\/www.la-academia-tango.net\/cms\/proitzer-muehle-tango-lab\/","title":{"rendered":"Proitzer M\u00fchle Tango LAB"},"content":{"rendered":"<p style=\"text-align: center;\"><span style=\"font-size: 14pt; color: #ffffff;\">|<\/span><\/p>\n<p style=\"text-align: center;\"><span style=\"font-size: 10pt;\"><a href=\"https:\/\/www.la-academia-tango.net\/cms\/proitzer-muehle-tango-lab\/\"><strong><span style=\"font-size: 18pt;\"><span style=\"color: #ff0000;\"><span style=\"caret-color: #000000;\">\u00bbTango Lab Proitzer M\u00fchle &amp; Tango United\u00a0<\/span><\/span><\/span><\/strong><\/a><br \/>\nOrganisiert von Ines Moussavi\u00a0 &#8211; La Berlinesa<br \/>\nTanzen an einem wundersch\u00f6nen Ort und Umgebung. Der Schwerpunkt liegt beim \u00dcben und Tanzen,<br \/>\nEine Teilnahme der Workshopangebote\u00a0 k\u00f6nnt ihr spontan entscheiden von und mit den Lehrern Ines &amp; Constantin; Gaia &amp; Leandro; Carsta; Ruth;<br \/>\nF\u00fcr Hobby-Musiker ist das\u00a0 \u00a0Orchester-Lab mit Korey zeitgleich sehr interessant.<\/span><\/p>\n<p style=\"text-align: center;\" data-fontsize=\"25.5\" data-lineheight=\"38.25px\"><a href=\"https:\/\/www.tangotanzen.de\/tango-lab-fruehling-2026\/\" target=\"_blank\" rel=\"noopener nofollow\">\u00bb Tango Lab Fr\u00fchjahr 27.03. \u2013 5.4.2026\u00a0<\/a> \u00a0 \u00a0 <a href=\"https:\/\/www.tangotanzen.de\/tango-orchester-lab-proitzer-muehle-im-sommer-2026\/\" target=\"_blank\" rel=\"noopener nofollow\">\u00bb Tango Lab Sommer 24.07. \u2013 02.08.2026<\/a> \u00a0 \u00a0 <a href=\"https:\/\/www.tangotanzen.de\/tango-lab-herbst-2026\/\" target=\"_blank\" rel=\"noopener nofollow\">\u00a0\u00bb TangoLab Herbst&lt;16.10. \u2013 25.10.2026<\/a><\/p>\n<p class=\"tribe-events-single-event-title summary entry-title fusion-responsive-typography-calculated\" style=\"text-align: center;\" data-fontsize=\"25.5\" data-lineheight=\"38.25px\"><span style=\"font-size: 12pt;\"><a href=\"https:\/\/www.tangotanzen.de\/\" target=\"_blank\" rel=\"noopener noreferrer nofollow\"><span style=\"font-size: 10pt; color: #ff0000;\"><strong><span style=\"caret-color: #000000;\">\u00bb Infos und Anmeldung\u00a0 bei tangotanzen.de oder mit einem Klick auf die jeweiligen Labs <\/span><\/strong><strong>\u00bb<\/strong><\/span><\/a><\/span><\/p>\n<p style=\"text-align: center;\" data-fontsize=\"25.5\" data-lineheight=\"38.25px\"><span style=\"color: #ffffff;\">.<\/span><\/p>\n<p style=\"text-align: center;\" data-fontsize=\"25.5\" data-lineheight=\"38.25px\"><span style=\"font-size: 10pt;\"><a href=\"https:\/\/www.la-academia-tango.net\/cms\/proitzer-muehle-tango-lab\/\"><strong><span style=\"font-size: 18pt;\"><span style=\"color: #ff0000;\"><span style=\"caret-color: #000000;\">\u00bbTango\u00a0 United<\/span><\/span><\/span><\/strong><\/a><\/span><\/p>\n<p style=\"text-align: center;\" data-fontsize=\"25.5\" data-lineheight=\"38.25px\">2. &#8211; 9. August 2026<\/p>\n<p style=\"text-align: center;\" data-fontsize=\"25.5\" data-lineheight=\"38.25px\">Tanzen und Lernen f\u00fcr\u00a0 Qeer &amp; Open-Role-Dancers, oder diejenigen, die es werden wollen. Ihr k\u00f6nnt euch allein anmelden. Auch hier gibt es wie im Lab Unterrichtsangebote, die ihr vor Ort entscheiden k\u00f6nnt, jede Menge Zeit zum \u00dcben und am Abend Milonga<\/p>\n<p style=\"text-align: center;\" data-fontsize=\"25.5\" data-lineheight=\"38.25px\"><span style=\"font-size: 12pt;\"><a href=\"https:\/\/www.tangotanzen.de\/tango-united-2026-queer-open-role\/\" target=\"_blank\" rel=\"noopener nofollow\"><span style=\"font-size: 10pt; color: #ff0000;\"><strong><span style=\"caret-color: #000000;\">\u00bb Infos und Anmeldung\u00a0 bei tangotanzen.de <\/span><\/strong><\/span><\/a><\/span><\/p>\n<p style=\"text-align: center;\"><span style=\"font-size: 14pt; color: #ffffff;\">|<\/span><\/p>\n<p><img loading=\"lazy\" decoding=\"async\" class=\"aligncenter size-large wp-image-9685\" src=\"https:\/\/www.la-academia-tango.net\/cms\/wp-content\/uploads\/Proitzer-Muehle-Flyer-211mm-x-100mm-1-1-1024x483.jpg\" alt=\"\" width=\"1024\" height=\"483\" srcset=\"https:\/\/www.la-academia-tango.net\/cms\/wp-content\/uploads\/Proitzer-Muehle-Flyer-211mm-x-100mm-1-1-1024x483.jpg 1024w, https:\/\/www.la-academia-tango.net\/cms\/wp-content\/uploads\/Proitzer-Muehle-Flyer-211mm-x-100mm-1-1-300x141.jpg 300w, https:\/\/www.la-academia-tango.net\/cms\/wp-content\/uploads\/Proitzer-Muehle-Flyer-211mm-x-100mm-1-1-768x362.jpg 768w, https:\/\/www.la-academia-tango.net\/cms\/wp-content\/uploads\/Proitzer-Muehle-Flyer-211mm-x-100mm-1-1-1536x724.jpg 1536w, https:\/\/www.la-academia-tango.net\/cms\/wp-content\/uploads\/Proitzer-Muehle-Flyer-211mm-x-100mm-1-1-370x174.jpg 370w, https:\/\/www.la-academia-tango.net\/cms\/wp-content\/uploads\/Proitzer-Muehle-Flyer-211mm-x-100mm-1-1-1040x490.jpg 1040w, https:\/\/www.la-academia-tango.net\/cms\/wp-content\/uploads\/Proitzer-Muehle-Flyer-211mm-x-100mm-1-1.jpg 2000w\" sizes=\"auto, (max-width: 1024px) 100vw, 1024px\" \/><\/p>\n<p>&nbsp;<\/p>\n<p><span style=\"color: #ffffff;\">.<\/span><\/p>\n<p>&nbsp;<\/p>\n<pre style=\"text-align: center;\"><a style=\"color: #ff0000;\" href=\"http:\/\/www.la-academia-tango.net\/cms\/newsletter-anmeldung\/\" target=\"_blank\" rel=\"noopener noreferrer\">\u00bb Newsletter abonnieren<\/a><\/pre>\n<p>&nbsp;<\/p>\n<pre style=\"text-align: center;\"><span style=\"color: #ff0000;\"><a style=\"color: #ff0000;\" href=\"https:\/\/www.la-academia-tango.net\/cms\/keinen-newsletter-mehr\/\" target=\"_blank\" rel=\"noopener noreferrer\">\u00bb Newsletter abbestellen - antworte auf die Mail oder klicke hier<\/a>\r\n<\/span><\/pre>\n<p><span style=\"color: #ffffff;\">.<\/span><br \/>\n<span style=\"color: #ffffff; font-size: 8pt;\">..<a href=\"https:\/\/www.la-academia-tango.net\/cms\/kalender\/\"><span style=\"color: #808080;\">\u00bb Link zum Terminkalender La academia f\u00fcr Kurse und Events<\/span><\/a><\/span><\/p>\n<p>&nbsp;<\/p>\n<p>&nbsp;<\/p>\n","protected":false},"excerpt":{"rendered":"<p>| \u00bbTango Lab Proitzer M\u00fchle &amp; Tango United\u00a0 Organisiert von Ines Moussavi\u00a0 &#8211; La Berlinesa Tanzen an einem wundersch\u00f6nen Ort und Umgebung. Der Schwerpunkt liegt beim \u00dcben und Tanzen, Eine Teilnahme der Workshopangebote\u00a0 k\u00f6nnt ihr[&#8230;]<\/p>\n","protected":false},"author":2,"featured_media":0,"parent":0,"menu_order":0,"comment_status":"closed","ping_status":"closed","template":"","meta":{"footnotes":""},"class_list":["post-8043","page","type-page","status-publish","hentry"],"_links":{"self":[{"href":"https:\/\/www.la-academia-tango.net\/cms\/wp-json\/wp\/v2\/pages\/8043","targetHints":{"allow":["GET"]}}],"collection":[{"href":"https:\/\/www.la-academia-tango.net\/cms\/wp-json\/wp\/v2\/pages"}],"about":[{"href":"https:\/\/www.la-academia-tango.net\/cms\/wp-json\/wp\/v2\/types\/page"}],"author":[{"embeddable":true,"href":"https:\/\/www.la-academia-tango.net\/cms\/wp-json\/wp\/v2\/users\/2"}],"replies":[{"embeddable":true,"href":"https:\/\/www.la-academia-tango.net\/cms\/wp-json\/wp\/v2\/comments?post=8043"}],"version-history":[{"count":11,"href":"https:\/\/www.la-academia-tango.net\/cms\/wp-json\/wp\/v2\/pages\/8043\/revisions"}],"predecessor-version":[{"id":9861,"href":"https:\/\/www.la-academia-tango.net\/cms\/wp-json\/wp\/v2\/pages\/8043\/revisions\/9861"}],"wp:attachment":[{"href":"https:\/\/www.la-academia-tango.net\/cms\/wp-json\/wp\/v2\/media?parent=8043"}],"curies":[{"name":"wp","href":"https:\/\/api.w.org\/{rel}","templated":true}]}}

Proitzer Mühle Tango LAB

<p style="text-align: center;"><span style="font-size: 14pt; color: #ffffff;">|</span></p>
<p style="text-align: center;"><span style="font-size: 10pt;"><a href="https://www.la-academia-tango.net/cms/proitzer-muehle-tango-lab/"><strong><span style="font-size: 18pt;"><span style="color: #ff0000;"><span style="caret-color: #000000;">»Tango Lab Proitzer Mühle &amp; Tango United </span></span></span></strong></a><br />
Organisiert von Ines Moussavi  &#8211; La Berlinesa<br />
Tanzen an einem wunderschönen Ort und Umgebung. Der Schwerpunkt liegt beim Üben und Tanzen,<br />
Eine Teilnahme der Workshopangebote  könnt ihr spontan entscheiden von und mit den Lehrern Ines &amp; Constantin; Gaia &amp; Leandro; Carsta; Ruth;<br />
Für Hobby-Musiker ist das   Orchester-Lab mit Korey zeitgleich sehr interessant.</span></p>
<p style="text-align: center;" data-fontsize="25.5" data-lineheight="38.25px"><a href="https://www.tangotanzen.de/tango-lab-fruehling-2026/" target="_blank" rel="noopener nofollow">» Tango Lab Frühjahr 27.03. – 5.4.2026 </a>     <a href="https://www.tangotanzen.de/tango-orchester-lab-proitzer-muehle-im-sommer-2026/" target="_blank" rel="noopener nofollow">» Tango Lab Sommer 24.07. – 02.08.2026</a>     <a href="https://www.tangotanzen.de/tango-lab-herbst-2026/" target="_blank" rel="noopener nofollow"> » TangoLab Herbst&lt;16.10. – 25.10.2026</a></p>
<p class="tribe-events-single-event-title summary entry-title fusion-responsive-typography-calculated" style="text-align: center;" data-fontsize="25.5" data-lineheight="38.25px"><span style="font-size: 12pt;"><a href="https://www.tangotanzen.de/" target="_blank" rel="noopener noreferrer nofollow"><span style="font-size: 10pt; color: #ff0000;"><strong><span style="caret-color: #000000;">» Infos und Anmeldung  bei tangotanzen.de oder mit einem Klick auf die jeweiligen Labs </span></strong><strong>»</strong></span></a></span></p>
<p style="text-align: center;" data-fontsize="25.5" data-lineheight="38.25px"><span style="color: #ffffff;">.</span></p>
<p style="text-align: center;" data-fontsize="25.5" data-lineheight="38.25px"><span style="font-size: 10pt;"><a href="https://www.la-academia-tango.net/cms/proitzer-muehle-tango-lab/"><strong><span style="font-size: 18pt;"><span style="color: #ff0000;"><span style="caret-color: #000000;">»Tango  United</span></span></span></strong></a></span></p>
<p style="text-align: center;" data-fontsize="25.5" data-lineheight="38.25px">2. &#8211; 9. August 2026</p>
<p style="text-align: center;" data-fontsize="25.5" data-lineheight="38.25px">Tanzen und Lernen für  Qeer &amp; Open-Role-Dancers, oder diejenigen, die es werden wollen. Ihr könnt euch allein anmelden. Auch hier gibt es wie im Lab Unterrichtsangebote, die ihr vor Ort entscheiden könnt, jede Menge Zeit zum Üben und am Abend Milonga</p>
<p style="text-align: center;" data-fontsize="25.5" data-lineheight="38.25px"><span style="font-size: 12pt;"><a href="https://www.tangotanzen.de/tango-united-2026-queer-open-role/" target="_blank" rel="noopener nofollow"><span style="font-size: 10pt; color: #ff0000;"><strong><span style="caret-color: #000000;">» Infos und Anmeldung  bei tangotanzen.de </span></strong></span></a></span></p>
<p style="text-align: center;"><span style="font-size: 14pt; color: #ffffff;">|</span></p>
<p><img loading="lazy" decoding="async" class="aligncenter size-large wp-image-9685" src="https://www.la-academia-tango.net/cms/wp-content/uploads/Proitzer-Muehle-Flyer-211mm-x-100mm-1-1-1024x483.jpg" alt="" width="1024" height="483" srcset="https://www.la-academia-tango.net/cms/wp-content/uploads/Proitzer-Muehle-Flyer-211mm-x-100mm-1-1-1024x483.jpg 1024w, https://www.la-academia-tango.net/cms/wp-content/uploads/Proitzer-Muehle-Flyer-211mm-x-100mm-1-1-300x141.jpg 300w, https://www.la-academia-tango.net/cms/wp-content/uploads/Proitzer-Muehle-Flyer-211mm-x-100mm-1-1-768x362.jpg 768w, https://www.la-academia-tango.net/cms/wp-content/uploads/Proitzer-Muehle-Flyer-211mm-x-100mm-1-1-1536x724.jpg 1536w, https://www.la-academia-tango.net/cms/wp-content/uploads/Proitzer-Muehle-Flyer-211mm-x-100mm-1-1-370x174.jpg 370w, https://www.la-academia-tango.net/cms/wp-content/uploads/Proitzer-Muehle-Flyer-211mm-x-100mm-1-1-1040x490.jpg 1040w, https://www.la-academia-tango.net/cms/wp-content/uploads/Proitzer-Muehle-Flyer-211mm-x-100mm-1-1.jpg 2000w" sizes="auto, (max-width: 1024px) 100vw, 1024px" /></p>
<p>&nbsp;</p>
<p><span style="color: #ffffff;">.</span></p>
<p>&nbsp;</p>
<pre style="text-align: center;"><a style="color: #ff0000;" href="http://www.la-academia-tango.net/cms/newsletter-anmeldung/" target="_blank" rel="noopener noreferrer">» Newsletter abonnieren</a></pre>
<p>&nbsp;</p>
<pre style="text-align: center;"><span style="color: #ff0000;"><a style="color: #ff0000;" href="https://www.la-academia-tango.net/cms/keinen-newsletter-mehr/" target="_blank" rel="noopener noreferrer">» Newsletter abbestellen - antworte auf die Mail oder klicke hier</a>
</span></pre>
<p><span style="color: #ffffff;">.</span><br />
<span style="color: #ffffff; font-size: 8pt;">..<a href="https://www.la-academia-tango.net/cms/kalender/"><span style="color: #808080;">» Link zum Terminkalender La academia für Kurse und Events</span></a></span></p>
<p>&nbsp;</p>
<p>&nbsp;</p>

<p>| »Tango Lab Proitzer Mühle &amp; Tango United  Organisiert von Ines Moussavi  &#8211; La Berlinesa Tanzen an einem wunderschönen Ort und Umgebung. Der Schwerpunkt liegt beim Üben und Tanzen, Eine Teilnahme der Workshopangebote  könnt ihr[&#8230;]</p>
