{"id":7923,"date":"2023-08-24T20:20:25","date_gmt":"2023-08-24T19:20:25","guid":{"rendered":"https:\/\/www.la-academia-tango.net\/cms\/?page_id=7923"},"modified":"2024-07-27T12:26:30","modified_gmt":"2024-07-27T11:26:30","slug":"iron-tango-crete-terms","status":"publish","type":"page","link":"https:\/\/www.la-academia-tango.net\/cms\/iron-tango-crete\/iron-tango-crete-terms\/","title":{"rendered":"iron tango crete &#8211; terms"},"content":{"rendered":"<p><span style=\"color: #ff0000; font-size: 20px;\">IRON TANGO CRETE<\/span><\/p>\n<p><span style=\"color: #ff0000; font-size: 18px;\">Teilnahmebedingungen \/ terms<\/span><br \/>\n<span style=\"color: #808080;\">Engl below<\/span><\/p>\n<p>&nbsp;<\/p>\n<p><strong><span style=\"font-size: 18px; color: #808080;\"><span style=\"font-size: 25px;\">L<\/span>iebe G\u00e4ste \/ <span style=\"font-size: 25px;\">D<\/span>ear Guests<\/span><\/strong><br \/>\n<span style=\"color: #808080;\">Mit eurer Anmeldung erkl\u00e4rt ihr euch einverstanden mit folgenden Dingen:<\/span><br \/>\n<span style=\"color: #808080;\">Eure Anmeldung ist mit unserer Best\u00e4tigungsmail verbindlich und die Reisebedingungen werden somit akzeptiert.<\/span><br \/>\n<span style=\"color: #808080;\">Eine Buchung ist nur \u00fcber den gesamten Zeitraum m\u00f6glich.<\/span><br \/>\n<span style=\"color: #808080;\">Wir empfehlen unbedingt eine Reiser\u00fccktrittversicherung abzuschlie\u00dfen, falls ihr die Reise absagen m\u00fcsst.<\/span><br \/>\n<span style=\"color: #808080;\">Die Bezahlung erfolgt teilweise vorab und teilweise in Bar vor Ort.<\/span><br \/>\n<span style=\"color: #808080;\">Nach einer verbindlichen Anmeldung fallen folgende Stornierungskosten pro Teilnehmer an:<\/span><\/p>\n<p><span style=\"color: #808080;\">Bis 4 Monate vorher:<\/span><br \/>\n<span style=\"color: #808080;\">&#8211; Bei einer Zimmerbuchung fallen die Zimmerkosten an \u2013 falls das Zimmer wieder vergeben werden kann, berechnen wir 50\u20ac Stornokosten<\/span><br \/>\n<span style=\"color: #808080;\">&#8211; Der Teilnehmerbeitrag bleibt ebenso mit 100\u20ac erhalten.<\/span><\/p>\n<p><span style=\"color: #808080;\">Bis 3 Monate vorher:<\/span><br \/>\n<span style=\"color: #808080;\">&#8211; 70% der Gesamtkosten<\/span><\/p>\n<p><span style=\"color: #808080;\">Bis 2 Monate vorher:<\/span><br \/>\n<span style=\"color: #808080;\">&#8211; 80% der Gesamtkosten<\/span><\/p>\n<p><span style=\"color: #808080;\">Bis 1 Monate vorher:<\/span><br \/>\n<span style=\"color: #808080;\">&#8211; 90% der Gesamtkosten<\/span><\/p>\n<p><span style=\"color: #808080;\"><strong>Haftung:<\/strong><\/span><br \/>\n<span style=\"color: #808080;\">Jede(r) TeilnehmerIn ist selbst verantwortlich f\u00fcr seine An- und Abreise, inclusiv Transfer, ebenso ist jede(r) TeilnehmerIn eigenverantwortlich f\u00fcr den gesamten Aufenthalt, Tanzveranstaltungen und Unternehmungen. Wir empfehlen das Abschlie\u00dfen einer Reiser\u00fccktrittversicherung, sowie eine Reiseversicherung f\u00fcr Krankheit, Unfall und R\u00fccktransport.<\/span><br \/>\n<span style=\"color: #808080;\">Wir \u00fcbernehmen als Veranstalter keinerlei Haftung.<\/span><\/p>\n<p><span style=\"color: #808080;\">Sollte es bei der Zimmerbuchung zu einer Umbuchung des Zimmers kommen, wird euch ein gleichwertiges Zimmer zur Verf\u00fcgung gestellt.<\/span><\/p>\n<p><span style=\"color: #808080;\">Sollte der Aufenthalt aufgrund h\u00f6herer Gewalt nicht stattfinden k\u00f6nnen oder nur unter erschwerten Bedingungen, k\u00f6nnen wir als Veranstalter kurzfristig den Aufenthalt absagen. In diesem Fall k\u00f6nnen keine Kosten erstattet werden f\u00fcr gebuchte Fl\u00fcge etc.. Kosten unsererseits werden in diesem Fall nicht erhoben.<\/span><\/p>\n<p><span style=\"color: #808080;\">Eure <strong>Anmeldedaten werden zum Zweck der gegenseitigen Kommunikation<\/strong> gespeichert . Bei einer verbindlichen Buchung in einer griechischen Unterkunft werden deine Daten an den jeweiligen Gastgeber weitergegeben.<\/span><br \/>\n<span style=\"color: #808080;\">Du kannst das L\u00f6schen der Daten bei Vertragsbeendigung jederzeit bei uns und den jeweiligen griechischen Gastgebern per Mail einfordern.<\/span><\/p>\n<p><strong><span style=\"color: #808080;\">Fotos:<\/span><\/strong><br \/>\n<span style=\"color: #808080;\">Wir werden einige sch\u00f6ne Situationen fotografisch festhalten und gehen dabei von eurem Einverst\u00e4ndnis aus, diese Fotos zu nutzen. Alle Teilnehmer, die ebenfalls gern fotografieren m\u00f6chten, weisen wir auf das Einhalten der Datenschutzverordnung hin.<\/span><\/p>\n<p>&nbsp;<\/p>\n<p style=\"text-align: center;\"><span style=\"color: #ff0000;\">o o o o o o o o o o o o o o o o o o o o o o o o o o o o <\/span><\/p>\n<p>&nbsp;<\/p>\n<p style=\"text-align: left;\"><span style=\"color: #ff0000;\">English:<\/span><\/p>\n<p><span style=\"color: #808080;\">With your registration you agree to the following things:<\/span><\/p>\n<p><span style=\"color: #808080;\">Your registration is binding with our confirmation email and the travel conditions are thus accepted.<\/span><br \/>\n<span style=\"color: #808080;\">A booking is only possible for the whole period.<\/span><\/p>\n<p><span style=\"color: #808080;\">We strongly recommend to take out a travel cancellation insurance in case you have to cancel the trip.<\/span><br \/>\n<span style=\"color: #808080;\">Payment will be made partly in advance and partly in cash on site.<\/span><\/p>\n<p><span style=\"color: #808080;\">After a binding registration the following cancellation fees per participant will apply:<\/span><\/p>\n<p><span style=\"color: #808080;\">Up to 4 months in advance:<\/span><br \/>\n<span style=\"color: #808080;\">&#8211; If you book a room, the room costs will be charged &#8211; if the room can be reassigned, we will charge 100\u20ac cancellation fee.<\/span><br \/>\n<span style=\"color: #808080;\">&#8211; The participant fee remains the same with 100\u20ac.<\/span><\/p>\n<p><span style=\"color: #808080;\">Until 3 months before:<\/span><br \/>\n<span style=\"color: #808080;\">&#8211; 70% of the total costs<\/span><\/p>\n<p><span style=\"color: #808080;\">Up to 2 months before:<\/span><br \/>\n<span style=\"color: #808080;\">&#8211; 80% of the total costs<\/span><\/p>\n<p><span style=\"color: #808080;\">Up to 1 month before:<\/span><br \/>\n<span style=\"color: #808080;\">&#8211; 90% of the total cost<\/span><\/p>\n<p><span style=\"color: #ffffff;\">.<\/span><\/p>\n<p><strong><span style=\"color: #808080;\">Liability:<\/span><\/strong><br \/>\n<span style=\"color: #808080;\">Each participant is responsible for his\/her own arrival and departure, including transfers, as well as for the entire stay, dances and activities. We recommend the conclusion of a travel cancellation insurance, as well as a travel insurance for illness, accident and repatriation.<\/span><br \/>\n<span style=\"color: #808080;\">We do not assume any liability as organizer.<\/span><\/p>\n<p><span style=\"color: #808080;\">Should it come to a room rebooking, we will provide you with a room of the same value..<\/span><\/p>\n<p><span style=\"color: #808080;\">If the stay cannot take place due to force majeure or only under difficult conditions, we as the organizer can cancel the trip at short notice. In this case no costs can be refunded for booked flights etc.. Costs on our part will not be charged in this case.<\/span><\/p>\n<p><span style=\"color: #808080;\">Your registration data will be stored for the purpose of mutual communication. In case of a binding booking in a Greek accommodation, your data will be passed on to the respective host.<\/span><br \/>\n<span style=\"color: #808080;\">You can request the deletion of the data upon termination of the contract at any time with us and the respective Greek hosts by mail.<\/span><\/p>\n<p><strong><span style=\"color: #808080;\">Pictures:<\/span><\/strong><br \/>\n<span style=\"color: #808080;\">We would like to capture some nice situations by photo and assume that you agree with that to use this photos. All participants, who also like to take pictures, have to follow the data protection regulation.<\/span><\/p>\n<p><span style=\"color: #ffffff;\">.<\/span><\/p>\n<p><span style=\"color: #ffffff;\">.<\/span><\/p>\n<p><span style=\"color: #ffffff;\">.<\/span><\/p>\n<p><span style=\"color: #ffffff;\">.<\/span><\/p>\n<p><span style=\"color: #ffffff;\">.<\/span><\/p>\n<p><span style=\"color: #ffffff;\">.<\/span><\/p>\n<p><a href=\"https:\/\/www.la-academia-tango.net\/cms\/iron-tango-crete\/iron-tango-crete-terms\/\"><em><span style=\"color: #808080;\">\u00bb Link Teilnahmebedingungen &#8211;\u00a0 terms &#8211; iron tango crete<\/span><\/em><\/a><\/p>\n","protected":false},"excerpt":{"rendered":"<p>IRON TANGO CRETE Teilnahmebedingungen \/ terms Engl below &nbsp; Liebe G\u00e4ste \/ Dear Guests Mit eurer Anmeldung erkl\u00e4rt ihr euch einverstanden mit folgenden Dingen: Eure Anmeldung ist mit unserer Best\u00e4tigungsmail verbindlich und die Reisebedingungen werden[&#8230;]<\/p>\n","protected":false},"author":2,"featured_media":0,"parent":7668,"menu_order":8,"comment_status":"closed","ping_status":"closed","template":"","meta":{"footnotes":""},"class_list":["post-7923","page","type-page","status-publish","hentry"],"_links":{"self":[{"href":"https:\/\/www.la-academia-tango.net\/cms\/wp-json\/wp\/v2\/pages\/7923","targetHints":{"allow":["GET"]}}],"collection":[{"href":"https:\/\/www.la-academia-tango.net\/cms\/wp-json\/wp\/v2\/pages"}],"about":[{"href":"https:\/\/www.la-academia-tango.net\/cms\/wp-json\/wp\/v2\/types\/page"}],"author":[{"embeddable":true,"href":"https:\/\/www.la-academia-tango.net\/cms\/wp-json\/wp\/v2\/users\/2"}],"replies":[{"embeddable":true,"href":"https:\/\/www.la-academia-tango.net\/cms\/wp-json\/wp\/v2\/comments?post=7923"}],"version-history":[{"count":5,"href":"https:\/\/www.la-academia-tango.net\/cms\/wp-json\/wp\/v2\/pages\/7923\/revisions"}],"predecessor-version":[{"id":8509,"href":"https:\/\/www.la-academia-tango.net\/cms\/wp-json\/wp\/v2\/pages\/7923\/revisions\/8509"}],"up":[{"embeddable":true,"href":"https:\/\/www.la-academia-tango.net\/cms\/wp-json\/wp\/v2\/pages\/7668"}],"wp:attachment":[{"href":"https:\/\/www.la-academia-tango.net\/cms\/wp-json\/wp\/v2\/media?parent=7923"}],"curies":[{"name":"wp","href":"https:\/\/api.w.org\/{rel}","templated":true}]}}