{"id":7263,"date":"2023-01-13T15:05:37","date_gmt":"2023-01-13T14:05:37","guid":{"rendered":"http:\/\/www.la-academia-tango.net\/cms\/?page_id=7263"},"modified":"2023-12-15T17:10:54","modified_gmt":"2023-12-15T16:10:54","slug":"iron-tango-rundmail","status":"publish","type":"page","link":"https:\/\/www.la-academia-tango.net\/cms\/iron-tango\/iron-tango-rundmail\/","title":{"rendered":"Iron Tango &#8211; Rundmail"},"content":{"rendered":"<p><a href=\"https:\/\/www.la-academia-tango.net\/cms\/iron-tango-registration\/\"><span style=\"color: #ff0000;\">\u00bb Registration<\/span><\/a><\/p>\n<p>&nbsp;<\/p>\n<p><span style=\"color: #ff0000;\">Ihr Lieben,<\/span><\/p>\n<p>es ist mittlerweile schon eine Weile her, dass wir gemeinsam dieses gro\u00dfartige und besondere Wochenende verbringen konnten.<\/p>\n<p>Wir m\u00f6chten euch die Fotos nicht vorenthalten, die R\u00fcdiger aufgenommen hat. In FB werdet ihr dann hin und wieder auch einige Bilder davon finden &#8211; auch auf unsere Webseite werde ich noch welche einbinden.<\/p>\n<p>Vielen lieben Dank, R\u00fcdiger!<\/p>\n<p>Mit folgendem Link gelangt ihr mit dem Passwort: &#8220; <span style=\"color: #ff0000;\">IRON2023\u00a0<\/span> &#8220; in die Galerie auf R\u00fcdigers Webseite.<\/p>\n<p><a href=\"https:\/\/www.iron-tango-2023.ruediger-voigt-fotografie.com\/?fbclid=IwAR3LGBm7_0KTwhs5xhpj7gWYZMVr_82ewTtdjT7kV83sNpWDce3DPaUbgeo\" target=\"_blank\" rel=\"noopener nofollow\">\u00bb Aufnahmen in Farbe<\/a><\/p>\n<p><a href=\"https:\/\/www.iron-tango-umarmung.ruediger-voigt-fotografie.com\/?fbclid=IwAR1PWvYthe57sOIKBg6QEV6x_WjyWzKYTsOEObDo9kuwkSkxhNIK1WfFcNI\" target=\"_blank\" rel=\"noopener nofollow\">\u00bb Aufnahmen Umarmungen in schwarz\/wei\u00df<\/a><\/p>\n<p>F\u00fcr n\u00e4chstes Jahr wird die Anmeldung schon etwas eher sein. F\u00fcr Kreta m\u00fcsst ihr euch dann schnell entscheiden, denn in dieser Zeit sind die \u00dcbernachtungen rar. Ich habe bereits einige Zimmer vorgebucht. Sobald die Kalkulation fertig ist , h\u00f6rt ihr von uns.<\/p>\n<p>&nbsp;<\/p>\n<p>Viele liebe Gr\u00fc\u00dfe, Carsta und Alex<\/p>\n<p>&nbsp;<\/p>\n<p style=\"text-align: center;\"><span style=\"color: #ffffff;\">.<\/span><\/p>\n<p style=\"text-align: center;\"><span style=\"color: #ff0000;\">ooooooooo<\/span><\/p>\n<p style=\"text-align: center;\"><span style=\"color: #ffffff;\">.<\/span><\/p>\n<p style=\"text-align: center;\"><strong><span style=\"color: #ff0000; font-size: 24px;\">IRON TANGO<\/span><\/strong><\/p>\n<p style=\"text-align: center;\"><strong><span style=\"color: #ff0000; font-size: 24px;\">2024<\/span><\/strong><\/p>\n<p style=\"text-align: center;\"><span style=\"font-size: 14pt;\"><strong><span style=\"color: #ff0000;\"><span style=\"font-size: 18px;\"><a style=\"color: #ff0000;\" href=\"https:\/\/www.la-academia-tango.net\/cms\/iron-tango\/\">\u00bb IRON TANGO Dresden<\/a><\/span><br \/>\n<\/span><\/strong><\/span><\/p>\n<p style=\"text-align: center;\"><span style=\"font-size: 14px;\">28. \/ 29.\/ 30. Juni<br \/>\nPre-Milonga 27. Juni\u00a0 <\/span><\/p>\n<p style=\"text-align: center;\"><span style=\"font-size: 14px;\">N\u00e4her Infos und Anmeldedatum folgt<\/span><\/p>\n<p style=\"text-align: center;\"><strong><span style=\"font-size: 14pt; color: #ff0000;\">&amp; <\/span><\/strong><\/p>\n<p style=\"text-align: center;\"><span style=\"font-size: 14pt;\"><strong><span style=\"color: #ff0000;\"><a style=\"color: #ff0000;\" href=\"https:\/\/www.la-academia-tango.net\/cms\/iron-tango-crete\/\"><span style=\"font-size: 18px;\">\u00bb IRON TANGO Crete<\/span><\/a><br \/>\n<\/span><\/strong><\/span><\/p>\n<p style=\"text-align: center;\"><span style=\"font-size: 14px;\">23. bis 30. August<br \/>\nEine Woche auf Kreta tanzen like IRON Tango<\/span><\/p>\n<p style=\"text-align: center;\"><span style=\"font-size: 14px;\">N\u00e4her Infos und Anmeldedatum folgt<\/span><\/p>\n<p style=\"text-align: center;\"><span style=\"font-size: 14pt; color: #ffffff;\">|<\/span><\/p>\n<p style=\"text-align: center;\"><span style=\"color: #ffffff;\">.<\/span><\/p>\n<p style=\"text-align: center;\"><span style=\"color: #ff0000;\">ooooooooo<\/span><\/p>\n<p style=\"text-align: center;\"><span style=\"color: #ffffff;\">.<\/span><\/p>\n<p>&nbsp;<\/p>\n<p>&nbsp;<\/p>\n<p>&nbsp;<\/p>\n<p style=\"text-align: center;\"><span style=\"color: #ffffff;\">.<\/span><\/p>\n<p style=\"text-align: center;\"><a href=\"https:\/\/www.la-academia-tango.net\/cms\/iron-tango\/\"><img loading=\"lazy\" decoding=\"async\" class=\"prozent aligncenter wp-image-3875\" src=\"https:\/\/www.la-academia-tango.net\/cms\/wp-content\/uploads\/Flyer-Irontango-dresden-1.jpg\" alt=\"\" width=\"350\" height=\"165\" \/><\/a><\/p>\n<p><a href=\"https:\/\/www.la-academia-tango.net\/cms\/iron-tango-crete\/\"><img loading=\"lazy\" decoding=\"async\" class=\"prozent aligncenter wp-image-7733\" src=\"https:\/\/www.la-academia-tango.net\/cms\/wp-content\/uploads\/iron-tango-crete-1-vorder-flyer-1024x483.jpg\" alt=\"\" width=\"350\" height=\"165\" \/><\/a><\/p>\n<p>&nbsp;<\/p>\n<p>&nbsp;<\/p>\n","protected":false},"excerpt":{"rendered":"<p>\u00bb Registration &nbsp; Ihr Lieben, es ist mittlerweile schon eine Weile her, dass wir gemeinsam dieses gro\u00dfartige und besondere Wochenende verbringen konnten. Wir m\u00f6chten euch die Fotos nicht vorenthalten, die R\u00fcdiger aufgenommen hat. In FB[&#8230;]<\/p>\n","protected":false},"author":2,"featured_media":0,"parent":2120,"menu_order":50,"comment_status":"closed","ping_status":"closed","template":"","meta":{"footnotes":""},"class_list":["post-7263","page","type-page","status-publish","hentry"],"_links":{"self":[{"href":"https:\/\/www.la-academia-tango.net\/cms\/wp-json\/wp\/v2\/pages\/7263","targetHints":{"allow":["GET"]}}],"collection":[{"href":"https:\/\/www.la-academia-tango.net\/cms\/wp-json\/wp\/v2\/pages"}],"about":[{"href":"https:\/\/www.la-academia-tango.net\/cms\/wp-json\/wp\/v2\/types\/page"}],"author":[{"embeddable":true,"href":"https:\/\/www.la-academia-tango.net\/cms\/wp-json\/wp\/v2\/users\/2"}],"replies":[{"embeddable":true,"href":"https:\/\/www.la-academia-tango.net\/cms\/wp-json\/wp\/v2\/comments?post=7263"}],"version-history":[{"count":7,"href":"https:\/\/www.la-academia-tango.net\/cms\/wp-json\/wp\/v2\/pages\/7263\/revisions"}],"predecessor-version":[{"id":7796,"href":"https:\/\/www.la-academia-tango.net\/cms\/wp-json\/wp\/v2\/pages\/7263\/revisions\/7796"}],"up":[{"embeddable":true,"href":"https:\/\/www.la-academia-tango.net\/cms\/wp-json\/wp\/v2\/pages\/2120"}],"wp:attachment":[{"href":"https:\/\/www.la-academia-tango.net\/cms\/wp-json\/wp\/v2\/media?parent=7263"}],"curies":[{"name":"wp","href":"https:\/\/api.w.org\/{rel}","templated":true}]}}

<p><a href="https://www.la-academia-tango.net/cms/iron-tango-registration/"><span style="color: #ff0000;">» Registration</span></a></p>
<p>&nbsp;</p>
<p><span style="color: #ff0000;">Ihr Lieben,</span></p>
<p>es ist mittlerweile schon eine Weile her, dass wir gemeinsam dieses großartige und besondere Wochenende verbringen konnten.</p>
<p>Wir möchten euch die Fotos nicht vorenthalten, die Rüdiger aufgenommen hat. In FB werdet ihr dann hin und wieder auch einige Bilder davon finden &#8211; auch auf unsere Webseite werde ich noch welche einbinden.</p>
<p>Vielen lieben Dank, Rüdiger!</p>
<p>Mit folgendem Link gelangt ihr mit dem Passwort: &#8220; <span style="color: #ff0000;">IRON2023 </span> &#8220; in die Galerie auf Rüdigers Webseite.</p>
<p><a href="https://www.iron-tango-2023.ruediger-voigt-fotografie.com/?fbclid=IwAR3LGBm7_0KTwhs5xhpj7gWYZMVr_82ewTtdjT7kV83sNpWDce3DPaUbgeo" target="_blank" rel="noopener nofollow">» Aufnahmen in Farbe</a></p>
<p><a href="https://www.iron-tango-umarmung.ruediger-voigt-fotografie.com/?fbclid=IwAR1PWvYthe57sOIKBg6QEV6x_WjyWzKYTsOEObDo9kuwkSkxhNIK1WfFcNI" target="_blank" rel="noopener nofollow">» Aufnahmen Umarmungen in schwarz/weiß</a></p>
<p>Für nächstes Jahr wird die Anmeldung schon etwas eher sein. Für Kreta müsst ihr euch dann schnell entscheiden, denn in dieser Zeit sind die Übernachtungen rar. Ich habe bereits einige Zimmer vorgebucht. Sobald die Kalkulation fertig ist , hört ihr von uns.</p>
<p>&nbsp;</p>
<p>Viele liebe Grüße, Carsta und Alex</p>
<p>&nbsp;</p>
<p style="text-align: center;"><span style="color: #ffffff;">.</span></p>
<p style="text-align: center;"><span style="color: #ff0000;">ooooooooo</span></p>
<p style="text-align: center;"><span style="color: #ffffff;">.</span></p>
<p style="text-align: center;"><strong><span style="color: #ff0000; font-size: 24px;">IRON TANGO</span></strong></p>
<p style="text-align: center;"><strong><span style="color: #ff0000; font-size: 24px;">2024</span></strong></p>
<p style="text-align: center;"><span style="font-size: 14pt;"><strong><span style="color: #ff0000;"><span style="font-size: 18px;"><a style="color: #ff0000;" href="https://www.la-academia-tango.net/cms/iron-tango/">» IRON TANGO Dresden</a></span><br />
</span></strong></span></p>
<p style="text-align: center;"><span style="font-size: 14px;">28. / 29./ 30. Juni<br />
Pre-Milonga 27. Juni  </span></p>
<p style="text-align: center;"><span style="font-size: 14px;">Näher Infos und Anmeldedatum folgt</span></p>
<p style="text-align: center;"><strong><span style="font-size: 14pt; color: #ff0000;">&amp; </span></strong></p>
<p style="text-align: center;"><span style="font-size: 14pt;"><strong><span style="color: #ff0000;"><a style="color: #ff0000;" href="https://www.la-academia-tango.net/cms/iron-tango-crete/"><span style="font-size: 18px;">» IRON TANGO Crete</span></a><br />
</span></strong></span></p>
<p style="text-align: center;"><span style="font-size: 14px;">23. bis 30. August<br />
Eine Woche auf Kreta tanzen like IRON Tango</span></p>
<p style="text-align: center;"><span style="font-size: 14px;">Näher Infos und Anmeldedatum folgt</span></p>
<p style="text-align: center;"><span style="font-size: 14pt; color: #ffffff;">|</span></p>
<p style="text-align: center;"><span style="color: #ffffff;">.</span></p>
<p style="text-align: center;"><span style="color: #ff0000;">ooooooooo</span></p>
<p style="text-align: center;"><span style="color: #ffffff;">.</span></p>
<p>&nbsp;</p>
<p>&nbsp;</p>
<p>&nbsp;</p>
<p style="text-align: center;"><span style="color: #ffffff;">.</span></p>
<p style="text-align: center;"><a href="https://www.la-academia-tango.net/cms/iron-tango/"><img loading="lazy" decoding="async" class="prozent aligncenter wp-image-3875" src="https://www.la-academia-tango.net/cms/wp-content/uploads/Flyer-Irontango-dresden-1.jpg" alt="" width="350" height="165" /></a></p>
<p><a href="https://www.la-academia-tango.net/cms/iron-tango-crete/"><img loading="lazy" decoding="async" class="prozent aligncenter wp-image-7733" src="https://www.la-academia-tango.net/cms/wp-content/uploads/iron-tango-crete-1-vorder-flyer-1024x483.jpg" alt="" width="350" height="165" /></a></p>
<p>&nbsp;</p>
<p>&nbsp;</p>

<p>» Registration &nbsp; Ihr Lieben, es ist mittlerweile schon eine Weile her, dass wir gemeinsam dieses großartige und besondere Wochenende verbringen konnten. Wir möchten euch die Fotos nicht vorenthalten, die Rüdiger aufgenommen hat. In FB[&#8230;]</p>
