{"id":6483,"date":"2021-09-04T17:20:59","date_gmt":"2021-09-04T16:20:59","guid":{"rendered":"http:\/\/www.la-academia-tango.net\/cms\/?page_id=6483"},"modified":"2024-10-04T15:24:37","modified_gmt":"2024-10-04T14:24:37","slug":"tango-praline","status":"publish","type":"page","link":"https:\/\/www.la-academia-tango.net\/cms\/tango-praline\/","title":{"rendered":"Milongas * TangoCaf\u00e9 * Tango Pralin\u00e9"},"content":{"rendered":"<p style=\"text-align: left;\"><span style=\"font-size: 12pt;\"><strong><span style=\"color: #000000;\">Liebe Tan<\/span><span style=\"color: #ff0000;\">g<\/span><span style=\"color: #000000;\">o<\/span><span style=\"color: #ff0000;\">! Freunde<\/span><\/strong><\/span><\/p>\n<p style=\"text-align: left;\"><span style=\"color: #333333; font-size: 12pt;\">Wir laden euch herzlich ein &#8211; hier habt ihr einen \u00dcberblick \u00fcber alle Aktivit\u00e4ten bei oder mit uns.\u00a0 <\/span><\/p>\n<p style=\"text-align: left;\"><span style=\"color: #333333; font-size: 12pt;\">Milongas, TangoCaf\u00e9s und andere Veranstaltungen sind farblich komplett ganzt\u00e4gig gekennzeichnet, <\/span><span style=\"color: #333333; font-size: 12pt;\">Kurse\u00a0 mit\u00a0 Schrift mit Zeiten.<\/span><\/p>\n<p><iframe loading=\"lazy\" style=\"border: solid 1px #777;\" src=\"https:\/\/calendar.google.com\/calendar\/embed?height=600&amp;wkst=2&amp;bgcolor=%23D50000&amp;ctz=UTC&amp;showTitle=0&amp;showDate=1&amp;showPrint=0&amp;showTabs=0&amp;showCalendars=0&amp;showTz=0&amp;src=bGFhY2FkZW1pYXRhbmdvZHJlc2RlbkBnbWFpbC5jb20&amp;src=ZGUuZ2VybWFuI2hvbGlkYXlAZ3JvdXAudi5jYWxlbmRhci5nb29nbGUuY29t&amp;color=%23AD1457&amp;color=%2313bd00\" width=\"1600\" height=\"600\" frameborder=\"0\" scrolling=\"no\"><\/iframe><\/p>\n<p><span style=\"color: #333333;\">Kurs-\/Veranstaltungsort &#8211; wenn ausw\u00e4rts, dann ist der Ort verlinkt, sonst\u00a0 in <a style=\"color: #333333;\" href=\"https:\/\/www.la-academia-tango.net\/cms\/kontakt\/\">\u00bbLa academia<\/a> <\/span><\/p>\n<p><span style=\"color: #333333;\">Kurse und Events sind immer nur f\u00fcr eine bestimmte Zeit im Voraus eingetragen &#8211; seht regelm\u00e4\u00dfig nach &#8211; es kann kurzfristige \u00c4nderungen geben<\/span><\/p>\n<p>&nbsp;<\/p>\n<h3 style=\"text-align: center;\"><span style=\"color: #ffffff;\"><span style=\"font-size: 18pt;\">|<\/span><span style=\"font-size: 18pt;\">|<\/span><span style=\"font-size: 18pt;\">|<\/span><\/span><\/h3>\n<p style=\"text-align: center;\"><a href=\"https:\/\/www.la-academia-tango.net\/cms\/kalender\/\"><strong><span style=\"font-size: 24pt;\"><span style=\"color: #ff0000;\"><span style=\"caret-color: #000000;\">\u00bb Alles im \u00dcberblick<br \/>\nTangoPralin\u00e9<br \/>\nMilonga zum Gastlehrer-Weekend<br \/>\nMilonga im Kulturbahnhof Leisnig<br \/>\nIRON TANGO in Dresden und Kreta<br \/>\nLoko Motivo Tango Meeting<br \/>\nund und und<\/span><\/span><\/span><\/strong><\/a><\/p>\n<h3 style=\"text-align: center;\"><span style=\"color: #ffffff;\"><span style=\"font-size: 18pt;\">|<\/span><span style=\"font-size: 18pt;\">|<\/span><span style=\"font-size: 18pt;\">|<\/span><\/span><\/h3>\n<h3 style=\"text-align: center;\"><\/h3>\n<p style=\"text-align: center;\"><span style=\"color: #ffffff;\"><strong><span style=\"font-size: 14pt;\">.<\/span><\/strong><\/span><\/p>\n<h3 style=\"text-align: center;\"><a href=\"https:\/\/www.la-academia-tango.net\/cms\/kalender\/\"><span style=\"color: #ff0000;\">\u00bb Termine und Zeiten\u00a0<\/span><\/a><\/h3>\n<p style=\"text-align: center;\"><span style=\"color: #ffffff; font-size: 8pt;\"><strong>.<\/strong><\/span><\/p>\n<p>&nbsp;<\/p>\n<p>&nbsp;<\/p>\n<p>&nbsp;<\/p>\n<p style=\"text-align: center;\"><span style=\"font-size: 8pt; color: #ffffff;\">.<\/span><\/p>\n<p style=\"text-align: center;\"><span style=\"font-size: 8pt; color: #ffffff;\">..<\/span><\/p>\n<p style=\"text-align: center;\"><a href=\"https:\/\/www.la-academia-tango.net\/cms\/veranstaltungen\/\"><img loading=\"lazy\" decoding=\"async\" class=\"prozent aligncenter wp-image-8016 size-large\" src=\"https:\/\/www.la-academia-tango.net\/cms\/wp-content\/uploads\/Tango-Praline-1-1024x478.jpg\" alt=\"\" width=\"1024\" height=\"478\" \/><\/a><\/p>\n<p>&nbsp;<\/p>\n<p>&nbsp;<\/p>\n<p>&nbsp;<\/p>\n<p>&nbsp;<\/p>\n<p>&nbsp;<\/p>\n<p>&nbsp;<\/p>\n<p>&nbsp;<\/p>\n<p style=\"text-align: center;\"><span style=\"font-size: 12pt; color: #ffffff;\">.<\/span><\/p>\n<div class=\"line-red\" style=\"text-align: center;\"><\/div>\n<pre><span style=\"color: #ff0000;\"><a style=\"color: #ff0000;\" href=\"http:\/\/www.la-academia-tango.net\/cms\/newsletter-anmeldung\/\">\u00bb Wer vorzeitig per Mail \u00fcber Termine informiert werden m\u00f6chte, klickt bitte \u00a0hier<\/a><\/span><\/pre>\n<address>\u00a0<\/address>\n<pre><span style=\"color: #ff0000;\"><a style=\"color: #ff0000;\" href=\"https:\/\/www.la-academia-tango.net\/cms\/keinen-newsletter-mehr\/\">\u00bb Hier kannst du den Newsletter abbestellen<\/a><\/span><\/pre>\n<address>\u00a0<\/address>\n<address>\u00a0<\/address>\n<p>&nbsp;<\/p>\n","protected":false},"excerpt":{"rendered":"<p>Liebe Tango! Freunde Wir laden euch herzlich ein &#8211; hier habt ihr einen \u00dcberblick \u00fcber alle Aktivit\u00e4ten bei oder mit uns.\u00a0 Milongas, TangoCaf\u00e9s und andere Veranstaltungen sind farblich komplett ganzt\u00e4gig gekennzeichnet, Kurse\u00a0 mit\u00a0 Schrift mit[&#8230;]<\/p>\n","protected":false},"author":2,"featured_media":0,"parent":0,"menu_order":0,"comment_status":"closed","ping_status":"closed","template":"","meta":{"footnotes":""},"class_list":["post-6483","page","type-page","status-publish","hentry"],"_links":{"self":[{"href":"https:\/\/www.la-academia-tango.net\/cms\/wp-json\/wp\/v2\/pages\/6483","targetHints":{"allow":["GET"]}}],"collection":[{"href":"https:\/\/www.la-academia-tango.net\/cms\/wp-json\/wp\/v2\/pages"}],"about":[{"href":"https:\/\/www.la-academia-tango.net\/cms\/wp-json\/wp\/v2\/types\/page"}],"author":[{"embeddable":true,"href":"https:\/\/www.la-academia-tango.net\/cms\/wp-json\/wp\/v2\/users\/2"}],"replies":[{"embeddable":true,"href":"https:\/\/www.la-academia-tango.net\/cms\/wp-json\/wp\/v2\/comments?post=6483"}],"version-history":[{"count":53,"href":"https:\/\/www.la-academia-tango.net\/cms\/wp-json\/wp\/v2\/pages\/6483\/revisions"}],"predecessor-version":[{"id":8601,"href":"https:\/\/www.la-academia-tango.net\/cms\/wp-json\/wp\/v2\/pages\/6483\/revisions\/8601"}],"wp:attachment":[{"href":"https:\/\/www.la-academia-tango.net\/cms\/wp-json\/wp\/v2\/media?parent=6483"}],"curies":[{"name":"wp","href":"https:\/\/api.w.org\/{rel}","templated":true}]}}