{"id":6402,"date":"2021-07-13T16:02:14","date_gmt":"2021-07-13T15:02:14","guid":{"rendered":"http:\/\/www.la-academia-tango.net\/cms\/?page_id=6402"},"modified":"2022-11-02T17:43:16","modified_gmt":"2022-11-02T16:43:16","slug":"duo-perfetto-live","status":"publish","type":"page","link":"https:\/\/www.la-academia-tango.net\/cms\/duo-perfetto-live\/","title":{"rendered":"Duo Perfetto live"},"content":{"rendered":"<p style=\"text-align: center;\"><a href=\"https:\/\/www.la-academia-tango.net\/cms\/duo-perfetto-live\/\"><span style=\"font-size: 10pt;\"><span style=\"font-size: 18pt;\"><span style=\"color: #ff0000;\"><strong><span style=\"caret-color: #000000;\">\u00bb<\/span>Duo Perfetto Live\u00a0 zur Milonga\u00a0<\/strong><\/span><\/span><\/span><\/a><\/p>\n<p style=\"text-align: center;\"><span style=\"font-size: 14pt;\"><strong>Donnerstag, 29. Dezember 19 Uhr<\/strong><\/span><\/p>\n<p style=\"text-align: center;\"><span style=\"font-size: 10pt;\"><br \/>\n<span style=\"font-size: 12pt;\">In 2021 war es f\u00fcr Ohr und Tanzen ein virtuoses Feuerwerk, super professionell, einfallsreich und vielseitig.<\/span><br \/>\n<\/span><\/p>\n<p class=\"tribe-events-single-event-title summary entry-title fusion-responsive-typography-calculated\" style=\"text-align: center;\" data-fontsize=\"25.5\" data-lineheight=\"38.25px\"><span style=\"font-size: 12pt;\">Tangos und Balladen aus Argentinien f\u00fcr Cello und Klavier mit Clorinda Perfetto am Klavier und Robert Witt am Cello<\/span><\/p>\n<p>&nbsp;<\/p>\n<p style=\"text-align: center;\"><span style=\"font-size: 8pt; color: #ffffff;\">.<\/span><\/p>\n<p><img loading=\"lazy\" decoding=\"async\" class=\"size-full wp-image-6503 aligncenter\" src=\"https:\/\/www.la-academia-tango.net\/cms\/wp-content\/uploads\/duo-perfetto-scaled.jpg\" alt=\"\" width=\"2560\" height=\"905\" \/><\/p>\n<p>&nbsp;<\/p>\n<p>&nbsp;<\/p>\n<p>Der 1971 in Dresden geborene Robert Witt war von 1994 bis 2004 Cellist in der S\u00e4chsischen Staatskapelle Dresden, seit 2004 lebt er in Italien und ist als Solo-Cellist am Opernhaus von Cagliari engagiert.<\/p>\n<p>Als das Duo Perfetto vor f\u00fcnf Jahren bei seinem ersten Konzert in einem sardischen Jazzclub die Zuh\u00f6hrer mit Tschaikowsky und Bach zur Extase brachte und kurz darauf den Internationalen Kammermusikwettbewerb TIM gewann (in allen 5 Runden auf Platz 1) war den Musikern klar, da\u00df sie am Beginn eines wunderbaren Weges standen. \u201cZwei K\u00f6rper \u2013 eine Seele!\u201c Das schreibt Rolando Nicolosi \u00fcber das Duo Perfetto, in dem sich hinrei\u00dfende Musikalit\u00e4t der aus Neapel stammenden Pianistin mit dem faszinierenden Ton und der unglaublichen Virtuosit\u00e4t des Dresdner Cellisten zu einer au\u00dfergew\u00f6hnlichen Harmonie verbinden.<\/p>\n<p>Der Solocellist des Teatro Col\u00f2n in Buenos Aires, Jos\u00e9 Bregato, war Mentor und Arrangeur von Astor Piazzolla und gilt bis heute<br \/>\nals der gr\u00f6sste Cellist S\u00fcdamerikas. Die Kompositionen des 2017 im Alter von 102 Jahren in Buenos Aires verstorbenen Bragato sind von<br \/>\nLeidenschaft und zutiefst romantischer Liebe zur argentinischen Volks-und Tangomusik getragen.<\/p>\n<p>Im August vorletzten Jahres, hatte Robert die Gelegenheit, einige seiner bisher unver\u00f6ffentlichten Werke auf dem Violoncello Bragato&#8217;s in<br \/>\nBuenos Aires im Benedetto-Croce-Saal und im Tangosaal des historischen Caf\u00e8 Tortoni uraufzuf\u00fchren.<\/p>\n<p>&nbsp;<\/p>\n<p>&nbsp;<\/p>\n<p><span style=\"color: #ffffff;\">.<\/span><\/p>\n<p>\u00bb <b><span class=\"oi732d6d ik7dh3pa d2edcug0 hpfvmrgz qv66sw1b c1et5uql a8c37x1j muag1w35 ew0dbk1b jq4qci2q a3bd9o3v knj5qynh oo9gr5id hzawbc8m\" dir=\"auto\"><a class=\"oajrlxb2 g5ia77u1 qu0x051f esr5mh6w e9989ue4 r7d6kgcz rq0escxv nhd2j8a9 nc684nl6 p7hjln8o kvgmc6g5 cxmmr5t8 oygrvhab hcukyx3x jb3vyjys rz4wbd8a qt6c0cv9 a8nywdso i1ao9s8h esuyzwwr f1sip0of lzcic4wl py34i1dx gpro0wi8\" tabindex=\"0\" role=\"link\" href=\"https:\/\/www.youtube.com\/watch?v=Ls253oAdLRs&amp;fbclid=IwAR3SCIt7Zl81gqBBrYwEOS_tSA_2UMWN809BTuIoLqYmNp1wX_DN8LcV5Dk\" target=\"_blank\" rel=\"nofollow noopener noreferrer\">www.youtube.com\/watch?v=Ls253oAdLRs<\/a><br \/>\n<\/span><a class=\"moz-txt-link-abbreviated\" href=\"http:\/\/www.youtube.com\/watch?v=VJ2PUPtM5uc\" rel=\"nofollow noopener\" target=\"_blank\">\u00bb www.youtube.com\/watch?v=VJ2PUPtM5uc<\/a><\/b><\/p>\n<p><span style=\"color: #ffffff;\"><a class=\"moz-txt-link-abbreviated\" href=\"http:\/\/www.duoperfetto.com\/\" rel=\"nofollow noopener\" target=\"_blank\">www.duoperfetto.com<\/a>.<\/span><\/p>\n<p><span style=\"color: #ffffff;\">.<\/span><\/p>\n<p><img loading=\"lazy\" decoding=\"async\" class=\"prozent aligncenter wp-image-6408 size-full\" src=\"https:\/\/www.la-academia-tango.net\/cms\/wp-content\/uploads\/DuoPerfetto.jpg\" alt=\"\" width=\"1280\" height=\"853\" \/><\/p>\n<p>&nbsp;<\/p>\n<p>&nbsp;<\/p>\n","protected":false},"excerpt":{"rendered":"<p>\u00bbDuo Perfetto Live\u00a0 zur Milonga\u00a0 Donnerstag, 29. Dezember 19 Uhr In 2021 war es f\u00fcr Ohr und Tanzen ein virtuoses Feuerwerk, super professionell, einfallsreich und vielseitig. Tangos und Balladen aus Argentinien f\u00fcr Cello und Klavier[&#8230;]<\/p>\n","protected":false},"author":2,"featured_media":0,"parent":0,"menu_order":0,"comment_status":"closed","ping_status":"closed","template":"","meta":{"footnotes":""},"class_list":["post-6402","page","type-page","status-publish","hentry"],"_links":{"self":[{"href":"https:\/\/www.la-academia-tango.net\/cms\/wp-json\/wp\/v2\/pages\/6402","targetHints":{"allow":["GET"]}}],"collection":[{"href":"https:\/\/www.la-academia-tango.net\/cms\/wp-json\/wp\/v2\/pages"}],"about":[{"href":"https:\/\/www.la-academia-tango.net\/cms\/wp-json\/wp\/v2\/types\/page"}],"author":[{"embeddable":true,"href":"https:\/\/www.la-academia-tango.net\/cms\/wp-json\/wp\/v2\/users\/2"}],"replies":[{"embeddable":true,"href":"https:\/\/www.la-academia-tango.net\/cms\/wp-json\/wp\/v2\/comments?post=6402"}],"version-history":[{"count":12,"href":"https:\/\/www.la-academia-tango.net\/cms\/wp-json\/wp\/v2\/pages\/6402\/revisions"}],"predecessor-version":[{"id":7074,"href":"https:\/\/www.la-academia-tango.net\/cms\/wp-json\/wp\/v2\/pages\/6402\/revisions\/7074"}],"wp:attachment":[{"href":"https:\/\/www.la-academia-tango.net\/cms\/wp-json\/wp\/v2\/media?parent=6402"}],"curies":[{"name":"wp","href":"https:\/\/api.w.org\/{rel}","templated":true}]}}

<p style="text-align: center;"><a href="https://www.la-academia-tango.net/cms/duo-perfetto-live/"><span style="font-size: 10pt;"><span style="font-size: 18pt;"><span style="color: #ff0000;"><strong><span style="caret-color: #000000;">»</span>Duo Perfetto Live  zur Milonga </strong></span></span></span></a></p>
<p style="text-align: center;"><span style="font-size: 14pt;"><strong>Donnerstag, 29. Dezember 19 Uhr</strong></span></p>
<p style="text-align: center;"><span style="font-size: 10pt;"><br />
<span style="font-size: 12pt;">In 2021 war es für Ohr und Tanzen ein virtuoses Feuerwerk, super professionell, einfallsreich und vielseitig.</span><br />
</span></p>
<p class="tribe-events-single-event-title summary entry-title fusion-responsive-typography-calculated" style="text-align: center;" data-fontsize="25.5" data-lineheight="38.25px"><span style="font-size: 12pt;">Tangos und Balladen aus Argentinien für Cello und Klavier mit Clorinda Perfetto am Klavier und Robert Witt am Cello</span></p>
<p>&nbsp;</p>
<p style="text-align: center;"><span style="font-size: 8pt; color: #ffffff;">.</span></p>
<p><img loading="lazy" decoding="async" class="size-full wp-image-6503 aligncenter" src="https://www.la-academia-tango.net/cms/wp-content/uploads/duo-perfetto-scaled.jpg" alt="" width="2560" height="905" /></p>
<p>&nbsp;</p>
<p>&nbsp;</p>
<p>Der 1971 in Dresden geborene Robert Witt war von 1994 bis 2004 Cellist in der Sächsischen Staatskapelle Dresden, seit 2004 lebt er in Italien und ist als Solo-Cellist am Opernhaus von Cagliari engagiert.</p>
<p>Als das Duo Perfetto vor fünf Jahren bei seinem ersten Konzert in einem sardischen Jazzclub die Zuhöhrer mit Tschaikowsky und Bach zur Extase brachte und kurz darauf den Internationalen Kammermusikwettbewerb TIM gewann (in allen 5 Runden auf Platz 1) war den Musikern klar, daß sie am Beginn eines wunderbaren Weges standen. “Zwei Körper – eine Seele!“ Das schreibt Rolando Nicolosi über das Duo Perfetto, in dem sich hinreißende Musikalität der aus Neapel stammenden Pianistin mit dem faszinierenden Ton und der unglaublichen Virtuosität des Dresdner Cellisten zu einer außergewöhnlichen Harmonie verbinden.</p>
<p>Der Solocellist des Teatro Colòn in Buenos Aires, José Bregato, war Mentor und Arrangeur von Astor Piazzolla und gilt bis heute<br />
als der grösste Cellist Südamerikas. Die Kompositionen des 2017 im Alter von 102 Jahren in Buenos Aires verstorbenen Bragato sind von<br />
Leidenschaft und zutiefst romantischer Liebe zur argentinischen Volks-und Tangomusik getragen.</p>
<p>Im August vorletzten Jahres, hatte Robert die Gelegenheit, einige seiner bisher unveröffentlichten Werke auf dem Violoncello Bragato&#8217;s in<br />
Buenos Aires im Benedetto-Croce-Saal und im Tangosaal des historischen Cafè Tortoni uraufzuführen.</p>
<p>&nbsp;</p>
<p>&nbsp;</p>
<p><span style="color: #ffffff;">.</span></p>
<p>» <b><span class="oi732d6d ik7dh3pa d2edcug0 hpfvmrgz qv66sw1b c1et5uql a8c37x1j muag1w35 ew0dbk1b jq4qci2q a3bd9o3v knj5qynh oo9gr5id hzawbc8m" dir="auto"><a class="oajrlxb2 g5ia77u1 qu0x051f esr5mh6w e9989ue4 r7d6kgcz rq0escxv nhd2j8a9 nc684nl6 p7hjln8o kvgmc6g5 cxmmr5t8 oygrvhab hcukyx3x jb3vyjys rz4wbd8a qt6c0cv9 a8nywdso i1ao9s8h esuyzwwr f1sip0of lzcic4wl py34i1dx gpro0wi8" tabindex="0" role="link" href="https://www.youtube.com/watch?v=Ls253oAdLRs&amp;fbclid=IwAR3SCIt7Zl81gqBBrYwEOS_tSA_2UMWN809BTuIoLqYmNp1wX_DN8LcV5Dk" target="_blank" rel="nofollow noopener noreferrer">www.youtube.com/watch?v=Ls253oAdLRs</a><br />
</span><a class="moz-txt-link-abbreviated" href="http://www.youtube.com/watch?v=VJ2PUPtM5uc" rel="nofollow noopener" target="_blank">» www.youtube.com/watch?v=VJ2PUPtM5uc</a></b></p>
<p><span style="color: #ffffff;"><a class="moz-txt-link-abbreviated" href="http://www.duoperfetto.com/" rel="nofollow noopener" target="_blank">www.duoperfetto.com</a>.</span></p>
<p><span style="color: #ffffff;">.</span></p>
<p><img loading="lazy" decoding="async" class="prozent aligncenter wp-image-6408 size-full" src="https://www.la-academia-tango.net/cms/wp-content/uploads/DuoPerfetto.jpg" alt="" width="1280" height="853" /></p>
<p>&nbsp;</p>
<p>&nbsp;</p>

<p>»Duo Perfetto Live  zur Milonga  Donnerstag, 29. Dezember 19 Uhr In 2021 war es für Ohr und Tanzen ein virtuoses Feuerwerk, super professionell, einfallsreich und vielseitig. Tangos und Balladen aus Argentinien für Cello und Klavier[&#8230;]</p>
