{"id":2236,"date":"2016-02-01T17:26:35","date_gmt":"2016-02-01T16:26:35","guid":{"rendered":"http:\/\/www.la-academia-tango.net\/cms\/?page_id=2236"},"modified":"2026-02-02T14:16:32","modified_gmt":"2026-02-02T13:16:32","slug":"iron-tango-ger","status":"publish","type":"page","link":"https:\/\/www.la-academia-tango.net\/cms\/iron-tango\/iron-tango-ger\/","title":{"rendered":"Iron Tango"},"content":{"rendered":"<p style=\"text-align: center;\"><span style=\"font-size: 22px;\"><strong><span style=\"color: #ff0000;\">IRON TANGO 2026<\/span><\/strong><\/span><\/p>\n<p style=\"text-align: center;\"><span style=\"color: #ff0000; font-size: 14pt;\"><strong>26 | 27. | 28. Juni<\/strong><\/span><\/p>\n<p style=\"text-align: center;\"><strong><span style=\"font-size: 14pt; color: #ff0000;\">Pre-Milonga 25. Juni\u00a0<\/span><\/strong><\/p>\n<p>&nbsp;<\/p>\n<p style=\"text-align: center;\"><span style=\"color: #ffffff;\">.<\/span><\/p>\n<p style=\"text-align: center;\"><a href=\"https:\/\/www.la-academia-tango.net\/cms\/iron-tango-registration\/\" target=\"_blank\" rel=\"noopener\"><span style=\"font-size: 22px;\"><span style=\"color: #ff0000;\"><strong>\u00bb\u00a0 zur Anmeldung<\/strong><\/span><\/span><\/a><\/p>\n<p style=\"text-align: center;\"><span style=\"color: #ffffff; font-size: 24px;\">.<\/span><\/p>\n<p style=\"text-align: center;\"><span style=\"color: #ffffff;\">.<\/span><\/p>\n<h2 style=\"text-align: center;\"><span style=\"color: #00ffff;\"><a style=\"color: #00ffff;\" href=\"http:\/\/www.la-academia-tango.net\/cms\/anmeldung-irontango\/\"><img loading=\"lazy\" decoding=\"async\" class=\"size-full wp-image-2300 aligncenter\" title=\"IRON TANGO GERMAN VERSION\" src=\"http:\/\/www.la-academia-tango.net\/cms\/wp-content\/uploads\/IRON-TANGO-GERMAN-VERSION.jpg\" alt=\"\" width=\"41\" height=\"24\" \/><\/a><\/span><\/h2>\n<p style=\"color: #ff0000; text-align: center;\"><span style=\"color: #000000;\">Wir laden euch ein<br \/>\nund<\/span><\/p>\n<p style=\"color: #ff0000; text-align: center;\"><span style=\"color: #000000;\"><span style=\"color: #ff0000;\">&amp;<\/span><br \/>\n\u00f6ffnen unseren Dreiseithof mit Schmiede, Tanzstudio und Hof,<br \/>\num<br \/>\nmit euch gemeinsam die Zeit zu verbringen<br \/>\n<span style=\"color: #ff0000;\">&amp;<\/span><br \/>\nmit euch zu tanzen zu sch\u00f6nster Musik &#8211; ausgesucht von DJs aus Dresden und anderswoher (ca 90 T\u00e4nzer*Innen<br \/>\nim ausgewogenen Tanzrollenverh\u00e4ltnis)<br \/>\n<span style=\"color: #ff0000;\">&amp;<\/span><br \/>\nKulinarisch werden wir \u00a0verw\u00f6hnt von Ludo Decreus aus Belgien von Freitag Abend bis Sonntag Nachmittag<br \/>\n<span style=\"color: #ff0000;\">&amp;<\/span><\/span><br \/>\n<span style=\"color: #000000;\">Relaxen k\u00f6nnt ihr unter Obstb\u00e4umen<\/span><br \/>\n<span style=\"color: #000000;\">im Garten<\/span><br \/>\n<span style=\"color: #000000;\"><span style=\"color: #ff0000;\"> &amp;<\/span><br \/>\nihr k\u00f6nnt die F\u00fc\u00dfe im Bach k\u00fchlen<br \/>\n<span style=\"color: #ff0000;\">&amp;<\/span><br \/>\neuch bei Regen am Ofen in der Schmiede w\u00e4rmen<br \/>\n<span style=\"color: #ff0000;\">&amp;<\/span><br \/>\neuch eventuell eine Massage g\u00f6nnen<br \/>\n<span style=\"color: #ff0000;\">&amp;<\/span><br \/>\neure Tangokleidung und Schuhe im Flohmarkt weitergeben<br \/>\n<span style=\"color: #ff0000;\">&amp;<\/span><br \/>\nim Garten Zelten<br \/>\n<span style=\"color: #ff0000;\">&amp;<\/span><br \/>\noder im Schlafsaal \u00fcbernachten<br \/>\n<span style=\"color: #ff0000;\">&amp;<\/span><br \/>\nvielleicht gibt es noch eine \u00dcberraschung oder Ungeplantes oder Hinzugef\u00fcgtes.<\/span><span style=\"color: #000000;\"><br \/>\n<span style=\"color: #ff0000;\">&amp;<\/span><br \/>\nmitzubringen ist<br \/>\neure gute Laune<br \/>\n<span style=\"color: #ff0000;\">&amp;<\/span><br \/>\nsch\u00f6nes Wetter, wenn ihr es erwischt<\/span><\/p>\n<p style=\"color: #ff0000; text-align: center;\"><img loading=\"lazy\" decoding=\"async\" class=\"wp-image-4275 aligncenter\" src=\"https:\/\/www.la-academia-tango.net\/cms\/wp-content\/uploads\/Werbung-Schnirkel-klein2.png\" alt=\"\" width=\"139\" height=\"21\" srcset=\"https:\/\/www.la-academia-tango.net\/cms\/wp-content\/uploads\/Werbung-Schnirkel-klein2.png 962w, https:\/\/www.la-academia-tango.net\/cms\/wp-content\/uploads\/Werbung-Schnirkel-klein2-300x45.png 300w, https:\/\/www.la-academia-tango.net\/cms\/wp-content\/uploads\/Werbung-Schnirkel-klein2-768x116.png 768w\" sizes=\"auto, (max-width: 139px) 100vw, 139px\" \/><\/p>\n<h4 style=\"text-align: center;\"><span style=\"color: #ff0000;\">Zeiten<\/span><\/h4>\n<p style=\"text-align: center;\">Pre-Milonga<br \/>\n20.00 Uhr<\/p>\n<p style=\"text-align: center;\">Iron Tango<br \/>\nStart Freitag, 18 Uhr<br \/>\nEnde Sonntag 18 Uhr<\/p>\n<h2 style=\"color: #ff0000; text-align: center;\"><img loading=\"lazy\" decoding=\"async\" class=\"wp-image-4275 aligncenter\" src=\"https:\/\/www.la-academia-tango.net\/cms\/wp-content\/uploads\/Werbung-Schnirkel-klein2.png\" alt=\"\" width=\"139\" height=\"21\" srcset=\"https:\/\/www.la-academia-tango.net\/cms\/wp-content\/uploads\/Werbung-Schnirkel-klein2.png 962w, https:\/\/www.la-academia-tango.net\/cms\/wp-content\/uploads\/Werbung-Schnirkel-klein2-300x45.png 300w, https:\/\/www.la-academia-tango.net\/cms\/wp-content\/uploads\/Werbung-Schnirkel-klein2-768x116.png 768w\" sizes=\"auto, (max-width: 139px) 100vw, 139px\" \/><\/h2>\n<h4 style=\"color: #ff0000; text-align: center;\">Ort \/ Anfahrt:<\/h4>\n<p style=\"text-align: center;\">La academia * Altleubnitz 11 * 01219 Dresden<\/p>\n<p style=\"text-align: center;\">&#8211; 3 Fahr-Minuten \u00a0von\/zur Autobahn<br \/>\n&#8211; direkte Busanbindung zum Dresdner Stadtzentrum 2min zu Fu\u00df in Richtung Bahnhof \/ zum Dresdner Stadtzentrum<br \/>\n&#8211; Zentrum 5km entfernt \u2013 15 Busminuten &#8211; Bahnhof 4 km entfernt \u2013 10 Busminuten<br \/>\n&#8211; vom Flughafen mit S-Bahn zum Bahnhof&#8230;<\/p>\n<h2 style=\"color: #ff0000; text-align: center;\"><img loading=\"lazy\" decoding=\"async\" class=\"wp-image-4275 aligncenter\" src=\"https:\/\/www.la-academia-tango.net\/cms\/wp-content\/uploads\/Werbung-Schnirkel-klein2.png\" alt=\"\" width=\"139\" height=\"21\" srcset=\"https:\/\/www.la-academia-tango.net\/cms\/wp-content\/uploads\/Werbung-Schnirkel-klein2.png 962w, https:\/\/www.la-academia-tango.net\/cms\/wp-content\/uploads\/Werbung-Schnirkel-klein2-300x45.png 300w, https:\/\/www.la-academia-tango.net\/cms\/wp-content\/uploads\/Werbung-Schnirkel-klein2-768x116.png 768w\" sizes=\"auto, (max-width: 139px) 100vw, 139px\" \/><\/h2>\n<h4 style=\"color: #ff0000; text-align: center;\">\u00dcbernachtung \/ Unterkunft<\/h4>\n<p style=\"text-align: center;\"><span style=\"color: #ff0000;\">\u00a0<span style=\"color: #000000;\">im eigenen Zelt\u00a0<span style=\"color: #808080; font-size: 10pt;\">\u00a0<\/span><\/span><br \/>\n<span style=\"color: #000000;\">oder<\/span><br \/>\n<span style=\"color: #000000;\">Schlafsaal auf eigener Isomatte und Schlafsack<br \/>\n<\/span><\/span><span style=\"color: #ff0000;\"><span style=\"color: #000000;\">oder<br \/>\n<\/span><\/span><span style=\"color: #ff0000;\"><span style=\"color: #000000;\">im eigenen Camper<span style=\"font-size: 12px;\"> (Durchfahrt Beite 2,40m H\u00f6he 3,00m)<\/span><\/span><\/span><\/p>\n<p style=\"text-align: center;\">Die Pl\u00e4tze im Schlafsaal und Garten f\u00fcr Womos und Zelte sind begrenzt und werden in Anmeldereihenfolge vergeben<br \/>\n<span style=\"color: #000000;\"><br \/>\nSelbstorganisation in umliegenden FeWos \/ Hotels<\/span><\/p>\n<p style=\"color: #ff0000; text-align: center;\"><span style=\"color: #00ffff;\"><br \/>\n<a href=\"https:\/\/www.la-academia-tango.net\/cms\/uebernachtung\/\"><span style=\"color: #0000ff;\">\u00bb Liste der umliegenden Hotels-Pensionen-Ferienwohnungen<\/span><\/a><\/span><\/p>\n<h2 style=\"color: #ff0000; text-align: center;\"><span style=\"color: #ffffff;\">.<img loading=\"lazy\" decoding=\"async\" class=\"wp-image-4275 aligncenter\" src=\"https:\/\/www.la-academia-tango.net\/cms\/wp-content\/uploads\/Werbung-Schnirkel-klein2.png\" alt=\"\" width=\"139\" height=\"21\" srcset=\"https:\/\/www.la-academia-tango.net\/cms\/wp-content\/uploads\/Werbung-Schnirkel-klein2.png 962w, https:\/\/www.la-academia-tango.net\/cms\/wp-content\/uploads\/Werbung-Schnirkel-klein2-300x45.png 300w, https:\/\/www.la-academia-tango.net\/cms\/wp-content\/uploads\/Werbung-Schnirkel-klein2-768x116.png 768w\" sizes=\"auto, (max-width: 139px) 100vw, 139px\" \/><\/span><\/h2>\n<p>&nbsp;<\/p>\n<p style=\"color: #ff0000; text-align: center;\"><span style=\"font-size: 14pt;\"><strong>Anmeldung \/ Einladung:<\/strong><\/span><\/p>\n<p style=\"color: #ff0000; text-align: center;\"><span style=\"color: #ff0000;\">\u2022<br \/>\n<span style=\"color: #000000;\">als Paar \u00a0(leader \/ follower) Jeder von euch meldet sich separat im Formular an &#8211; vom\u00a0Partner wird lediglich der\u00a0Name angegeben, damit die Zuordnung passt.<\/span><br \/>\n\u2022<br \/>\n<span style=\"color: #000000;\">Singleanmeldung \u00a0mit Warteliste bis zur Zuordnung Leader\/ Follower.<\/span><\/span><br \/>\n<span style=\"color: #ff0000;\">\u2022<\/span><br \/>\n<span style=\"color: #000000;\">Als Doppelrollent\u00e4nzer*In, wenn du tats\u00e4chlich in beiden Rollen tanzt und tanzen m\u00f6chtest und einverstanden bist, die Lage von \u201eTanz-Notwendigkeiten\u201c zu erkennen und dementsprechend in der &#8222;notwendigen&#8220; Rolle zu tanzen<\/span><\/p>\n<p style=\"color: #ff0000; text-align: center;\"><span style=\"color: #ffffff;\"><img loading=\"lazy\" decoding=\"async\" class=\"wp-image-4275 aligncenter\" src=\"https:\/\/www.la-academia-tango.net\/cms\/wp-content\/uploads\/Werbung-Schnirkel-klein2.png\" alt=\"\" width=\"139\" height=\"21\" srcset=\"https:\/\/www.la-academia-tango.net\/cms\/wp-content\/uploads\/Werbung-Schnirkel-klein2.png 962w, https:\/\/www.la-academia-tango.net\/cms\/wp-content\/uploads\/Werbung-Schnirkel-klein2-300x45.png 300w, https:\/\/www.la-academia-tango.net\/cms\/wp-content\/uploads\/Werbung-Schnirkel-klein2-768x116.png 768w\" sizes=\"auto, (max-width: 139px) 100vw, 139px\" \/><\/span><\/p>\n<p style=\"color: #ff0000; text-align: center;\"><span style=\"font-size: 14pt;\"><strong>Kosten pro Nase<\/strong><\/span><span style=\"color: #ff0000;\"><span style=\"color: #000000;\"><span style=\"font-size: 16px;\">\u00a0<\/span><\/span><\/span><\/p>\n<p style=\"text-align: center;\"><span style=\"color: #ff0000;\"><span style=\"color: #000000;\">Premilonga<br \/>\nam Donnerstag mit Live-Musik von Duo Asato Pais<br \/>\n25\u20ac<br \/>\n<\/span><\/span><\/p>\n<p style=\"text-align: center;\"><span style=\"color: #ff0000;\"><span style=\"color: #000000;\">IRON TANGO\u00a0 Freitag bis Sonntag<br \/>\nincl. Kulinarischem (Fr Willkommensbuffet, Sa + So Brunch sp\u00e4ter Vormittag \/ Sa Dinner \/ Snacks, Obst, Wasser, Kaffee, Tee)<br \/>\n185\u20ac\u00a0<\/span><\/span><\/p>\n<p style=\"text-align: center;\"><span style=\"color: #ff0000;\"><span style=\"color: #000000;\"><span style=\"font-size: 16px;\">\u00dcbernachtung im Schlafsaal mit eigenem Schlafsack und Isomatte oder \u00dcbernachtung im eigenen Zelt oder Auto im Garten<br \/>\n15\u20ac pro Nase<\/span><\/span><\/span><\/p>\n<p style=\"text-align: center;\"><span style=\"font-size: 14pt; color: #ffffff;\">|<\/span><\/p>\n<p style=\"text-align: center;\"><img loading=\"lazy\" decoding=\"async\" class=\"wp-image-4275 aligncenter\" src=\"https:\/\/www.la-academia-tango.net\/cms\/wp-content\/uploads\/Werbung-Schnirkel-klein2.png\" alt=\"\" width=\"203\" height=\"31\" srcset=\"https:\/\/www.la-academia-tango.net\/cms\/wp-content\/uploads\/Werbung-Schnirkel-klein2.png 962w, https:\/\/www.la-academia-tango.net\/cms\/wp-content\/uploads\/Werbung-Schnirkel-klein2-300x45.png 300w, https:\/\/www.la-academia-tango.net\/cms\/wp-content\/uploads\/Werbung-Schnirkel-klein2-768x116.png 768w\" sizes=\"auto, (max-width: 203px) 100vw, 203px\" \/><\/p>\n<p style=\"text-align: center;\"><span style=\"font-size: 14pt; color: #ffffff;\"><span style=\"color: #ff0000;\"><span style=\"color: #ffffff;\">|<\/span><\/span><\/span><\/p>\n<p style=\"text-align: center;\"><a href=\"https:\/\/www.la-academia-tango.net\/cms\/iron-tango-registration\/\" target=\"_blank\" rel=\"noopener\"><span style=\"font-size: 22px;\"><span style=\"color: #ff0000;\"><strong>\u00bb\u00a0 zur Anmeldung<\/strong><\/span><\/span><\/a><\/p>\n<p style=\"text-align: center;\">Habt ihr Fragen, ruft an oder schreibt an uns<br \/>\nKontakt IRON TANGO Carsta &amp; Alex:<span style=\"color: #ff0000;\"> iron [at] la-academia-tango-dresden.de<\/span><\/p>\n<p style=\"text-align: center;\"><span style=\"font-size: 14pt; color: #ffffff;\">|<\/span><\/p>\n<p style=\"text-align: center;\"><img loading=\"lazy\" decoding=\"async\" class=\"wp-image-4275 aligncenter\" src=\"https:\/\/www.la-academia-tango.net\/cms\/wp-content\/uploads\/Werbung-Schnirkel-klein2.png\" alt=\"\" width=\"203\" height=\"31\" srcset=\"https:\/\/www.la-academia-tango.net\/cms\/wp-content\/uploads\/Werbung-Schnirkel-klein2.png 962w, https:\/\/www.la-academia-tango.net\/cms\/wp-content\/uploads\/Werbung-Schnirkel-klein2-300x45.png 300w, https:\/\/www.la-academia-tango.net\/cms\/wp-content\/uploads\/Werbung-Schnirkel-klein2-768x116.png 768w\" sizes=\"auto, (max-width: 203px) 100vw, 203px\" \/><\/p>\n<p style=\"text-align: center;\"><span style=\"font-size: 14pt; color: #ffffff;\"><span style=\"color: #ff0000;\"><span style=\"color: #ffffff;\">|<\/span><\/span><\/span><\/p>\n<h4 style=\"text-align: center;\"><span style=\"color: #ff0000;\"><br \/>\nIRON TANGO Impressionen<br \/>\n<\/span><\/h4>\n<p style=\"text-align: center;\"><span style=\"color: #ffffff;\">.<\/span><\/p>\n<p style=\"text-align: center;\"><span style=\"color: #ffffff;\">.<\/span><\/p>\n<p style=\"text-align: center;\"><img loading=\"lazy\" decoding=\"async\" class=\"wp-image-4275 aligncenter\" src=\"https:\/\/www.la-academia-tango.net\/cms\/wp-content\/uploads\/Werbung-Schnirkel-klein2.png\" alt=\"\" width=\"203\" height=\"31\" srcset=\"https:\/\/www.la-academia-tango.net\/cms\/wp-content\/uploads\/Werbung-Schnirkel-klein2.png 962w, https:\/\/www.la-academia-tango.net\/cms\/wp-content\/uploads\/Werbung-Schnirkel-klein2-300x45.png 300w, https:\/\/www.la-academia-tango.net\/cms\/wp-content\/uploads\/Werbung-Schnirkel-klein2-768x116.png 768w\" sizes=\"auto, (max-width: 203px) 100vw, 203px\" \/><\/p>\n<p style=\"text-align: center;\"><span style=\"color: #ffffff;\">.<\/span><\/p>\n<p style=\"text-align: center;\"><a href=\"https:\/\/www.iron-tango-2021.ruediger-voigt-fotografie.com\/\" target=\"_blank\" rel=\"noopener noreferrer nofollow\"><img loading=\"lazy\" decoding=\"async\" class=\"prozent aligncenter wp-image-6435\" src=\"https:\/\/www.la-academia-tango.net\/cms\/wp-content\/uploads\/0065__DSC09084-Praline.jpg\" alt=\"\" width=\"350\" height=\"237\" srcset=\"https:\/\/www.la-academia-tango.net\/cms\/wp-content\/uploads\/0065__DSC09084-Praline.jpg 1600w, https:\/\/www.la-academia-tango.net\/cms\/wp-content\/uploads\/0065__DSC09084-Praline-300x203.jpg 300w, https:\/\/www.la-academia-tango.net\/cms\/wp-content\/uploads\/0065__DSC09084-Praline-1024x694.jpg 1024w, https:\/\/www.la-academia-tango.net\/cms\/wp-content\/uploads\/0065__DSC09084-Praline-768x520.jpg 768w, https:\/\/www.la-academia-tango.net\/cms\/wp-content\/uploads\/0065__DSC09084-Praline-1536x1041.jpg 1536w, https:\/\/www.la-academia-tango.net\/cms\/wp-content\/uploads\/0065__DSC09084-Praline-370x251.jpg 370w, https:\/\/www.la-academia-tango.net\/cms\/wp-content\/uploads\/0065__DSC09084-Praline-1040x705.jpg 1040w\" sizes=\"auto, (max-width: 350px) 100vw, 350px\" \/><\/a><\/p>\n<p style=\"text-align: center;\"><span style=\"color: #ffffff;\">.<\/span><\/p>\n<p style=\"text-align: center;\"><a href=\"https:\/\/www.iron-tango-2021.ruediger-voigt-fotografie.com\/\" target=\"_blank\" rel=\"noopener noreferrer nofollow\">\u00bb Bilder 2021 von R\u00fcdiger<\/a><\/p>\n<p style=\"text-align: center;\"><span style=\"color: #ffffff;\">. <\/span><\/p>\n<p>&nbsp;<\/p>\n<p><a href=\"https:\/\/www.dropbox.com\/sh\/6r5yqkrafi340a2\/AABiRl6C8W5FlAYTzOFhBvhsa?dl=0\" target=\"_blank\" rel=\"noopener noreferrer nofollow\"><img loading=\"lazy\" decoding=\"async\" class=\"prozent aligncenter wp-image-6436\" src=\"https:\/\/www.la-academia-tango.net\/cms\/wp-content\/uploads\/IRON-TANGO-2021-001.jpg\" alt=\"\" width=\"350\" height=\"233\" srcset=\"https:\/\/www.la-academia-tango.net\/cms\/wp-content\/uploads\/IRON-TANGO-2021-001.jpg 2400w, https:\/\/www.la-academia-tango.net\/cms\/wp-content\/uploads\/IRON-TANGO-2021-001-300x200.jpg 300w, https:\/\/www.la-academia-tango.net\/cms\/wp-content\/uploads\/IRON-TANGO-2021-001-1024x683.jpg 1024w, https:\/\/www.la-academia-tango.net\/cms\/wp-content\/uploads\/IRON-TANGO-2021-001-768x512.jpg 768w, https:\/\/www.la-academia-tango.net\/cms\/wp-content\/uploads\/IRON-TANGO-2021-001-1536x1024.jpg 1536w, https:\/\/www.la-academia-tango.net\/cms\/wp-content\/uploads\/IRON-TANGO-2021-001-2048x1365.jpg 2048w, https:\/\/www.la-academia-tango.net\/cms\/wp-content\/uploads\/IRON-TANGO-2021-001-370x247.jpg 370w, https:\/\/www.la-academia-tango.net\/cms\/wp-content\/uploads\/IRON-TANGO-2021-001-1040x693.jpg 1040w\" sizes=\"auto, (max-width: 350px) 100vw, 350px\" \/><\/a><\/p>\n<p style=\"text-align: center;\"><a href=\"https:\/\/www.dropbox.com\/sh\/6r5yqkrafi340a2\/AABiRl6C8W5FlAYTzOFhBvhsa?dl=0\" target=\"_blank\" rel=\"noopener noreferrer nofollow\">\u00bb Schnappsch\u00fcsse 2021<\/a><\/p>\n<p style=\"text-align: center;\"><span style=\"color: #ffffff;\">.<\/span><\/p>\n<p style=\"text-align: center;\"><img loading=\"lazy\" decoding=\"async\" class=\"wp-image-4275 aligncenter\" src=\"https:\/\/www.la-academia-tango.net\/cms\/wp-content\/uploads\/Werbung-Schnirkel-klein2.png\" alt=\"\" width=\"203\" height=\"31\" srcset=\"https:\/\/www.la-academia-tango.net\/cms\/wp-content\/uploads\/Werbung-Schnirkel-klein2.png 962w, https:\/\/www.la-academia-tango.net\/cms\/wp-content\/uploads\/Werbung-Schnirkel-klein2-300x45.png 300w, https:\/\/www.la-academia-tango.net\/cms\/wp-content\/uploads\/Werbung-Schnirkel-klein2-768x116.png 768w\" sizes=\"auto, (max-width: 203px) 100vw, 203px\" \/><\/p>\n<p style=\"text-align: center;\"><span style=\"color: #ffffff;\">.<\/span><\/p>\n<p>..<\/p>\n<h4 style=\"text-align: center;\"><span style=\"color: #0000ff;\"><a style=\"color: #0000ff;\" href=\"https:\/\/www.facebook.com\/media\/set\/?set=a.754880861320603.1073741860.100003960882835&amp;type=1&amp;l=3da860021d\" rel=\"nofollow noopener\" target=\"_blank\">\u00bb 2016<\/a><\/span><br \/>\n<span style=\"color: #0000ff;\"><a style=\"color: #0000ff;\" href=\"https:\/\/www.facebook.com\/media\/set\/?set=a.754880861320603.1073741860.100003960882835&amp;type=1&amp;l=3da860021d\" rel=\"nofollow noopener\" target=\"_blank\">\u00bb 2017<\/a><\/span><br \/>\n<span style=\"color: #0000ff;\"><a style=\"color: #0000ff;\" href=\"https:\/\/www.facebook.com\/carsta.mock\/media_set?set=a.1385174204900565.100003960882835&amp;type=3\" rel=\"nofollow noopener\" target=\"_blank\">\u00bb 2017 &#8211; Bilder von Annegret Stanke<\/a><\/span><\/h4>\n<h2 style=\"color: #ff0000; text-align: center;\"><\/h2>\n<figure id=\"attachment_3355\" aria-describedby=\"caption-attachment-3355\" style=\"width: 300px\" class=\"wp-caption aligncenter\"><a href=\"https:\/\/www.facebook.com\/carsta.mock\/videos\/vb.100003960882835\/756893711119318\/?type=2&amp;theater\" target=\"_blank\" rel=\"noopener noreferrer nofollow\"><img loading=\"lazy\" decoding=\"async\" class=\"wp-image-3355 size-medium\" src=\"https:\/\/www.la-academia-tango.net\/cms\/wp-content\/uploads\/V\u00f6gel-im-Schlafsaal-300x167.jpg\" alt=\"2016 im Schlafsaal\" width=\"300\" height=\"167\" srcset=\"https:\/\/www.la-academia-tango.net\/cms\/wp-content\/uploads\/V\u00f6gel-im-Schlafsaal-300x167.jpg 300w, https:\/\/www.la-academia-tango.net\/cms\/wp-content\/uploads\/V\u00f6gel-im-Schlafsaal.jpg 636w\" sizes=\"auto, (max-width: 300px) 100vw, 300px\" \/><\/a><figcaption id=\"caption-attachment-3355\" class=\"wp-caption-text\">2016 im Schlafsaal<\/figcaption><\/figure>\n<figure id=\"attachment_2438\" aria-describedby=\"caption-attachment-2438\" style=\"width: 300px\" class=\"wp-caption aligncenter\"><a href=\"https:\/\/www.facebook.com\/media\/set\/?set=a.661181497357207&amp;type=1&amp;l=9907748c3c\" target=\"_blank\" rel=\"noopener noreferrer nofollow\"><img loading=\"lazy\" decoding=\"async\" class=\"wp-image-2438 size-medium\" title=\"IMG_0808 Kopie Schwei\u00dfen Alex\" src=\"http:\/\/www.la-academia-tango.net\/cms\/wp-content\/uploads\/IMG_0808-Kopie-Schwei\u00dfen-Alex-300x200.jpg\" alt=\"Vorbereitungen und Umbau 2016 \/ 2017\" width=\"300\" height=\"200\" \/><\/a><figcaption id=\"caption-attachment-2438\" class=\"wp-caption-text\">Vorbereitungen und Umbau 2016 \/ 2017<\/figcaption><\/figure>\n<h4 style=\"color: #ff0000; text-align: center;\">Hof und Garten<\/h4>\n<p style=\"text-align: center;\"><a href=\"https:\/\/www.facebook.com\/media\/set\/?set=a.403713606437332.1073741832.100003960882835&amp;type=1&amp;l=69b73a860f\" target=\"_blank\" rel=\"noopener noreferrer nofollow\"><img loading=\"lazy\" decoding=\"async\" class=\"alignnone size-medium wp-image-2444\" title=\"20150508_175036 Kopie2\" src=\"http:\/\/www.la-academia-tango.net\/cms\/wp-content\/uploads\/20150508_175036-Kopie2-168x300.jpg\" alt=\"\" width=\"168\" height=\"300\" srcset=\"https:\/\/www.la-academia-tango.net\/cms\/wp-content\/uploads\/20150508_175036-Kopie2-168x300.jpg 168w, https:\/\/www.la-academia-tango.net\/cms\/wp-content\/uploads\/20150508_175036-Kopie2.jpg 1836w\" sizes=\"auto, (max-width: 168px) 100vw, 168px\" \/><\/a><\/p>\n<p>&nbsp;<\/p>\n<h2 style=\"text-align: center;\"><img loading=\"lazy\" decoding=\"async\" class=\"prozent aligncenter wp-image-8025 size-full\" src=\"https:\/\/www.la-academia-tango.net\/cms\/wp-content\/uploads\/Vorderseite-4-CMYK-DIN-lang-Original-Silke-e1731511329615.jpg\" alt=\"\" width=\"1000\" height=\"472\" \/><\/h2>\n<p>&nbsp;<\/p>\n<p style=\"text-align: center;\"><img loading=\"lazy\" decoding=\"async\" class=\"aligncenter size-large wp-image-9586\" src=\"https:\/\/www.la-academia-tango.net\/cms\/wp-content\/uploads\/Duo-Asato-Pais-1-1024x478.jpg\" alt=\"\" width=\"1024\" height=\"478\" srcset=\"https:\/\/www.la-academia-tango.net\/cms\/wp-content\/uploads\/Duo-Asato-Pais-1-1024x478.jpg 1024w, https:\/\/www.la-academia-tango.net\/cms\/wp-content\/uploads\/Duo-Asato-Pais-1-300x140.jpg 300w, https:\/\/www.la-academia-tango.net\/cms\/wp-content\/uploads\/Duo-Asato-Pais-1-768x358.jpg 768w, https:\/\/www.la-academia-tango.net\/cms\/wp-content\/uploads\/Duo-Asato-Pais-1-1536x716.jpg 1536w, https:\/\/www.la-academia-tango.net\/cms\/wp-content\/uploads\/Duo-Asato-Pais-1-370x173.jpg 370w, https:\/\/www.la-academia-tango.net\/cms\/wp-content\/uploads\/Duo-Asato-Pais-1-1040x485.jpg 1040w, https:\/\/www.la-academia-tango.net\/cms\/wp-content\/uploads\/Duo-Asato-Pais-1.jpg 2048w\" sizes=\"auto, (max-width: 1024px) 100vw, 1024px\" \/><\/p>\n<p>&nbsp;<\/p>\n","protected":false},"excerpt":{"rendered":"<p>IRON TANGO 2026 26 | 27. | 28. Juni Pre-Milonga 25. Juni\u00a0 &nbsp; . \u00bb\u00a0 zur Anmeldung . . Wir laden euch ein und &amp; \u00f6ffnen unseren Dreiseithof mit Schmiede, Tanzstudio und Hof, um mit[&#8230;]<\/p>\n","protected":false},"author":2,"featured_media":0,"parent":2120,"menu_order":5,"comment_status":"closed","ping_status":"closed","template":"","meta":{"footnotes":""},"class_list":["post-2236","page","type-page","status-publish","hentry"],"_links":{"self":[{"href":"https:\/\/www.la-academia-tango.net\/cms\/wp-json\/wp\/v2\/pages\/2236","targetHints":{"allow":["GET"]}}],"collection":[{"href":"https:\/\/www.la-academia-tango.net\/cms\/wp-json\/wp\/v2\/pages"}],"about":[{"href":"https:\/\/www.la-academia-tango.net\/cms\/wp-json\/wp\/v2\/types\/page"}],"author":[{"embeddable":true,"href":"https:\/\/www.la-academia-tango.net\/cms\/wp-json\/wp\/v2\/users\/2"}],"replies":[{"embeddable":true,"href":"https:\/\/www.la-academia-tango.net\/cms\/wp-json\/wp\/v2\/comments?post=2236"}],"version-history":[{"count":211,"href":"https:\/\/www.la-academia-tango.net\/cms\/wp-json\/wp\/v2\/pages\/2236\/revisions"}],"predecessor-version":[{"id":9823,"href":"https:\/\/www.la-academia-tango.net\/cms\/wp-json\/wp\/v2\/pages\/2236\/revisions\/9823"}],"up":[{"embeddable":true,"href":"https:\/\/www.la-academia-tango.net\/cms\/wp-json\/wp\/v2\/pages\/2120"}],"wp:attachment":[{"href":"https:\/\/www.la-academia-tango.net\/cms\/wp-json\/wp\/v2\/media?parent=2236"}],"curies":[{"name":"wp","href":"https:\/\/api.w.org\/{rel}","templated":true}]}}