{"id":2017,"date":"2015-10-27T23:01:23","date_gmt":"2015-10-27T22:01:23","guid":{"rendered":"http:\/\/www.la-academia-tango.net\/cms\/?page_id=2017"},"modified":"2025-12-23T10:14:35","modified_gmt":"2025-12-23T09:14:35","slug":"einsteiger-workshop","status":"publish","type":"page","link":"https:\/\/www.la-academia-tango.net\/cms\/kurse-2\/einsteiger-workshop\/","title":{"rendered":"Ausprobieren \u2022 (Neu)Entdecken \u2022 Beginnen \u2022 Wieder Einsteigen"},"content":{"rendered":"<p>&nbsp;<\/p>\n<p style=\"text-align: center;\"><strong><a href=\"https:\/\/www.la-academia-tango.net\/cms\/einsteiger-workshop\/\"><span style=\"font-size: 18pt; color: #ff0000;\"><span style=\"color: #ff0000;\"><span style=\"caret-color: #000000;\">\u00bb <\/span><\/span>Ausprobieren \u2022 (Neu)Entdecken \u2022 Beginnen \u2022 Wieder Einsteigen<\/span><\/a><\/strong><\/p>\n<p>&nbsp;<\/p>\n<p style=\"text-align: center;\">Im Workshop-Format<\/p>\n<p style=\"text-align: center;\"><span style=\"color: #808080;\"><a style=\"color: #808080;\" href=\"https:\/\/www.la-academia-tango.net\/cms\/kalender\/\">\u00bb zu den Terminen<\/a><\/span><\/p>\n<p style=\"text-align: center;\">Die Workshops finden statt bei einer Mindestteilnahme von 4 Paaren<\/p>\n<p>&nbsp;<\/p>\n<p style=\"text-align: center;\"><span style=\"color: #000000;\">Diese beiden Kursthemen werden parallel stattfinden. Zum Schnuppern kannst du in die Welt des Tango eintauchen und ausprobieren.<\/span><\/p>\n<p style=\"text-align: center;\"><span style=\"color: #000000;\">Ob Beginner, Wiedereinsteiger oder schon lange tanzend unterwegs &#8211; es sind immer wieder die Basics und die eigene K\u00f6rperwahrnehmung, die das Tanzen geschmeidig werden lassen. Es geht weniger um einstudierte Schritte, als \u00a0darum, die Musik in Bewegung, Rhythmus und Gef\u00fchl zu interpretieren und sich gegenseitig mitzuteilen &#8211; wie in einem anregenden, freudigen, aktiven Gespr\u00e4ch im Paar, aber ohne Worte<\/span><\/p>\n<p style=\"text-align: center;\">Hier erlangt ihr \u00a0den Wortschatz dazu &#8211; je gr\u00f6\u00dfer der Wortschatz, desto unbegrenzter werden die M\u00f6glichkeiten des Gespr\u00e4ches und des Tanzes mit SPA\u00df und FREUDE.<\/p>\n<p style=\"text-align: center;\">Anmeldung bitte per Mail.<br \/>\nIhr k\u00f6nnt euch im Paar anmelden oder allein. Solltet ihr euch allein anmelden, dann\u00a0 ist die Bereitschaft, in beiden Tanz-Rollen zu tanzen, die\u00a0 Voraussetzung f\u00fcr eure Teilnahme.<\/p>\n<p>&nbsp;<\/p>\n<p style=\"text-align: center;\"><span style=\"color: #ffffff;\">.<\/span><\/p>\n<h3 style=\"text-align: center;\"><a href=\"https:\/\/www.la-academia-tango.net\/cms\/kalender\/\"><span style=\"color: #ff0000;\">\u00bb hier im Kalender findet ihr alle weiteren Termine\u00a0<\/span><\/a><\/h3>\n<p style=\"text-align: center;\"><span style=\"font-size: 14pt; color: #ffffff;\">|<\/span><\/p>\n<h3 style=\"text-align: center;\"><span style=\"font-size: 36pt;\"><span style=\"color: #ff0000;\">.<\/span><\/span><\/h3>\n<p style=\"text-align: center;\"><span style=\"font-size: 14pt; color: #ffffff;\">|<\/span><\/p>\n<p style=\"text-align: center;\"><span style=\"color: #ffffff;\">.<\/span><\/p>\n<h6 style=\"text-align: center;\"><strong>Kosten pro Person<\/strong><\/h6>\n<h6 style=\"text-align: center;\">\u2022 Einzelbuchung pro Kurs 20\u20ac \u2022<br \/>\n\u20225 fortlaufende Termine 60\u20ac<br \/>\n\u2022 Studenten \u2013 Erm.20% \u2022<\/h6>\n<p style=\"text-align: center;\"><span style=\"color: #808080; font-size: 10pt;\">\u00a0<\/span><\/p>\n<p style=\"text-align: center;\"><span style=\"font-size: 14pt; color: #ffffff;\">|<\/span><\/p>\n<h3 style=\"text-align: center;\"><span style=\"font-size: 36pt;\"><span style=\"color: #ff0000;\">.<\/span><\/span><\/h3>\n<p style=\"text-align: center;\"><span style=\"font-size: 14pt; color: #ffffff;\">|<\/span><\/p>\n<p style=\"text-align: center;\"><span style=\"font-size: 20px; color: #ff0000;\">Einzelunterricht Einzelunterricht allein, zu zweit oder in Kleingruppe<\/span><\/p>\n<p style=\"text-align: center;\">Du \u00a0m\u00f6chtest dein eigenes individuelles Tanzthema bearbeiten, intensiver lernen, erg\u00e4nzen oder an deiner Tanztechnik intensiv arbeiten oder du findest nicht die passende Kurszeit \u2013 dann kann Einzelunterricht dich oder euch im Paar zeitlich individuell vorw\u00e4rts bringen. Auch\u00a0 als Kleingruppe k\u00f6nnt ihre individuelle Termine buchen.<\/p>\n<h3 style=\"text-align: center;\"><span style=\"color: #ff0000;\"><span style=\"color: #000000;\"><strong><span style=\"font-size: 10pt; color: #ffffff;\">.<\/span><\/strong><\/span><\/span><\/h3>\n<p style=\"text-align: center;\"><span style=\"font-size: 14pt; color: #ffffff;\">|<\/span><\/p>\n<h3 style=\"text-align: center;\"><span style=\"font-size: 36pt;\"><span style=\"color: #ff0000;\">.<\/span><\/span><\/h3>\n<p style=\"text-align: center;\"><span style=\"font-size: 14pt; color: #ffffff;\">|<\/span><\/p>\n<p style=\"text-align: center;\"><span style=\"color: #000000;\"><span style=\"font-size: 20px;\"><a href=\"https:\/\/www.la-academia-tango.net\/cms\/gutschein\/\"><span style=\"color: #ff0000;\">\u00bb Gutscheine<\/span><\/a><\/span><br \/>\nOb zu Weihnachten oder zum Geburtstag f\u00fcr einen Kurs, ein Event oder oder oder&#8230;.gern fertigen wir individuelle Gutscheine an.<\/span><\/p>\n<h3 style=\"text-align: center;\"><span style=\"color: #ff0000;\"><span style=\"color: #000000;\"><strong><span style=\"font-size: 10pt; color: #ffffff;\">.<\/span><\/strong><\/span><\/span><\/h3>\n<p style=\"text-align: center;\"><span style=\"font-size: 14pt; color: #ffffff;\">|<\/span><\/p>\n<h3 style=\"text-align: center;\"><span style=\"font-size: 36pt;\"><span style=\"color: #ff0000;\">.<\/span><\/span><\/h3>\n<p style=\"text-align: center;\"><span style=\"font-size: 14pt; color: #ffffff;\">|<\/span><\/p>\n<p style=\"text-align: center;\"><span style=\"font-size: 10pt;\"><b><strong><span style=\"color: #ff0000; font-size: 12pt;\">Kurse nur\u00a0 mit Anmeldung\u00a0<\/span><\/strong><\/b><\/span><\/p>\n<p style=\"text-align: center;\"><span style=\"color: #ffffff; font-size: 10pt;\">.<span style=\"color: #000000;\">Anmeldung\u00a0<\/span><span style=\"color: #333333;\">per Mail an info[at]la-academia-tango-dresden.de\u00a0oder per <a href=\"https:\/\/www.la-academia-tango.net\/cms\/kontakt\/\">\u00bb Telefon \/ WhatsApp\u00a0<\/a><\/span><\/span><\/p>\n<p>&nbsp;<\/p>\n<p style=\"text-align: center;\"><span style=\"color: #ffffff;\">\u2022<\/span><\/p>\n<p style=\"text-align: center;\"><span style=\"font-size: 14pt; color: #ffffff;\">|<\/span><\/p>\n<h3 style=\"text-align: center;\"><span style=\"font-size: 36pt;\"><span style=\"color: #ff0000;\">.<\/span><\/span><\/h3>\n<p>&nbsp;<\/p>\n<p>&nbsp;<\/p>\n<p style=\"text-align: center;\"><img loading=\"lazy\" decoding=\"async\" class=\"aligncenter size-large wp-image-8757\" src=\"https:\/\/www.la-academia-tango.net\/cms\/wp-content\/uploads\/Seele-des-Tango-neutral-1024x483.jpg\" alt=\"\" width=\"1024\" height=\"483\" \/><\/p>\n<p style=\"text-align: center;\"><span style=\"font-size: 14pt; color: #ffffff;\">|<\/span><\/p>\n<p style=\"text-align: center;\"><span style=\"color: #ffffff;\">.<\/span><\/p>\n<p>&nbsp;<\/p>\n<p>&nbsp;<\/p>\n<div class=\"line-red\" style=\"text-align: center;\"><\/div>\n<pre><span style=\"color: #ff0000;\"><a style=\"color: #ff0000;\" href=\"http:\/\/www.la-academia-tango.net\/cms\/newsletter-anmeldung\/\">\u00bb Wer vorzeitig per Mail \u00fcber Termine, Veranstaltungen... informiert werden m\u00f6chte, klickt bitte \u00a0hier<\/a><\/span><\/pre>\n<address>\u00a0<\/address>\n<p>&nbsp;<\/p>\n<pre><span style=\"color: #ff0000;\"><a style=\"color: #ff0000;\" href=\"https:\/\/www.la-academia-tango.net\/cms\/keinen-newsletter-mehr\/\">\u00bb Hier kannst du den Newsletter abbestellen<\/a><\/span><\/pre>\n<p style=\"text-align: center;\"><span style=\"color: #ffffff;\">.<\/span><span style=\"color: #ffffff;\">.<\/span><\/p>\n<p>&nbsp;<\/p>\n<p style=\"text-align: center;\"><span style=\"color: #ffffff;\">..<\/span><\/p>\n","protected":false},"excerpt":{"rendered":"<p>&nbsp; \u00bb Ausprobieren \u2022 (Neu)Entdecken \u2022 Beginnen \u2022 Wieder Einsteigen &nbsp; Im Workshop-Format \u00bb zu den Terminen Die Workshops finden statt bei einer Mindestteilnahme von 4 Paaren &nbsp; Diese beiden Kursthemen werden parallel stattfinden. Zum[&#8230;]<\/p>\n","protected":false},"author":2,"featured_media":0,"parent":8012,"menu_order":7,"comment_status":"closed","ping_status":"closed","template":"","meta":{"footnotes":""},"class_list":["post-2017","page","type-page","status-publish","hentry"],"_links":{"self":[{"href":"https:\/\/www.la-academia-tango.net\/cms\/wp-json\/wp\/v2\/pages\/2017","targetHints":{"allow":["GET"]}}],"collection":[{"href":"https:\/\/www.la-academia-tango.net\/cms\/wp-json\/wp\/v2\/pages"}],"about":[{"href":"https:\/\/www.la-academia-tango.net\/cms\/wp-json\/wp\/v2\/types\/page"}],"author":[{"embeddable":true,"href":"https:\/\/www.la-academia-tango.net\/cms\/wp-json\/wp\/v2\/users\/2"}],"replies":[{"embeddable":true,"href":"https:\/\/www.la-academia-tango.net\/cms\/wp-json\/wp\/v2\/comments?post=2017"}],"version-history":[{"count":86,"href":"https:\/\/www.la-academia-tango.net\/cms\/wp-json\/wp\/v2\/pages\/2017\/revisions"}],"predecessor-version":[{"id":9675,"href":"https:\/\/www.la-academia-tango.net\/cms\/wp-json\/wp\/v2\/pages\/2017\/revisions\/9675"}],"up":[{"embeddable":true,"href":"https:\/\/www.la-academia-tango.net\/cms\/wp-json\/wp\/v2\/pages\/8012"}],"wp:attachment":[{"href":"https:\/\/www.la-academia-tango.net\/cms\/wp-json\/wp\/v2\/media?parent=2017"}],"curies":[{"name":"wp","href":"https:\/\/api.w.org\/{rel}","templated":true}]}}