{"id":9659,"date":"2025-12-19T19:47:14","date_gmt":"2025-12-19T18:47:14","guid":{"rendered":"https:\/\/www.la-academia-tango.net\/cms\/?page_id=9659"},"modified":"2026-03-10T11:21:12","modified_gmt":"2026-03-10T10:21:12","slug":"xxx","status":"publish","type":"page","link":"http:\/\/www.la-academia-tango.net\/cms\/xxx\/","title":{"rendered":"Praktika &#038; Schnupperstunde"},"content":{"rendered":"<p>&nbsp;<\/p>\n<p>&nbsp;<\/p>\n<p style=\"text-align: center;\"><span style=\"font-size: 14pt;\"><strong><span style=\"color: #ff0000;\"><a style=\"color: #ff0000;\" href=\"https:\/\/www.la-academia-tango.net\/cms\/einsteiger\/\"><span style=\"font-size: 24px;\">\u00bb Schnupperstunde Tango argentino &amp; Praktika<\/span><\/a><br \/>\n<\/span><\/strong><\/span><\/p>\n<p style=\"text-align: center;\"><span style=\"font-size: 18px;\"><strong>Donnerstag, 19. M\u00e4rz<\/strong><\/span><\/p>\n<p style=\"text-align: center;\"><span style=\"font-size: 18px;\">18.30 &#8211; 19.30 Uhr Schnupperstunde Grundlagen lernen<br \/>\n19.30 &#8211; 21 Uhr Praktika &amp; Tanzen &amp; Ausprobieren<\/span><\/p>\n<p style=\"text-align: center;\"><span style=\"font-size: 14pt; color: #ffffff;\">|<\/span><\/p>\n<p style=\"text-align: center;\"><span style=\"font-size: 18px;\">In der Schnupperstunde k\u00f6nnt ihr mit uns in die Welt des argentinischen Tangos eintauchen<\/span><br \/>\n<span style=\"font-size: 18px;\">Ihr lernt die Grundlagen von Bewegung und Musik kennen und wir wollen euch f\u00fcr diesen sch\u00f6nen Tanz begeistern!<\/span><br \/>\n<span style=\"font-size: 18px;\">Jeder ist willkommen. Es sind keine Vorkenntnisse notwendig. Sichert euch rechtzeitig einen Platz.<\/span><br \/>\n<span style=\"font-size: 18px;\">Wenn ihr euch alleine anmeldet, ist Offenheit f\u00fcr beide Rollen notwendig. Wenn man gleich beide Rollen lernt und sich beim F\u00fchren und Folgen abwechselt, habt ihr noch einen besseren Einblick in den Tanz und noch dazu doppelten Spa\u00df.<\/span><\/p>\n<p style=\"text-align: center;\"><span style=\"font-size: 18px;\">Anschlie\u00dfend\u00a0 kann ge\u00fcbt, getanzt und ausprobiert werden. Ihr k\u00f6nnt euer eigenes Programm \u00fcben und Hilfe bekommen, wenn es hakt.<\/span><\/p>\n<p style=\"text-align: center;\"><span style=\"font-size: 18px;\">Wir freuen uns auf Euch!<\/span><\/p>\n<p>&nbsp;<\/p>\n<p style=\"text-align: center;\"><strong><span style=\"font-size: 18px;\">Kosten pro Person<\/span><\/strong><br \/>\n<span style=\"font-size: 18px;\">10\u20ac pro Person f\u00fcr Schnuppern + Tanzen<br \/>\n<\/span><span style=\"font-size: 18px;\">7\u20ac nur zur Praktika &amp; Tanzen ab 19.30 Uhr\u00a0<\/span><\/p>\n<p style=\"text-align: center;\"><span style=\"font-size: 18px;\">mit vorheriger Anmeldung\u00a0<\/span><\/p>\n<p>&nbsp;<\/p>\n<p style=\"text-align: center;\">Mobil \/ WhathsApp: <span style=\"color: #ff0000;\">0172 \/ 363 57 42<\/span><br \/>\n<a href=\"http:\/\/www.la-academia-tango.net\/cms\/kontakt-per-mail\/\"><span style=\"color: #333333;\">Kontaktformular\u00a0<span style=\"color: #ff0000;\"> \u00bb zum Kontaktformular<\/span><\/span><span style=\"color: #0000ff;\"><br \/>\n<\/span><\/a><span style=\"color: #333333;\">per Mail an: \u00a0 <span style=\"color: #ff0000;\">\u00a0info [at] la-academia-tango-dresden.de<\/span><\/span><\/p>\n<p>&nbsp;<\/p>\n<p>&nbsp;<\/p>\n<p>&nbsp;<\/p>\n<pre style=\"text-align: center;\"><span style=\"font-size: 20px; color: #ff0000;\"><a style=\"color: #ff0000;\" href=\"https:\/\/www.la-academia-tango.net\/cms\/kurs-workshop-anmeldung\/\" target=\"_blank\" rel=\"noopener\">\u00bb zur Anmeldung<\/a><\/span><\/pre>\n<p>&nbsp;<\/p>\n<p>&nbsp;<\/p>\n<p>&nbsp;<\/p>\n<p>&nbsp;<\/p>\n<p>&nbsp;<\/p>\n<p><img loading=\"lazy\" decoding=\"async\" class=\"aligncenter size-large wp-image-9663\" src=\"https:\/\/www.la-academia-tango.net\/cms\/wp-content\/uploads\/Schnupperstunde-2-1-1024x483.jpg\" alt=\"\" width=\"1024\" height=\"483\" srcset=\"https:\/\/www.la-academia-tango.net\/cms\/wp-content\/uploads\/Schnupperstunde-2-1-1024x483.jpg 1024w, https:\/\/www.la-academia-tango.net\/cms\/wp-content\/uploads\/Schnupperstunde-2-1-300x141.jpg 300w, https:\/\/www.la-academia-tango.net\/cms\/wp-content\/uploads\/Schnupperstunde-2-1-768x362.jpg 768w, https:\/\/www.la-academia-tango.net\/cms\/wp-content\/uploads\/Schnupperstunde-2-1-1536x724.jpg 1536w, https:\/\/www.la-academia-tango.net\/cms\/wp-content\/uploads\/Schnupperstunde-2-1-370x174.jpg 370w, https:\/\/www.la-academia-tango.net\/cms\/wp-content\/uploads\/Schnupperstunde-2-1-1040x490.jpg 1040w, https:\/\/www.la-academia-tango.net\/cms\/wp-content\/uploads\/Schnupperstunde-2-1.jpg 2000w\" sizes=\"auto, (max-width: 1024px) 100vw, 1024px\" \/><\/p>\n<p>&nbsp;<\/p>\n<p><span style=\"font-size: 6px; color: #999999;\">https:\/\/tinyurl.com\/2b8a8lsh<\/span><\/p>\n<p style=\"text-align: center;\"><span style=\"color: #ffffff;\">.<\/span><\/p>\n<pre style=\"text-align: center;\"><a style=\"color: #ff0000;\" href=\"http:\/\/www.la-academia-tango.net\/cms\/newsletter-anmeldung\/\" target=\"_blank\" rel=\"noopener noreferrer\">\u00bb Newsletter abonnieren<\/a><\/pre>\n<pre style=\"text-align: center;\"><span style=\"color: #ff0000;\"><a style=\"color: #ff0000;\" href=\"https:\/\/www.la-academia-tango.net\/cms\/keinen-newsletter-mehr\/\" target=\"_blank\" rel=\"noopener noreferrer\">\u00bb Newsletter abbestellen - antworte auf die Mail und schreibe \"ich m\u00f6chte keine Infos mehr\" oder klicke hier<\/a>\r\n<\/span><\/pre>\n<p>&nbsp;<\/p>\n","protected":false},"excerpt":{"rendered":"<p>&nbsp; &nbsp; \u00bb Schnupperstunde Tango argentino &amp; Praktika Donnerstag, 19. M\u00e4rz 18.30 &#8211; 19.30 Uhr Schnupperstunde Grundlagen lernen 19.30 &#8211; 21 Uhr Praktika &amp; Tanzen &amp; Ausprobieren | In der Schnupperstunde k\u00f6nnt ihr mit uns[&#8230;]<\/p>\n","protected":false},"author":2,"featured_media":0,"parent":0,"menu_order":0,"comment_status":"closed","ping_status":"closed","template":"","meta":{"footnotes":""},"class_list":["post-9659","page","type-page","status-publish","hentry"],"_links":{"self":[{"href":"http:\/\/www.la-academia-tango.net\/cms\/wp-json\/wp\/v2\/pages\/9659","targetHints":{"allow":["GET"]}}],"collection":[{"href":"http:\/\/www.la-academia-tango.net\/cms\/wp-json\/wp\/v2\/pages"}],"about":[{"href":"http:\/\/www.la-academia-tango.net\/cms\/wp-json\/wp\/v2\/types\/page"}],"author":[{"embeddable":true,"href":"http:\/\/www.la-academia-tango.net\/cms\/wp-json\/wp\/v2\/users\/2"}],"replies":[{"embeddable":true,"href":"http:\/\/www.la-academia-tango.net\/cms\/wp-json\/wp\/v2\/comments?post=9659"}],"version-history":[{"count":7,"href":"http:\/\/www.la-academia-tango.net\/cms\/wp-json\/wp\/v2\/pages\/9659\/revisions"}],"predecessor-version":[{"id":9879,"href":"http:\/\/www.la-academia-tango.net\/cms\/wp-json\/wp\/v2\/pages\/9659\/revisions\/9879"}],"wp:attachment":[{"href":"http:\/\/www.la-academia-tango.net\/cms\/wp-json\/wp\/v2\/media?parent=9659"}],"curies":[{"name":"wp","href":"https:\/\/api.w.org\/{rel}","templated":true}]}}