{"id":10168,"date":"2026-08-29T16:37:58","date_gmt":"2026-08-29T15:37:58","guid":{"rendered":"https:\/\/www.la-academia-tango.net\/cms\/?page_id=10168"},"modified":"2026-08-29T21:26:22","modified_gmt":"2026-08-29T20:26:22","slug":"party","status":"publish","type":"page","link":"http:\/\/www.la-academia-tango.net\/cms\/party\/","title":{"rendered":"Live-Milonga  20 Jahre La academia"},"content":{"rendered":"<p style=\"text-align: center;\"><span style=\"font-size: 26px;\"><a href=\"https:\/\/www.la-academia-tango.net\/cms\/live-mit-gervasio-manuel-ledesma\/\" target=\"_blank\" rel=\"noopener\"><strong><span style=\"color: #ff0000;\"><span style=\"caret-color: #000000;\">\u00bb <\/span><\/span><\/strong><strong><span style=\"color: #ff0000;\"><span style=\"caret-color: #000000;\">Live-Milonga 20 Jahre La academia<\/span><\/span><\/strong><\/a><\/span><\/p>\n<p style=\"text-align: center;\"><span style=\"font-size: 14pt; color: #ff0000;\"><strong>Samstag, 7. November\u00a0 19.00 Uhr<br \/>\n<\/strong><\/span><span style=\"font-size: 14pt;\"><strong>Gervasio Manuel Ledesma live zur Milonga <\/strong><\/span><\/p>\n<p style=\"text-align: center;\"><span style=\"font-size: 14pt;\"><strong><span style=\"font-size: 14pt; color: #ff0000;\">Sonntag, 8. November ab 11.00 Uhr<br \/>\n<\/span><\/strong><\/span><span style=\"font-size: 14pt; color: #333333;\"><strong><span style=\"font-size: 14pt;\">Tango-Brunch<\/span><\/strong><\/span><\/p>\n<p style=\"text-align: center;\">Wir freuen uns an beiden Tagen \u00fcber eure Leckereien f\u00fcr das Mitbring-Buffet<br \/>\ns\u00fc\u00df &#8211; herzhaft &#8211; s\u00fc\u00dfsauer<\/p>\n<p style=\"text-align: center;\"><span style=\"font-size: 14pt;\"><strong><span style=\"font-size: 14pt; color: #ff0000;\"><span class=\"emoji x1rg5ohu xxymvpz x19la9d6 x1fc57z9 x6ikm8r x10wlt62 x19co3pv x11tp94h xw4jnvo x1qx5ct2 xfibh0p xiy17q3 x1xsqp64 x1lkfr7t xexx8yu xyri2b x18d9i69 x1c1uobl\"><span class=\"xy9tlov x1bhl96m\">&#x1f60d; <\/span><\/span>Feiert mit uns <span class=\"emoji x1rg5ohu xxymvpz x19la9d6 x1fc57z9 x6ikm8r x10wlt62 x19co3pv x11tp94h xw4jnvo x1qx5ct2 xfibh0p xiy17q3 x1xsqp64 x1lkfr7t xexx8yu xyri2b x18d9i69 x1c1uobl\"><span class=\"xy9tlov x1bhl96m\">&#x1f60d;<\/span><\/span><\/span><\/strong><\/span><\/p>\n<p>&nbsp;<\/p>\n<p>&nbsp;<\/p>\n<p>&nbsp;<\/p>\n<p style=\"text-align: left;\"><span style=\"color: #ffffff;\">.<\/span><\/p>\n<p style=\"text-align: left;\"><span style=\"color: #ffffff;\">.<\/span><\/p>\n<p style=\"text-align: center;\"><strong>Gervasio Manuel Ledesma<\/strong> ist vielen bekannt als <strong>Gr\u00fcndungsmitglied des Sexteto Milonguero<\/strong>.<br \/>\nEs ist schon eine Weile her als er bei uns gespielt hat &#8211; wer sich erinnert, ist es unglaublich wie ein einziger Musiker spielt, als w\u00e4re ein ganzes Orchester auf der B\u00fchne.<\/p>\n<p style=\"text-align: center;\">\u00a0 Mit ausgew\u00e4hlten Tagos, Milongas und argentinischer Folklore entf\u00fchrt er uns in die facettenreiche Klangwelt seiner Heimat und besticht durch Klarheit, Virtuosit\u00e4t und sensible Arrangements.<br \/>\nTangoklassiker wie \u201eNunca tuvo novio\u201c, \u201eRecuerdo\u201c oder \u201eGar\u00faa\u201c interpretiert er ebenso kontrastreich wie die Milongas \u201eTaquito Militar\u201c, \u201eLa Punalada\u201c und \u201eCampo afrera\u201c, deren rhythmisch-perkussivem Anschlag man sich kaum zu entziehen vermag.<br \/>\nDabei bleibt er den \u00fcberaus <strong>tanzbaren Arragements<\/strong> treu, ohne jemals plakativ zu werden. Eine Hommage an die Musik des Rio de la Plata &#8211; zum H\u00f6ren und nat\u00fcrlich garantiert\u00a0 <strong>zum Tanzen!<\/strong><\/p>\n<p style=\"text-align: left;\"><span style=\"color: #ffffff;\">.<\/span><\/p>\n<p>&nbsp;<\/p>\n<p><img loading=\"lazy\" decoding=\"async\" class=\"aligncenter size-full wp-image-10184\" src=\"https:\/\/www.la-academia-tango.net\/cms\/wp-content\/uploads\/Flyer-20-Jahre-La-academia-Geburtstagsparty.png\" alt=\"\" width=\"1493\" height=\"1054\" srcset=\"https:\/\/www.la-academia-tango.net\/cms\/wp-content\/uploads\/Flyer-20-Jahre-La-academia-Geburtstagsparty.png 1493w, https:\/\/www.la-academia-tango.net\/cms\/wp-content\/uploads\/Flyer-20-Jahre-La-academia-Geburtstagsparty-300x212.png 300w, https:\/\/www.la-academia-tango.net\/cms\/wp-content\/uploads\/Flyer-20-Jahre-La-academia-Geburtstagsparty-1024x723.png 1024w, https:\/\/www.la-academia-tango.net\/cms\/wp-content\/uploads\/Flyer-20-Jahre-La-academia-Geburtstagsparty-768x542.png 768w, https:\/\/www.la-academia-tango.net\/cms\/wp-content\/uploads\/Flyer-20-Jahre-La-academia-Geburtstagsparty-370x261.png 370w, https:\/\/www.la-academia-tango.net\/cms\/wp-content\/uploads\/Flyer-20-Jahre-La-academia-Geburtstagsparty-1040x734.png 1040w\" sizes=\"auto, (max-width: 1493px) 100vw, 1493px\" \/><\/p>\n<p>&nbsp;<\/p>\n<p>&nbsp;<\/p>\n<p>&nbsp;<\/p>\n<p style=\"text-align: center;\"><span style=\"color: #ffffff;\">.<\/span><\/p>\n<pre style=\"text-align: center;\"><a style=\"color: #ff0000;\" href=\"http:\/\/www.la-academia-tango.net\/cms\/newsletter-anmeldung\/\" target=\"_blank\" rel=\"noopener noreferrer\">\u00bb Newsletter abonnieren<\/a><\/pre>\n<pre style=\"text-align: center;\"><span style=\"color: #ff0000;\"><a style=\"color: #ff0000;\" href=\"https:\/\/www.la-academia-tango.net\/cms\/keinen-newsletter-mehr\/\" target=\"_blank\" rel=\"noopener noreferrer\">\u00bb Newsletter abbestellen - antworte auf die Mail und schreibe \"ich m\u00f6chte keine Infos mehr\" oder klicke hier<\/a>\r\n<\/span><\/pre>\n<p>&nbsp;<\/p>\n","protected":false},"excerpt":{"rendered":"<p>\u00bb Live-Milonga 20 Jahre La academia Samstag, 7. November\u00a0 19.00 Uhr Gervasio Manuel Ledesma live zur Milonga Sonntag, 8. November ab 11.00 Uhr Tango-Brunch Wir freuen uns an beiden Tagen \u00fcber eure Leckereien f\u00fcr das[&#8230;]<\/p>\n","protected":false},"author":2,"featured_media":0,"parent":0,"menu_order":0,"comment_status":"closed","ping_status":"closed","template":"","meta":{"footnotes":""},"class_list":["post-10168","page","type-page","status-publish","hentry"],"_links":{"self":[{"href":"http:\/\/www.la-academia-tango.net\/cms\/wp-json\/wp\/v2\/pages\/10168","targetHints":{"allow":["GET"]}}],"collection":[{"href":"http:\/\/www.la-academia-tango.net\/cms\/wp-json\/wp\/v2\/pages"}],"about":[{"href":"http:\/\/www.la-academia-tango.net\/cms\/wp-json\/wp\/v2\/types\/page"}],"author":[{"embeddable":true,"href":"http:\/\/www.la-academia-tango.net\/cms\/wp-json\/wp\/v2\/users\/2"}],"replies":[{"embeddable":true,"href":"http:\/\/www.la-academia-tango.net\/cms\/wp-json\/wp\/v2\/comments?post=10168"}],"version-history":[{"count":7,"href":"http:\/\/www.la-academia-tango.net\/cms\/wp-json\/wp\/v2\/pages\/10168\/revisions"}],"predecessor-version":[{"id":10185,"href":"http:\/\/www.la-academia-tango.net\/cms\/wp-json\/wp\/v2\/pages\/10168\/revisions\/10185"}],"wp:attachment":[{"href":"http:\/\/www.la-academia-tango.net\/cms\/wp-json\/wp\/v2\/media?parent=10168"}],"curies":[{"name":"wp","href":"https:\/\/api.w.org\/{rel}","templated":true}]}}

<p style="text-align: center;"><span style="font-size: 26px;"><a href="https://www.la-academia-tango.net/cms/live-mit-gervasio-manuel-ledesma/" target="_blank" rel="noopener"><strong><span style="color: #ff0000;"><span style="caret-color: #000000;">» </span></span></strong><strong><span style="color: #ff0000;"><span style="caret-color: #000000;">Live-Milonga 20 Jahre La academia</span></span></strong></a></span></p>
<p style="text-align: center;"><span style="font-size: 14pt; color: #ff0000;"><strong>Samstag, 7. November  19.00 Uhr<br />
</strong></span><span style="font-size: 14pt;"><strong>Gervasio Manuel Ledesma live zur Milonga </strong></span></p>
<p style="text-align: center;"><span style="font-size: 14pt;"><strong><span style="font-size: 14pt; color: #ff0000;">Sonntag, 8. November ab 11.00 Uhr<br />
</span></strong></span><span style="font-size: 14pt; color: #333333;"><strong><span style="font-size: 14pt;">Tango-Brunch</span></strong></span></p>
<p style="text-align: center;">Wir freuen uns an beiden Tagen über eure Leckereien für das Mitbring-Buffet<br />
süß &#8211; herzhaft &#8211; süßsauer</p>
<p style="text-align: center;"><span style="font-size: 14pt;"><strong><span style="font-size: 14pt; color: #ff0000;"><span class="emoji x1rg5ohu xxymvpz x19la9d6 x1fc57z9 x6ikm8r x10wlt62 x19co3pv x11tp94h xw4jnvo x1qx5ct2 xfibh0p xiy17q3 x1xsqp64 x1lkfr7t xexx8yu xyri2b x18d9i69 x1c1uobl"><span class="xy9tlov x1bhl96m">&#x1f60d; </span></span>Feiert mit uns <span class="emoji x1rg5ohu xxymvpz x19la9d6 x1fc57z9 x6ikm8r x10wlt62 x19co3pv x11tp94h xw4jnvo x1qx5ct2 xfibh0p xiy17q3 x1xsqp64 x1lkfr7t xexx8yu xyri2b x18d9i69 x1c1uobl"><span class="xy9tlov x1bhl96m">&#x1f60d;</span></span></span></strong></span></p>
<p>&nbsp;</p>
<p>&nbsp;</p>
<p>&nbsp;</p>
<p style="text-align: left;"><span style="color: #ffffff;">.</span></p>
<p style="text-align: left;"><span style="color: #ffffff;">.</span></p>
<p style="text-align: center;"><strong>Gervasio Manuel Ledesma</strong> ist vielen bekannt als <strong>Gründungsmitglied des Sexteto Milonguero</strong>.<br />
Es ist schon eine Weile her als er bei uns gespielt hat &#8211; wer sich erinnert, ist es unglaublich wie ein einziger Musiker spielt, als wäre ein ganzes Orchester auf der Bühne.</p>
<p style="text-align: center;">  Mit ausgewählten Tagos, Milongas und argentinischer Folklore entführt er uns in die facettenreiche Klangwelt seiner Heimat und besticht durch Klarheit, Virtuosität und sensible Arrangements.<br />
Tangoklassiker wie „Nunca tuvo novio“, „Recuerdo“ oder „Garúa“ interpretiert er ebenso kontrastreich wie die Milongas „Taquito Militar“, „La Punalada“ und „Campo afrera“, deren rhythmisch-perkussivem Anschlag man sich kaum zu entziehen vermag.<br />
Dabei bleibt er den überaus <strong>tanzbaren Arragements</strong> treu, ohne jemals plakativ zu werden. Eine Hommage an die Musik des Rio de la Plata &#8211; zum Hören und natürlich garantiert  <strong>zum Tanzen!</strong></p>
<p style="text-align: left;"><span style="color: #ffffff;">.</span></p>
<p>&nbsp;</p>
<p><img loading="lazy" decoding="async" class="aligncenter size-full wp-image-10184" src="https://www.la-academia-tango.net/cms/wp-content/uploads/Flyer-20-Jahre-La-academia-Geburtstagsparty.png" alt="" width="1493" height="1054" srcset="https://www.la-academia-tango.net/cms/wp-content/uploads/Flyer-20-Jahre-La-academia-Geburtstagsparty.png 1493w, https://www.la-academia-tango.net/cms/wp-content/uploads/Flyer-20-Jahre-La-academia-Geburtstagsparty-300x212.png 300w, https://www.la-academia-tango.net/cms/wp-content/uploads/Flyer-20-Jahre-La-academia-Geburtstagsparty-1024x723.png 1024w, https://www.la-academia-tango.net/cms/wp-content/uploads/Flyer-20-Jahre-La-academia-Geburtstagsparty-768x542.png 768w, https://www.la-academia-tango.net/cms/wp-content/uploads/Flyer-20-Jahre-La-academia-Geburtstagsparty-370x261.png 370w, https://www.la-academia-tango.net/cms/wp-content/uploads/Flyer-20-Jahre-La-academia-Geburtstagsparty-1040x734.png 1040w" sizes="auto, (max-width: 1493px) 100vw, 1493px" /></p>
<p>&nbsp;</p>
<p>&nbsp;</p>
<p>&nbsp;</p>
<p style="text-align: center;"><span style="color: #ffffff;">.</span></p>
<pre style="text-align: center;"><a style="color: #ff0000;" href="http://www.la-academia-tango.net/cms/newsletter-anmeldung/" target="_blank" rel="noopener noreferrer">» Newsletter abonnieren</a></pre>
<pre style="text-align: center;"><span style="color: #ff0000;"><a style="color: #ff0000;" href="https://www.la-academia-tango.net/cms/keinen-newsletter-mehr/" target="_blank" rel="noopener noreferrer">» Newsletter abbestellen - antworte auf die Mail und schreibe "ich möchte keine Infos mehr" oder klicke hier</a>
</span></pre>
<p>&nbsp;</p>

<p>» Live-Milonga 20 Jahre La academia Samstag, 7. November  19.00 Uhr Gervasio Manuel Ledesma live zur Milonga Sonntag, 8. November ab 11.00 Uhr Tango-Brunch Wir freuen uns an beiden Tagen über eure Leckereien für das[&#8230;]</p>
